INSERT INTO `b_landing_manifest` (`ID`, `CODE`, `MANIFEST`, `CONTENT`, `CREATED_BY_ID`, `MODIFIED_BY_ID`, `DATE_CREATE`, `DATE_MODIFY`) VALUES
(224, '19.4.features_with_img_left', 'a:4:{s:5:\"block\";a:3:{s:4:\"name\";s:92:\"Текст с пунктами на цветном фоне и картинкой слева\";s:7:\"section\";a:2:{i:0;s:5:\"about\";i:1;s:10:\"text_image\";}s:7:\"preview\";s:81:\"//repo.bitrix24.site/bitrix/blocks/bitrix/19.4.features_with_img_left/preview.jpg\";}s:5:\"cards\";a:1:{s:24:\".landing-block-node-card\";a:2:{s:4:\"name\";s:10:\"Пункт\";s:5:\"label\";a:1:{i:0;s:30:\".landing-block-node-card-title\";}}}s:5:\"nodes\";a:6:{s:23:\".landing-block-node-img\";a:3:{s:4:\"name\";s:16:\"Картинка\";s:4:\"type\";s:3:\"img\";s:10:\"dimensions\";a:1:{s:5:\"width\";i:445;}}s:28:\".landing-block-node-subtitle\";a:2:{s:4:\"name\";s:24:\"Подзаголовок\";s:4:\"type\";s:4:\"text\";}s:25:\".landing-block-node-title\";a:2:{s:4:\"name\";s:18:\"Заголовок\";s:4:\"type\";s:4:\"text\";}s:24:\".landing-block-node-text\";a:2:{s:4:\"name\";s:10:\"Текст\";s:4:\"type\";s:4:\"text\";}s:30:\".landing-block-node-card-title\";a:2:{s:4:\"name\";s:18:\"Заголовок\";s:4:\"type\";s:4:\"text\";}s:29:\".landing-block-node-card-text\";a:2:{s:4:\"name\";s:10:\"Текст\";s:4:\"type\";s:4:\"text\";}}s:5:\"style\";a:8:{s:28:\".landing-block-node-subtitle\";a:2:{s:4:\"name\";s:24:\"Подзаголовок\";s:4:\"type\";s:4:\"typo\";}s:25:\".landing-block-node-title\";a:2:{s:4:\"name\";s:18:\"Заголовок\";s:4:\"type\";s:4:\"typo\";}s:24:\".landing-block-node-text\";a:2:{s:4:\"name\";s:10:\"Текст\";s:4:\"type\";s:4:\"typo\";}s:24:\".landing-block-node-card\";a:2:{s:4:\"name\";s:10:\"Пункт\";s:4:\"type\";s:3:\"box\";}s:23:\".landing-block-node-img\";a:2:{s:4:\"name\";s:16:\"Картинка\";s:4:\"type\";s:9:\"animation\";}s:30:\".landing-block-node-card-title\";a:2:{s:4:\"name\";s:18:\"Заголовок\";s:4:\"type\";s:4:\"typo\";}s:29:\".landing-block-node-card-text\";a:2:{s:4:\"name\";s:10:\"Текст\";s:4:\"type\";s:4:\"typo\";}s:33:\".landing-block-node-img-container\";a:2:{s:4:\"name\";s:16:\"Картинка\";s:4:\"type\";a:1:{i:0;s:10:\"align-self\";}}}}', '<section class=\"g-pt-90 g-pb-30\">\r\n	<div class=\"container\">\r\n		<div class=\"row\">\r\n			<div class=\"landing-block-node-img-container col-lg-5 text-center g-overflow-hidden align-self-end\">\r\n				<img class=\"landing-block-node-img js-animation slideInUp img-fluid\" src=\"https://cdn.bitrix24.site/bitrix/images/landing/business/mockups/mockup3.png\"\r\n					 alt=\"\">\r\n			</div>\r\n\r\n			<div class=\"col-lg-7 d-flex\">\r\n				<div>\r\n					<div class=\"text-uppercase g-line-height-1_3 g-mb-20\">\r\n						<h4 class=\"landing-block-node-subtitle g-font-weight-700 g-font-size-11 g-mb-15\">\r\n							<span class=\"g-color-primary\">06.</span> Why our app</h4>\r\n						<h2 class=\"landing-block-node-title g-line-height-1_3 g-font-size-36 mb-0\">\r\n							Only <span style=\"font-weight: bold;\">just try</span>\r\n						</h2>\r\n					</div>\r\n\r\n					<div class=\"landing-block-node-text g-mb-65\">\r\n						<p>Praesent blandit hendrerit justo sed egestas. Proin tincidunt purus in tortor cursus\r\n							fermentum. Proin laoreet erat vitae dui blandit, vitae faucibus lacus auctor. Proin ornare\r\n							sit amet\r\n							arcu at aliquam.</p>\r\n					</div>\r\n\r\n					<div class=\"u-accordion\" aria-multiselectable=\"true\">\r\n						<!-- Card -->\r\n						<div class=\"landing-block-node-card card rounded-0 g-bg-primary g-color-white g-brd-none\">\r\n							<div class=\"u-accordion__header g-pa-20\">\r\n								<h5 class=\"landing-block-node-card-title mb-0 text-uppercase g-font-size-default g-font-weight-700 g-color-white\">\r\n									Awesome features\r\n								</h5>\r\n							</div>\r\n\r\n							<div>\r\n								<div class=\"landing-block-node-card-text u-accordion__body g-font-size-default g-pa-0-20-20\">\r\n									Anim pariatur cliche\r\n									reprehenderit, enim eiusmod high life accusamus terry richardson ad squid. 3 wolf\r\n									moon\r\n									officia aute, non cupidatat skateboard dolor brunch. Food truck quinoa nesciunt\r\n									laborum\r\n									eiusmod.\r\n								</div>\r\n							</div>\r\n						</div>\r\n						<!-- End Card -->\r\n\r\n						<!-- Card -->\r\n						<div class=\"landing-block-node-card card rounded-0 g-bg-primary-dark-v2 g-color-white g-brd-none\">\r\n							<div class=\"u-accordion__header g-pa-20\">\r\n								<h5 class=\"landing-block-node-card-title mb-0 text-uppercase g-font-size-default g-font-weight-700 g-color-white\">\r\n									Modern and creative design\r\n								</h5>\r\n							</div>\r\n\r\n							<div>\r\n								<div class=\"landing-block-node-card-text u-accordion__body g-font-size-default g-pa-0-20-20\">\r\n									Anim pariatur cliche\r\n									reprehenderit, enim eiusmod high life accusamus terry richardson ad squid. 3 wolf\r\n									moon\r\n									officia aute, non cupidatat skateboard dolor brunch. Food truck quinoa nesciunt\r\n									laborum\r\n									eiusmod.\r\n								</div>\r\n							</div>\r\n						</div>\r\n						<!-- End Card -->\r\n\r\n						<!-- Card -->\r\n						<div class=\"landing-block-node-card card rounded-0 g-bg-primary g-color-white g-brd-none\">\r\n							<div class=\"u-accordion__header g-pa-20\">\r\n								<h5 class=\"landing-block-node-card-title mb-0 text-uppercase g-font-size-default g-font-weight-700 g-color-white\">\r\n									Regular updates\r\n								</h5>\r\n							</div>\r\n\r\n							<div>\r\n								<div class=\"landing-block-node-card-text u-accordion__body g-font-size-default g-pa-0-20-20\">\r\n									Anim pariatur cliche\r\n									reprehenderit, enim eiusmod high life accusamus terry richardson ad squid. 3 wolf\r\n									moon\r\n									officia aute, non cupidatat skateboard dolor brunch. Food truck quinoa nesciunt\r\n									laborum\r\n									eiusmod.\r\n								</div>\r\n							</div>\r\n						</div>\r\n						<!-- End Card -->\r\n\r\n						<!-- Card -->\r\n						<div class=\"landing-block-node-card card rounded-0 g-bg-primary-dark-v2 g-color-white g-brd-none\">\r\n							<div class=\"u-accordion__header g-pa-20\">\r\n								<h5 class=\"landing-block-node-card-title mb-0 text-uppercase g-font-size-default g-font-weight-700 g-color-white\">\r\n									24/7 professional support\r\n								</h5>\r\n							</div>\r\n\r\n							<div>\r\n								<div class=\"landing-block-node-card-text u-accordion__body g-font-size-default g-pa-0-20-20\">\r\n									Anim pariatur cliche\r\n									reprehenderit, enim eiusmod high life accusamus terry richardson ad squid. 3 wolf\r\n									moon\r\n									officia aute, non cupidatat skateboard dolor brunch. Food truck quinoa nesciunt\r\n									laborum\r\n									eiusmod.\r\n								</div>\r\n							</div>\r\n						</div>\r\n						<!-- End Card -->\r\n					</div>\r\n				</div>\r\n			</div>\r\n		</div>\r\n	</div>\r\n</section>', 1, 1, '2020-02-26 06:26:58', '2020-02-26 06:26:58'),
(225, '20.4.text_3cols_with_bottom_information', 'a:4:{s:5:\"block\";a:3:{s:4:\"name\";s:76:\"Колонки с картинками, текстом и аватаркой\";s:7:\"section\";a:3:{i:0;s:7:\"columns\";i:1;s:10:\"text_image\";i:2;s:4:\"news\";}s:7:\"preview\";s:93:\"//repo.bitrix24.site/bitrix/blocks/bitrix/20.4.text_3cols_with_bottom_information/preview.jpg\";}s:5:\"cards\";a:1:{s:19:\".landing-block-card\";a:2:{s:4:\"name\";s:14:\"Колонка\";s:5:\"label\";a:2:{i:0;s:23:\".landing-block-node-img\";i:1;s:25:\".landing-block-node-title\";}}}s:5:\"nodes\";a:6:{s:23:\".landing-block-node-img\";a:3:{s:4:\"name\";s:16:\"Картинка\";s:4:\"type\";s:3:\"img\";s:10:\"dimensions\";a:1:{s:5:\"width\";i:540;}}s:25:\".landing-block-node-title\";a:2:{s:4:\"name\";s:18:\"Заголовок\";s:4:\"type\";s:4:\"text\";}s:24:\".landing-block-node-text\";a:2:{s:4:\"name\";s:10:\"Текст\";s:4:\"type\";s:4:\"text\";}s:24:\".landing-block-node-date\";a:2:{s:4:\"name\";s:8:\"Дата\";s:4:\"type\";s:4:\"text\";}s:26:\".landing-block-node-author\";a:2:{s:4:\"name\";s:10:\"Автор\";s:4:\"type\";s:4:\"text\";}s:30:\".landing-block-node-author-img\";a:3:{s:4:\"name\";s:21:\"Фото автора\";s:4:\"type\";s:3:\"img\";s:10:\"dimensions\";a:2:{s:5:\"width\";i:40;s:6:\"height\";i:40;}}}s:5:\"style\";a:9:{s:19:\".landing-block-card\";a:2:{s:4:\"name\";s:14:\"Колонка\";s:4:\"type\";a:3:{i:0;s:7:\"columns\";i:1;s:9:\"animation\";i:2;s:13:\"margin-bottom\";}}s:25:\".landing-block-card-block\";a:2:{s:4:\"name\";s:27:\"Карточка блока\";s:4:\"type\";a:2:{i:0;s:16:\"background-color\";i:1;s:19:\"background-gradient\";}}s:20:\".landing-block-inner\";a:2:{s:4:\"name\";s:8:\"Блок\";s:4:\"type\";s:9:\"row-align\";}s:25:\".landing-block-node-title\";a:2:{s:4:\"name\";s:18:\"Заголовок\";s:4:\"type\";s:4:\"typo\";}s:24:\".landing-block-node-text\";a:2:{s:4:\"name\";s:10:\"Текст\";s:4:\"type\";s:4:\"typo\";}s:24:\".landing-block-node-date\";a:2:{s:4:\"name\";s:8:\"Дата\";s:4:\"type\";a:2:{i:0;s:16:\"background-color\";i:1;s:4:\"typo\";}}s:26:\".landing-block-node-author\";a:2:{s:4:\"name\";s:10:\"Автор\";s:4:\"type\";s:4:\"typo\";}s:27:\".landing-block-bottom-block\";a:2:{s:4:\"name\";s:34:\"Нижняя часть блока\";s:4:\"type\";a:1:{i:0;s:12:\"border-color\";}}s:30:\".landing-block-node-author-img\";a:2:{s:4:\"name\";s:21:\"Фото автора\";s:4:\"type\";s:13:\"border-radius\";}}}', '<section class=\"landing-block g-bg-gray-light-v5 g-pt-100 g-pb-100\">\r\n	<div class=\"container\">\r\n		<div class=\"landing-block-inner row\">\r\n			<div class=\"landing-block-card landing-block-node-block col-lg-4 js-animation fadeIn g-mb-30\">\r\n				<article class=\"g-bg-white\">\r\n					<figure class=\"g-pos-rel\">\r\n						<img class=\"landing-block-node-img img-fluid w-100\" src=\"https://cdn.bitrix24.site/bitrix/images/landing/business/1920x1280/img7.jpg\" alt=\"\">\r\n						<div class=\"landing-block-node-date g-pos-abs g-bottom-20 g-left-20 g-px-10 rounded-0 g-color-white g-bg-black\">July 08, 2017</div>\r\n					</figure>\r\n\r\n					<div class=\"landing-block-card-block\">\r\n						<div class=\"g-pa-30 g-pb-16\">\r\n							<h3 class=\"landing-block-node-title g-font-weight-300\">\r\n								<p>Focused on helping our clients to build a great business</p>\r\n							</h3>\r\n							<div class=\"landing-block-node-text g-pt-8\">\r\n								<p>At vero eos et accusamus et iusto odio dignissimos ducimus qui blanditiis praesentium voluptatum deleniti atque corrupti quos dolores.</p>\r\n							</div>\r\n						</div>\r\n\r\n						<div class=\"landing-block-bottom-block media g-font-size-12 g-brd-top g-brd-gray-light-v4 g-flex-centered\">\r\n							<img class=\"landing-block-node-author-img g-width-20 g-height-20 g-object-fit-cover d-flex mr-2 g-rounded-50x g-my-15 g-mr-10 g-ml-30\" src=\"https://cdn.bitrix24.site/bitrix/images/landing/business/100x100/img1.jpg\" alt=\"\">\r\n							<div class=\"landing-block-node-author media-body align-self-center g-mr-30 g-mt-13\">\r\n								<p>Kathy Reyes</p>\r\n							</div>\r\n						</div>\r\n					</div>\r\n				</article>\r\n			</div>\r\n\r\n			<div class=\"landing-block-card landing-block-node-block col-lg-4 js-animation fadeIn g-mb-30\">\r\n				<article class=\"g-bg-white\">\r\n					<figure class=\"g-pos-rel\">\r\n						<img class=\"landing-block-node-img img-fluid w-100\" src=\"https://cdn.bitrix24.site/bitrix/images/landing/business/1920x1280/img8.jpg\" alt=\"\">\r\n						<div class=\"landing-block-node-date g-pos-abs g-bottom-20 g-left-20 g-px-10 rounded-0 g-color-white g-bg-black\">June 15, 2017</div>\r\n					</figure>\r\n\r\n					<div class=\"landing-block-card-block\">\r\n						<div class=\"g-pa-30 g-pb-16\">\r\n							<h3 class=\"landing-block-node-title g-font-weight-300\">\r\n								<p>We build your website to realise your vision, project and more</p>\r\n							</h3>\r\n							<div class=\"landing-block-node-text g-pt-8\">\r\n								<p>At vero eos et accusamus et iusto odio dignissimos ducimus qui blanditiis praesentium voluptatum deleniti atque corrupti quos dolores.</p>\r\n							</div>\r\n						</div>\r\n\r\n						<div class=\"landing-block-bottom-block media g-font-size-12 g-brd-top g-brd-gray-light-v4 g-flex-centered\">\r\n							<img class=\"landing-block-node-author-img g-width-20 g-height-20 g-object-fit-cover d-flex mr-2 g-rounded-50x g-my-15 g-mr-10 g-ml-30\" src=\"https://cdn.bitrix24.site/bitrix/images/landing/business/100x100/img2.jpg\" alt=\"\">\r\n							<div class=\"landing-block-node-author media-body align-self-center g-mr-30 g-mt-13\">\r\n								<p>William Sh.</p>\r\n							</div>\r\n						</div>\r\n					</div>\r\n				</article>\r\n			</div>\r\n\r\n			<div class=\"landing-block-card landing-block-node-block col-lg-4 js-animation fadeIn g-mb-30\">\r\n				<article class=\"g-bg-white\">\r\n					<figure class=\"g-pos-rel\">\r\n						<img class=\"landing-block-node-img img-fluid w-100\" src=\"https://cdn.bitrix24.site/bitrix/images/landing/business/1920x1280/img9.jpg\" alt=\"\">\r\n						<div class=\"landing-block-node-date g-pos-abs g-bottom-20 g-left-20 g-px-10 rounded-0 g-color-white g-bg-black\">May 26, 2017</div>\r\n					</figure>\r\n\r\n					<div class=\"landing-block-card-block\">\r\n						<div class=\"g-pa-30 g-pb-16\">\r\n							<h3 class=\"landing-block-node-title g-font-weight-300\">\r\n								<p>Praesentium to website realise imperdiet demore elementum</p>\r\n							</h3>\r\n							<div class=\"landing-block-node-text g-pt-8\">\r\n								<p>Nullam elementum tincidunt massa, a pulvinar leo ultricies ut. Ut fringilla lectus tellusimp imperdiet molestie est volutpat at. Sed viverra cursus nibh.</p>\r\n							</div>\r\n						</div>\r\n\r\n						<div class=\"landing-block-bottom-block media g-font-size-12 g-brd-top g-brd-gray-light-v4 g-flex-centered\">\r\n							<img class=\"landing-block-node-author-img g-width-20 g-height-20 g-object-fit-cover d-flex mr-2 g-rounded-50x g-width-20 g-height-20 g-my-15 g-mr-10 g-ml-30\" src=\"https://cdn.bitrix24.site/bitrix/images/landing/business/100x100/img3.jpg\" alt=\"\">\r\n							<div class=\"landing-block-node-author media-body align-self-center g-mr-30 g-mt-13\">\r\n								<p>James Doe</p>\r\n							</div>\r\n						</div>\r\n					</div>\r\n				</article>\r\n			</div>\r\n		</div>\r\n	</div>\r\n</section>', 1, 1, '2020-02-26 06:26:58', '2020-02-26 06:26:58'),
(226, '41.2.2.text_blocks_slider_on_color_bg_without_btn', 'a:5:{s:5:\"block\";a:3:{s:4:\"name\";s:111:\"Перелистываемые карточки с текстом справа и картинкой слева\";s:7:\"section\";a:1:{i:0;s:10:\"text_image\";}s:7:\"preview\";s:103:\"//repo.bitrix24.site/bitrix/blocks/bitrix/41.2.2.text_blocks_slider_on_color_bg_without_btn/preview.jpg\";}s:5:\"cards\";a:1:{s:24:\".landing-block-node-card\";a:2:{s:4:\"name\";s:8:\"Блок\";s:5:\"label\";a:2:{i:0;s:30:\".landing-block-node-card-photo\";i:1;s:30:\".landing-block-node-card-title\";}}}s:5:\"nodes\";a:5:{s:33:\".landing-block-node-card-subtitle\";a:2:{s:4:\"name\";s:24:\"Подзаголовок\";s:4:\"type\";s:4:\"text\";}s:30:\".landing-block-node-card-title\";a:2:{s:4:\"name\";s:18:\"Заголовок\";s:4:\"type\";s:4:\"text\";}s:29:\".landing-block-node-card-text\";a:2:{s:4:\"name\";s:10:\"Текст\";s:4:\"type\";s:4:\"text\";}s:30:\".landing-block-node-card-price\";a:2:{s:4:\"name\";s:8:\"Цена\";s:4:\"type\";s:4:\"text\";}s:30:\".landing-block-node-card-photo\";a:3:{s:4:\"name\";s:20:\"Фотография\";s:4:\"type\";s:3:\"img\";s:10:\"dimensions\";a:2:{s:5:\"width\";i:540;s:6:\"height\";i:810;}}}s:5:\"style\";a:6:{s:33:\".landing-block-node-card-subtitle\";a:2:{s:4:\"name\";s:24:\"Подзаголовок\";s:4:\"type\";s:4:\"typo\";}s:30:\".landing-block-node-card-title\";a:2:{s:4:\"name\";s:18:\"Заголовок\";s:4:\"type\";a:3:{i:0;s:4:\"typo\";i:1;s:23:\"background-color-before\";i:2;s:9:\"animation\";}}s:29:\".landing-block-node-card-text\";a:2:{s:4:\"name\";s:10:\"Текст\";s:4:\"type\";a:2:{i:0;s:4:\"typo\";i:1;s:9:\"animation\";}}s:30:\".landing-block-node-card-price\";a:2:{s:4:\"name\";s:8:\"Цена\";s:4:\"type\";s:4:\"typo\";}s:34:\".landing-block-node-card-container\";a:2:{s:4:\"name\";s:20:\"Фотография\";s:4:\"type\";a:1:{i:0;s:11:\"align-items\";}}s:24:\".landing-block-node-card\";a:2:{s:4:\"name\";s:8:\"Блок\";s:4:\"type\";s:10:\"align-self\";}}s:6:\"assets\";a:1:{s:3:\"ext\";a:1:{i:0;s:16:\"landing_carousel\";}}}', '<section class=\"g-bg-primary g-pt-100 g-pb-100\">\r\n	<div class=\"container\">\r\n		<section class=\"js-carousel\"\r\n				 data-pagi-classes=\"u-carousel-indicators-v1--white-inverse g-absolute-centered--x g-bottom-30\">\r\n			<div class=\"landing-block-node-card js-slide\">\r\n				<!-- Article -->\r\n				<article class=\"landing-block-node-card-container align-items-center row flex-items-middle text-center g-mb-50\">\r\n					<div class=\"col-lg-6\">\r\n						<!-- Article Image -->\r\n						<img class=\"landing-block-node-card-photo img-fluid g-width-360 g-width-auto--lg mx-auto\"\r\n							 src=\"https://cdn.bitrix24.site/bitrix/images/landing/business/700x700/img1.png\" alt=\"\">\r\n						<!-- End Article Image -->\r\n					</div>\r\n					<div class=\"col-lg-6 g-mb-0\">\r\n						<div class=\"text-uppercase text-center u-heading-v5-3 u-heading-v5-color-primary u-heading-v5-rounded-50x g-mb-20\">\r\n							<h4 class=\"landing-block-node-card-subtitle g-font-weight-700 g-font-size-12 g-color-white-opacity-0_7 g-mb-15\">From\r\n								chef</h4>\r\n							<h2 class=\"landing-block-node-card-title js-animation fadeInLeft u-heading-v5__title g-line-height-1_2 g-font-weight-700 g-font-size-40 g-color-white g-bg-white--before g-pb-40\">\r\n								Green soup with croutons</h2>\r\n						</div>\r\n\r\n						<div class=\"landing-block-node-card-text js-animation fadeIn g-px-70--md g-color-white-opacity-0_7 g-mb-25\">\r\n							<p>Sed feugiat porttitor nunc, non dignissim ipsum\r\n								vestibulum in. Donec in blandit dolor. Vivamus a fringilla lorem, vel faucibus ante.</p>\r\n						</div>\r\n\r\n						<div class=\"landing-block-node-card-price font-weight-bold g-color-white g-font-size-26\">$14.00</div>\r\n					</div>\r\n				</article>\r\n				<!-- End Article -->\r\n			</div>\r\n\r\n			<div class=\"landing-block-node-card js-slide\">\r\n				<!-- Article -->\r\n				<article class=\"landing-block-node-card-container align-items-center row flex-items-middle text-center g-mb-50\">\r\n					<div class=\"col-lg-6\">\r\n						<!-- Article Image -->\r\n						<img class=\"landing-block-node-card-photo img-fluid g-width-360 g-width-auto--lg mx-auto\"\r\n							 src=\"https://cdn.bitrix24.site/bitrix/images/landing/business/700x700/img2.png\" alt=\"\">\r\n						<!-- End Article Image -->\r\n					</div>\r\n					<div class=\"col-lg-6 g-mb-0\">\r\n						<div class=\"text-uppercase text-center u-heading-v5-3 u-heading-v5-color-primary u-heading-v5-rounded-50x g-mb-20\">\r\n							<h4 class=\"landing-block-node-card-subtitle g-font-weight-700 g-font-size-12 g-color-white-opacity-0_7 g-mb-15\">From\r\n								chef</h4>\r\n							<h2 class=\"landing-block-node-card-title js-animation fadeInLeft u-heading-v5__title g-line-height-1_2 g-font-weight-700 g-font-size-40 g-color-white g-bg-white--before g-pb-40\">\r\n								Spaghetti</h2>\r\n						</div>\r\n\r\n						<div class=\"landing-block-node-card-text js-animation fadeIn g-px-70--md g-color-white-opacity-0_7 g-mb-25\">\r\n							<p>Sed feugiat porttitor nunc, non dignissim ipsum\r\n								vestibulum in. Donec in blandit dolor. Vivamus a fringilla lorem, vel faucibus ante.</p>\r\n						</div>\r\n\r\n						<div class=\"landing-block-node-card-price font-weight-bold g-color-white g-font-size-26\">$14.00</div>\r\n					</div>\r\n\r\n				</article>\r\n				<!-- End Article -->\r\n			</div>\r\n\r\n			<div class=\"landing-block-node-card js-slide\">\r\n				<!-- Article -->\r\n				<article class=\"landing-block-node-card-container align-items-center row flex-items-middle text-center g-mb-50\">\r\n					<div class=\"col-lg-6\">\r\n						<!-- Article Image -->\r\n						<img class=\"landing-block-node-card-photo img-fluid g-width-360 g-width-auto--lg mx-auto\"\r\n							 src=\"https://cdn.bitrix24.site/bitrix/images/landing/business/700x700/img3.png\" alt=\"\">\r\n						<!-- End Article Image -->\r\n					</div>\r\n					<div class=\"col-lg-6 g-mb-0\">\r\n						<div class=\"text-uppercase text-center u-heading-v5-3 u-heading-v5-color-primary u-heading-v5-rounded-50x g-mb-20\">\r\n							<h4 class=\"landing-block-node-card-subtitle g-font-weight-700 g-font-size-12 g-color-white-opacity-0_7 g-mb-15\">From\r\n								chef</h4>\r\n							<h2 class=\"landing-block-node-card-title js-animation fadeInLeft u-heading-v5__title g-line-height-1_2 g-font-weight-700 g-font-size-40 g-color-white g-bg-white--before g-pb-40\">\r\n								Green soup with croutons</h2>\r\n						</div>\r\n\r\n						<div class=\"landing-block-node-card-text js-animation fadeIn g-px-70--md g-color-white-opacity-0_7 g-mb-25\">\r\n							<p>Sed feugiat porttitor nunc, non dignissim ipsum\r\n								vestibulum in. Donec in blandit dolor. Vivamus a fringilla lorem, vel faucibus ante.</p>\r\n						</div>\r\n\r\n						<div class=\"landing-block-node-card-price font-weight-bold g-color-white g-font-size-26\">$14.00</div>\r\n					</div>\r\n				</article>\r\n				<!-- End Article -->\r\n			</div>\r\n\r\n			<div class=\"landing-block-node-card js-slide\">\r\n				<!-- Article -->\r\n				<article class=\"landing-block-node-card-container align-items-center row flex-items-middle text-center g-mb-50\">\r\n					<div class=\"col-lg-6\">\r\n						<!-- Article Image -->\r\n						<img class=\"landing-block-node-card-photo img-fluid g-width-360 g-width-auto--lg mx-auto\"\r\n							 src=\"https://cdn.bitrix24.site/bitrix/images/landing/business/700x700/img4.png\" alt=\"\">\r\n						<!-- End Article Image -->\r\n					</div>\r\n					<div class=\"col-lg-6 g-mb-0\">\r\n						<div class=\"text-uppercase text-center u-heading-v5-3 u-heading-v5-color-primary u-heading-v5-rounded-50x g-mb-20\">\r\n							<h4 class=\"landing-block-node-card-subtitle g-font-weight-700 g-font-size-12 g-color-white-opacity-0_7 g-mb-15\">From\r\n								chef</h4>\r\n							<h2 class=\"landing-block-node-card-title js-animation fadeInLeft u-heading-v5__title g-line-height-1_2 g-font-weight-700 g-font-size-40 g-color-white g-bg-white--before g-pb-40\">\r\n								Green soup with croutons</h2>\r\n						</div>\r\n\r\n						<div class=\"landing-block-node-card-text js-animation fadeIn g-px-70--md g-color-white-opacity-0_7 g-mb-25\">\r\n							<p>Sed feugiat porttitor nunc, non dignissim ipsum\r\n								vestibulum in. Donec in blandit dolor. Vivamus a fringilla lorem, vel faucibus ante.</p>\r\n						</div>\r\n\r\n						<div class=\"landing-block-node-card-price font-weight-bold g-color-white g-font-size-26\">$14.00</div>\r\n					</div>\r\n				</article>\r\n				<!-- End Article -->\r\n			</div>\r\n\r\n			<div class=\"landing-block-node-card js-slide\">\r\n				<!-- Article -->\r\n				<article class=\"landing-block-node-card-container align-items-center row flex-items-middle text-center g-mb-50\">\r\n					<div class=\"col-lg-6\">\r\n						<!-- Article Image -->\r\n						<img class=\"landing-block-node-card-photo img-fluid g-width-360 g-width-auto--lg mx-auto\"\r\n							 src=\"https://cdn.bitrix24.site/bitrix/images/landing/business/700x700/img5.png\" alt=\"\">\r\n						<!-- End Article Image -->\r\n					</div>\r\n					<div class=\"col-lg-6 g-mb-0\">\r\n						<div class=\"text-uppercase text-center u-heading-v5-3 u-heading-v5-color-primary u-heading-v5-rounded-50x g-mb-20\">\r\n							<h4 class=\"landing-block-node-card-subtitle g-font-weight-700 g-font-size-12 g-color-white-opacity-0_7 g-mb-15\">From\r\n								chef</h4>\r\n							<h2 class=\"landing-block-node-card-title js-animation fadeInLeft u-heading-v5__title g-line-height-1_2 g-font-weight-700 g-font-size-40 g-color-white g-bg-white--before g-pb-40\">\r\n								Green soup with croutons</h2>\r\n						</div>\r\n\r\n						<div class=\"landing-block-node-card-text js-animation fadeIn g-px-70--md g-color-white-opacity-0_7 g-mb-25\">\r\n							<p>Sed feugiat porttitor nunc, non dignissim ipsum\r\n								vestibulum in. Donec in blandit dolor. Vivamus a fringilla lorem, vel faucibus ante.</p>\r\n						</div>\r\n\r\n						<div class=\"landing-block-node-card-price font-weight-bold g-color-white g-font-size-26\">$14.00</div>\r\n					</div>\r\n				</article>\r\n				<!-- End Article -->\r\n			</div>\r\n		</section>\r\n	</div>\r\n</section>', 1, 1, '2020-02-26 06:26:58', '2020-02-26 06:26:58'),
(227, '08.6.fix_title_author_and_text', 'a:4:{s:5:\"block\";a:3:{s:4:\"name\";s:81:\"Текстовые карточки с заголовком и аватаркой\";s:7:\"section\";a:2:{i:0;s:10:\"text_image\";i:1;s:4:\"news\";}s:7:\"preview\";s:84:\"//repo.bitrix24.site/bitrix/blocks/bitrix/08.6.fix_title_author_and_text/preview.jpg\";}s:5:\"cards\";a:1:{s:19:\".landing-block-card\";a:2:{s:4:\"name\";s:16:\"Карточка\";s:5:\"label\";a:1:{i:0;s:20:\".landing-block-title\";}}}s:5:\"nodes\";a:5:{s:20:\".landing-block-title\";a:2:{s:4:\"name\";s:18:\"Заголовок\";s:4:\"type\";s:4:\"text\";}s:19:\".landing-block-text\";a:2:{s:4:\"name\";s:10:\"Текст\";s:4:\"type\";s:4:\"text\";}s:21:\".landing-block-author\";a:2:{s:4:\"name\";s:10:\"Автор\";s:4:\"type\";s:4:\"text\";}s:18:\".landing-block-img\";a:3:{s:4:\"name\";s:8:\"Фото\";s:4:\"type\";s:3:\"img\";s:10:\"dimensions\";a:2:{s:5:\"width\";i:50;s:6:\"height\";i:50;}}s:21:\".landing-block-bottom\";a:2:{s:4:\"name\";s:34:\"Нижняя часть блока\";s:4:\"type\";s:4:\"text\";}}s:5:\"style\";a:2:{s:5:\"block\";a:1:{s:4:\"type\";a:2:{i:0;s:13:\"block-default\";i:1;s:9:\"animation\";}}s:5:\"nodes\";a:9:{s:19:\".landing-block-card\";a:2:{s:4:\"name\";s:16:\"Карточка\";s:4:\"type\";a:2:{i:0;s:9:\"animation\";i:1;s:13:\"margin-bottom\";}}s:20:\".landing-block-title\";a:2:{s:4:\"name\";s:18:\"Заголовок\";s:4:\"type\";a:1:{i:0;s:4:\"typo\";}}s:19:\".landing-block-text\";a:2:{s:4:\"name\";s:10:\"Текст\";s:4:\"type\";a:1:{i:0;s:4:\"typo\";}}s:21:\".landing-block-header\";a:2:{s:4:\"name\";s:18:\"Заголовок\";s:4:\"type\";a:2:{i:0;s:12:\"border-color\";i:1;s:13:\"margin-bottom\";}}s:21:\".landing-block-bottom\";a:2:{s:4:\"name\";s:34:\"Нижняя часть блока\";s:4:\"type\";a:1:{i:0;s:4:\"typo\";}}s:21:\".landing-block-author\";a:2:{s:4:\"name\";s:10:\"Автор\";s:4:\"type\";a:9:{i:0;s:5:\"color\";i:1;s:9:\"font-size\";i:2;s:11:\"font-family\";i:3;s:15:\"text-decoration\";i:4;s:14:\"text-transform\";i:5;s:11:\"line-height\";i:6;s:14:\"letter-spacing\";i:7;s:11:\"text-shadow\";i:8;s:13:\"margin-bottom\";}}s:27:\".landing-block-bottom-strip\";a:2:{s:4:\"name\";s:25:\"Нижняя полоса\";s:4:\"type\";a:3:{i:0;s:12:\"border-color\";i:1;s:13:\"margin-bottom\";i:2;s:12:\"border-width\";}}s:28:\".landing-block-bottom-border\";a:2:{s:4:\"name\";s:10:\"Рамка\";s:4:\"type\";a:3:{i:0;s:12:\"border-color\";i:1;s:12:\"border-width\";i:2;s:14:\"padding-bottom\";}}s:18:\".landing-block-img\";a:2:{s:4:\"name\";s:8:\"Фото\";s:4:\"type\";s:13:\"border-radius\";}}}}', '<section class=\"landing-block g-pt-0 g-pb-40 g-pt-40\">\r\n	<div class=\"landing-block-node-container container\">\r\n		<article class=\"landing-block-card g-brd-bottom js-animation fadeIn g-mb-40 g-mb-0--last\">\r\n			<div class=\"landing-block-bottom-border g-brd-bottom g-brd-1 g-brd-primary g-pb-25 \">\r\n				<h4 class=\"landing-block-title g-mb-1 g-color-gray-dark-v1\">\r\n					We are a firm Company24\r\n				</h4>\r\n				<div class=\"media g-flex-centered\">\r\n					<img class=\"landing-block-img g-width-25 g-height-25 g-object-fit-cover g-rounded-50x g-mr-10\" src=\"https://cdn.bitrix24.site/bitrix/images/landing/business/100x100/img5.jpg\">\r\n					<div class=\"landing-block-author media-body g-color-gray-dark-v3 g-mt-14\">\r\n						<p>John Doe</p>\r\n					</div>\r\n				</div>\r\n				<div class=\"landing-block-text g-mb-15 g-pt-1 g-color-gray-dark-v3\">\r\n					<p>Nullam elementum tincidunt massa, a pulvinar leo ultricies ut. Ut fringilla lectus tellusimp imperdiet molestie est volutpat at, sed viverra cursus nibh. At vero eos et accusamus et iusto odio dignissimos ducimus qui blanditiis praesentium voluptatum deleniti atque corrupti quos dolores.</p>\r\n				</div>\r\n				<div class=\"landing-block-bottom g-color-gray-dark-v5\">\r\n					<p>Relevance 5.0 out of 4902 votes</p>\r\n				</div>\r\n			</div>\r\n		</article>\r\n\r\n		<article class=\"landing-block-card g-brd-bottom js-animation fadeIn g-mb-40 g-mb-0--last\">\r\n			<div class=\"landing-block-bottom-border g-brd-bottom g-brd-1 g-brd-primary g-pb-25 \">\r\n				<h4 class=\"landing-block-title g-mb-1 g-color-gray-dark-v1\">\r\n					We build your website to realise your vision, project and more\r\n				</h4>\r\n				<div class=\"media g-flex-centered\">\r\n					<img class=\"landing-block-img g-width-25 g-height-25 g-object-fit-cover g-rounded-50x g-mr-10\" src=\"https://cdn.bitrix24.site/bitrix/images/landing/business/100x100/img5.jpg\">\r\n					<div class=\"landing-block-author media-body g-color-gray-dark-v3 g-mt-14\">\r\n						<p>William Sh.</p>\r\n					</div>\r\n				</div>\r\n				<div class=\"landing-block-text g-mb-15 g-pt-1 g-color-gray-dark-v3\">\r\n					<p>At vero eos et accusamus et iusto odio dignissimos ducimus qui blanditiis praesentium voluptatum deleniti atque corrupti quos dolores.</p>\r\n				</div>\r\n				<div class=\"landing-block-bottom g-color-gray-dark-v5\">\r\n					<p>Relevance 3.0 out of 3560 votes</p>\r\n				</div>\r\n			</div>\r\n		</article>\r\n	</div>\r\n</section>', 1, 1, '2020-02-26 06:26:58', '2020-02-26 06:26:58'),
(228, '41.2.3.text_blocks_slider_on_color_bg_without_btn_left', 'a:5:{s:5:\"block\";a:3:{s:4:\"name\";s:111:\"Перелистываемые карточки с картинкой справа и текстом слева\";s:7:\"section\";a:1:{i:0;s:10:\"text_image\";}s:7:\"preview\";s:108:\"//repo.bitrix24.site/bitrix/blocks/bitrix/41.2.3.text_blocks_slider_on_color_bg_without_btn_left/preview.jpg\";}s:5:\"cards\";a:1:{s:24:\".landing-block-node-card\";a:2:{s:4:\"name\";s:8:\"Блок\";s:5:\"label\";a:2:{i:0;s:30:\".landing-block-node-card-photo\";i:1;s:30:\".landing-block-node-card-title\";}}}s:5:\"nodes\";a:5:{s:33:\".landing-block-node-card-subtitle\";a:2:{s:4:\"name\";s:24:\"Подзаголовок\";s:4:\"type\";s:4:\"text\";}s:30:\".landing-block-node-card-title\";a:2:{s:4:\"name\";s:18:\"Заголовок\";s:4:\"type\";s:4:\"text\";}s:29:\".landing-block-node-card-text\";a:2:{s:4:\"name\";s:10:\"Текст\";s:4:\"type\";s:4:\"text\";}s:30:\".landing-block-node-card-price\";a:2:{s:4:\"name\";s:8:\"Цена\";s:4:\"type\";s:4:\"text\";}s:30:\".landing-block-node-card-photo\";a:3:{s:4:\"name\";s:20:\"Фотография\";s:4:\"type\";s:3:\"img\";s:10:\"dimensions\";a:2:{s:5:\"width\";i:540;s:6:\"height\";i:810;}}}s:5:\"style\";a:6:{s:33:\".landing-block-node-card-subtitle\";a:2:{s:4:\"name\";s:24:\"Подзаголовок\";s:4:\"type\";s:4:\"typo\";}s:30:\".landing-block-node-card-title\";a:2:{s:4:\"name\";s:18:\"Заголовок\";s:4:\"type\";a:3:{i:0;s:4:\"typo\";i:1;s:23:\"background-color-before\";i:2;s:9:\"animation\";}}s:29:\".landing-block-node-card-text\";a:2:{s:4:\"name\";s:10:\"Текст\";s:4:\"type\";a:2:{i:0;s:4:\"typo\";i:1;s:9:\"animation\";}}s:30:\".landing-block-node-card-price\";a:2:{s:4:\"name\";s:8:\"Цена\";s:4:\"type\";s:4:\"typo\";}s:34:\".landing-block-node-card-container\";a:2:{s:4:\"name\";s:20:\"Фотография\";s:4:\"type\";a:1:{i:0;s:11:\"align-items\";}}s:24:\".landing-block-node-card\";a:2:{s:4:\"name\";s:8:\"Блок\";s:4:\"type\";a:1:{i:0;s:10:\"align-self\";}}}s:6:\"assets\";a:1:{s:3:\"ext\";a:1:{i:0;s:16:\"landing_carousel\";}}}', '<section class=\"g-bg-primary g-pt-100 g-pb-100\">\r\n	<div class=\"container\">\r\n		<section class=\"js-carousel\"\r\n				 data-pagi-classes=\"u-carousel-indicators-v1--white-inverse g-absolute-centered--x g-bottom-30\">\r\n			<div class=\"landing-block-node-card js-slide\">\r\n				<!-- Article -->\r\n				<article class=\"landing-block-node-card-container align-items-center row flex-items-middle text-center g-mb-50\">\r\n					<div class=\"col-lg-6 g-mb-0\">\r\n						<div class=\"text-uppercase text-center u-heading-v5-3 u-heading-v5-color-primary u-heading-v5-rounded-50x g-mb-20\">\r\n							<h4 class=\"landing-block-node-card-subtitle g-font-weight-700 g-font-size-12 g-color-white-opacity-0_7 g-mb-15\">From\r\n								chef</h4>\r\n							<h2 class=\"landing-block-node-card-title js-animation fadeInLeft u-heading-v5__title g-line-height-1_2 g-font-weight-700 g-font-size-40 g-color-white g-bg-white--before g-pb-40\">\r\n								Green soup with croutons</h2>\r\n						</div>\r\n\r\n						<div class=\"landing-block-node-card-text js-animation fadeIn g-px-70--md g-color-white-opacity-0_7 g-mb-25\">\r\n							<p>Sed feugiat porttitor nunc, non dignissim ipsum\r\n								vestibulum in. Donec in blandit dolor. Vivamus a fringilla lorem, vel faucibus ante.</p>\r\n						</div>\r\n\r\n						<div class=\"landing-block-node-card-price font-weight-bold g-color-white g-font-size-26\">$14.00</div>\r\n					</div>\r\n					<div class=\"col-lg-6\">\r\n						<!-- Article Image -->\r\n						<img class=\"landing-block-node-card-photo img-fluid g-width-360 g-width-auto--lg mx-auto\"\r\n							 src=\"https://cdn.bitrix24.site/bitrix/images/landing/business/700x700/img1.png\" alt=\"\">\r\n						<!-- End Article Image -->\r\n					</div>\r\n				</article>\r\n				<!-- End Article -->\r\n			</div>\r\n\r\n			<div class=\"landing-block-node-card js-slide\">\r\n				<!-- Article -->\r\n				<article class=\"landing-block-node-card-container align-items-center row flex-items-middle text-center g-mb-50\">\r\n					<div class=\"col-lg-6 g-mb-0\">\r\n						<div class=\"text-uppercase text-center u-heading-v5-3 u-heading-v5-color-primary u-heading-v5-rounded-50x g-mb-20\">\r\n							<h4 class=\"landing-block-node-card-subtitle g-font-weight-700 g-font-size-12 g-color-white-opacity-0_7 g-mb-15\">From\r\n								chef</h4>\r\n							<h2 class=\"landing-block-node-card-title js-animation fadeInLeft u-heading-v5__title g-line-height-1_2 g-font-weight-700 g-font-size-40 g-color-white g-bg-white--before g-pb-40\">\r\n								Spaghetti</h2>\r\n						</div>\r\n\r\n						<div class=\"landing-block-node-card-text js-animation fadeIn g-px-70--md g-color-white-opacity-0_7 g-mb-25\">\r\n							<p>Sed feugiat porttitor nunc, non dignissim ipsum\r\n								vestibulum in. Donec in blandit dolor. Vivamus a fringilla lorem, vel faucibus ante.</p>\r\n						</div>\r\n\r\n						<div class=\"landing-block-node-card-price font-weight-bold g-color-white g-font-size-26\">$14.00</div>\r\n					</div>\r\n					<div class=\"col-lg-6\">\r\n						<!-- Article Image -->\r\n						<img class=\"landing-block-node-card-photo img-fluid g-width-360 g-width-auto--lg mx-auto\"\r\n							 src=\"https://cdn.bitrix24.site/bitrix/images/landing/business/700x700/img2.png\" alt=\"\">\r\n						<!-- End Article Image -->\r\n					</div>\r\n\r\n				</article>\r\n				<!-- End Article -->\r\n			</div>\r\n\r\n			<div class=\"landing-block-node-card js-slide\">\r\n				<!-- Article -->\r\n				<article class=\"landing-block-node-card-container align-items-center row flex-items-middle text-center g-mb-50\">\r\n					<div class=\"col-lg-6 g-mb-0\">\r\n						<div class=\"text-uppercase text-center u-heading-v5-3 u-heading-v5-color-primary u-heading-v5-rounded-50x g-mb-20\">\r\n							<h4 class=\"landing-block-node-card-subtitle g-font-weight-700 g-font-size-12 g-color-white-opacity-0_7 g-mb-15\">From\r\n								chef</h4>\r\n							<h2 class=\"landing-block-node-card-title js-animation fadeInLeft u-heading-v5__title g-line-height-1_2 g-font-weight-700 g-font-size-40 g-color-white g-bg-white--before g-pb-40\">\r\n								Green soup with croutons</h2>\r\n						</div>\r\n\r\n						<div class=\"landing-block-node-card-text js-animation fadeIn g-px-70--md g-color-white-opacity-0_7 g-mb-25\">\r\n							<p>Sed feugiat porttitor nunc, non dignissim ipsum\r\n								vestibulum in. Donec in blandit dolor. Vivamus a fringilla lorem, vel faucibus ante.</p>\r\n						</div>\r\n\r\n						<div class=\"landing-block-node-card-price font-weight-bold g-color-white g-font-size-26\">$14.00</div>\r\n					</div>\r\n					<div class=\"col-lg-6\">\r\n						<!-- Article Image -->\r\n						<img class=\"landing-block-node-card-photo img-fluid g-width-360 g-width-auto--lg mx-auto\"\r\n							 src=\"https://cdn.bitrix24.site/bitrix/images/landing/business/700x700/img3.png\" alt=\"\">\r\n						<!-- End Article Image -->\r\n					</div>\r\n				</article>\r\n				<!-- End Article -->\r\n			</div>\r\n\r\n			<div class=\"landing-block-node-card js-slide\">\r\n				<!-- Article -->\r\n				<article class=\"landing-block-node-card-container align-items-center row flex-items-middle text-center g-mb-50\">\r\n					<div class=\"col-lg-6 g-mb-0\">\r\n						<div class=\"text-uppercase text-center u-heading-v5-3 u-heading-v5-color-primary u-heading-v5-rounded-50x g-mb-20\">\r\n							<h4 class=\"landing-block-node-card-subtitle g-font-weight-700 g-font-size-12 g-color-white-opacity-0_7 g-mb-15\">From\r\n								chef</h4>\r\n							<h2 class=\"landing-block-node-card-title js-animation fadeInLeft u-heading-v5__title g-line-height-1_2 g-font-weight-700 g-font-size-40 g-color-white g-bg-white--before g-pb-40\">\r\n								Green soup with croutons</h2>\r\n						</div>\r\n\r\n						<div class=\"landing-block-node-card-text js-animation fadeIn g-px-70--md g-color-white-opacity-0_7 g-mb-25\">\r\n							<p>Sed feugiat porttitor nunc, non dignissim ipsum\r\n								vestibulum in. Donec in blandit dolor. Vivamus a fringilla lorem, vel faucibus ante.</p>\r\n						</div>\r\n\r\n						<div class=\"landing-block-node-card-price font-weight-bold g-color-white g-font-size-26\">$14.00</div>\r\n					</div>\r\n					<div class=\"col-lg-6\">\r\n						<!-- Article Image -->\r\n						<img class=\"landing-block-node-card-photo img-fluid g-width-360 g-width-auto--lg mx-auto\"\r\n							 src=\"https://cdn.bitrix24.site/bitrix/images/landing/business/700x700/img4.png\" alt=\"\">\r\n						<!-- End Article Image -->\r\n					</div>\r\n				</article>\r\n				<!-- End Article -->\r\n			</div>\r\n\r\n			<div class=\"landing-block-node-card js-slide\">\r\n				<!-- Article -->\r\n				<article class=\"landing-block-node-card-container align-items-center row flex-items-middle text-center g-mb-50\">\r\n\r\n					<div class=\"col-lg-6 g-mb-0\">\r\n						<div class=\"text-uppercase text-center u-heading-v5-3 u-heading-v5-color-primary u-heading-v5-rounded-50x g-mb-20\">\r\n							<h4 class=\"landing-block-node-card-subtitle g-font-weight-700 g-font-size-12 g-color-white-opacity-0_7 g-mb-15\">From\r\n								chef</h4>\r\n							<h2 class=\"landing-block-node-card-title js-animation fadeInLeft u-heading-v5__title g-line-height-1_2 g-font-weight-700 g-font-size-40 g-color-white g-bg-white--before g-pb-40\">\r\n								Green soup with croutons</h2>\r\n						</div>\r\n\r\n						<div class=\"landing-block-node-card-text js-animation fadeIn g-px-70--md g-color-white-opacity-0_7 g-mb-25\">\r\n							<p>Sed feugiat porttitor nunc, non dignissim ipsum\r\n								vestibulum in. Donec in blandit dolor. Vivamus a fringilla lorem, vel faucibus ante.</p>\r\n						</div>\r\n\r\n						<div class=\"landing-block-node-card-price font-weight-bold g-color-white g-font-size-26\">$14.00</div>\r\n					</div>\r\n					<div class=\"col-lg-6\">\r\n						<!-- Article Image -->\r\n						<img class=\"landing-block-node-card-photo img-fluid g-width-360 g-width-auto--lg mx-auto\"\r\n							 src=\"https://cdn.bitrix24.site/bitrix/images/landing/business/700x700/img5.png\" alt=\"\">\r\n						<!-- End Article Image -->\r\n					</div>\r\n				</article>\r\n				<!-- End Article -->\r\n			</div>\r\n		</section>\r\n	</div>\r\n</section>', 1, 1, '2020-02-26 06:26:58', '2020-02-26 06:26:58'),
(229, '19.2.features_with_img_right', 'a:4:{s:5:\"block\";a:3:{s:4:\"name\";s:82:\"Текст с пунктами-иконками и картинкой справа\";s:7:\"section\";a:2:{i:0;s:10:\"text_image\";i:1;s:5:\"about\";}s:7:\"preview\";s:82:\"//repo.bitrix24.site/bitrix/blocks/bitrix/19.2.features_with_img_right/preview.jpg\";}s:5:\"cards\";a:1:{s:24:\".landing-block-node-card\";a:2:{s:4:\"name\";s:10:\"Пункт\";s:5:\"label\";a:2:{i:0;s:29:\".landing-block-node-card-icon\";i:1;s:30:\".landing-block-node-card-title\";}}}s:5:\"nodes\";a:7:{s:23:\".landing-block-node-img\";a:3:{s:4:\"name\";s:16:\"Картинка\";s:4:\"type\";s:3:\"img\";s:10:\"dimensions\";a:1:{s:5:\"width\";i:445;}}s:28:\".landing-block-node-subtitle\";a:2:{s:4:\"name\";s:24:\"Подзаголовок\";s:4:\"type\";s:4:\"text\";}s:25:\".landing-block-node-title\";a:2:{s:4:\"name\";s:18:\"Заголовок\";s:4:\"type\";s:4:\"text\";}s:24:\".landing-block-node-text\";a:2:{s:4:\"name\";s:10:\"Текст\";s:4:\"type\";s:4:\"text\";}s:29:\".landing-block-node-card-icon\";a:2:{s:4:\"name\";s:12:\"Иконка\";s:4:\"type\";s:4:\"icon\";}s:30:\".landing-block-node-card-title\";a:2:{s:4:\"name\";s:18:\"Заголовок\";s:4:\"type\";s:4:\"text\";}s:29:\".landing-block-node-card-text\";a:2:{s:4:\"name\";s:10:\"Текст\";s:4:\"type\";s:4:\"text\";}}s:5:\"style\";a:8:{s:28:\".landing-block-node-subtitle\";a:2:{s:4:\"name\";s:24:\"Подзаголовок\";s:4:\"type\";s:4:\"typo\";}s:25:\".landing-block-node-title\";a:2:{s:4:\"name\";s:18:\"Заголовок\";s:4:\"type\";s:4:\"typo\";}s:24:\".landing-block-node-text\";a:2:{s:4:\"name\";s:10:\"Текст\";s:4:\"type\";s:4:\"typo\";}s:30:\".landing-block-node-card-title\";a:2:{s:4:\"name\";s:18:\"Заголовок\";s:4:\"type\";s:4:\"typo\";}s:29:\".landing-block-node-card-text\";a:2:{s:4:\"name\";s:10:\"Текст\";s:4:\"type\";s:4:\"typo\";}s:36:\".landing-block-node-card-icon-border\";a:2:{s:4:\"name\";s:12:\"Иконка\";s:4:\"type\";a:2:{i:0;s:12:\"border-color\";i:1;s:5:\"color\";}}s:23:\".landing-block-node-img\";a:2:{s:4:\"name\";s:16:\"Картинка\";s:4:\"type\";s:9:\"animation\";}s:34:\".landing-block-node-text-container\";a:2:{s:4:\"name\";s:8:\"Блок\";s:4:\"type\";s:11:\"align-items\";}}}', '<section class=\"landing-block g-bg-gray-light-v5 g-pt-90 g-pb-90\">\r\n	<div class=\"container\">\r\n		<div class=\"row\">\r\n\r\n			<div class=\"landing-block-node-text-container col-md-7 col-lg-7 d-flex text-center text-md-left\">\r\n				<div>\r\n					<div class=\"text-uppercase g-mb-20\">\r\n						<h4 class=\"landing-block-node-subtitle g-font-weight-700 g-font-size-11 g-mb-15\">\r\n							<span class=\"g-color-primary\">05.</span> Awesome features</h4>\r\n						<h2 class=\"landing-block-node-title g-line-height-1_3 g-font-size-36 mb-0\">\r\n							<span style=\"font-weight: bold;\">Just try</span> and <span style=\"font-weight: bold;\">use always</span>\r\n						</h2>\r\n					</div>\r\n\r\n					<div class=\"landing-block-node-text g-mb-65\">\r\n						<p>Integer ut sollicitudin justo. Class aptent taciti sociosqu ad litora torquent\r\n							per conubia nostra, per inceptos himenaeos. Donec ullamcorper.</p>\r\n					</div>\r\n\r\n					<div class=\"landing-block-node-cards-container\">\r\n						<div class=\"landing-block-node-card media d-block d-md-flex text-center text-md-left g-mb-30\">\r\n							<div class=\"d-md-flex align-self-center g-mb-30 g-mb-0--md g-mr-30--md\">\r\n							<span class=\"landing-block-node-card-icon-border u-icon-v2 u-icon-size--lg g-font-size-26 g-color-primary g-rounded-50x\">\r\n								<i class=\"landing-block-node-card-icon fa fa-flask\"></i>\r\n							</span>\r\n							</div>\r\n\r\n							<div class=\"media-body align-self-center\">\r\n								<h4 class=\"landing-block-node-card-title h6 text-uppercase g-font-weight-700 g-color-black g-mb-15\">\r\n									Awesome features</h4>\r\n								<div class=\"landing-block-node-card-text g-font-size-default mb-0\">\r\n									<p>Vestibulum vulputate lobortis tortor non tempus. Proin\r\n										in ex blandit velit imperdiet tincidunt sit amet at quam. Nam ac ultrices urna,\r\n										sit\r\n										amet fermentum magna. Nulla eu mattis augue.</p>\r\n								</div>\r\n							</div>\r\n						</div>\r\n\r\n						<div class=\"landing-block-node-card media d-block d-md-flex text-center text-md-left g-mb-30\">\r\n							<div class=\"d-md-flex align-self-center g-mb-30 g-mb-0--md g-mr-30--md\">\r\n							<span class=\"landing-block-node-card-icon-border u-icon-v2 u-icon-size--lg g-font-size-26 g-color-primary g-rounded-50x\">\r\n								<i class=\"landing-block-node-card-icon fa fa-magic\"></i>\r\n							</span>\r\n							</div>\r\n\r\n							<div class=\"media-body align-self-center\">\r\n								<h4 class=\"landing-block-node-card-title h6 text-uppercase g-font-weight-700 g-color-black g-mb-15\">\r\n									Beautiful and modern\r\n									design</h4>\r\n								<div class=\"landing-block-node-card-text g-font-size-default mb-0\">\r\n									<p>Araesent blandit hendrerit justo sed egestas. Proin\r\n										tincidunt purus in tortor cursus fermentum. Proin laoreet erat vitae dui\r\n										blandit,\r\n										vitae faucibus lacus auctor. Proin ornare sit amet arcu at aliquam.</p>\r\n								</div>\r\n							</div>\r\n						</div>\r\n					</div>\r\n				</div>\r\n			</div>\r\n			<div class=\"col-md-5 col-lg-5 text-center g-overflow-hidden\">\r\n				<img class=\"landing-block-node-img js-animation slideInRight img-fluid\"\r\n					 src=\"https://cdn.bitrix24.site/bitrix/images/landing/business/mockups/mockup2.png\"\r\n					 alt=\"\">\r\n			</div>\r\n		</div>\r\n	</div>\r\n</section>', 1, 1, '2020-02-26 06:26:58', '2020-02-26 06:26:58'),
(230, '32.12.img_grid_no_gallery_1row', 'a:4:{s:5:\"block\";a:4:{s:4:\"name\";s:39:\"2 панорамные картинки\";s:7:\"section\";a:1:{i:0;s:5:\"image\";}s:7:\"dynamic\";b:0;s:7:\"preview\";s:84:\"//repo.bitrix24.site/bitrix/blocks/bitrix/32.12.img_grid_no_gallery_1row/preview.jpg\";}s:5:\"cards\";a:1:{s:19:\".landing-block-card\";a:2:{s:4:\"name\";s:16:\"Картинка\";s:5:\"label\";a:1:{i:0;s:23:\".landing-block-node-img\";}}}s:5:\"nodes\";a:2:{s:23:\".landing-block-node-img\";a:4:{s:4:\"name\";s:16:\"Картинка\";s:4:\"type\";s:3:\"img\";s:10:\"dimensions\";a:1:{s:5:\"width\";i:1110;}s:15:\"allowInlineEdit\";b:0;}s:29:\".landing-block-node-img-title\";a:2:{s:4:\"name\";s:16:\"Название\";s:4:\"type\";s:4:\"text\";}}s:5:\"style\";a:4:{s:19:\".landing-block-card\";a:2:{s:4:\"name\";s:16:\"Картинка\";s:4:\"type\";a:3:{i:0;s:7:\"columns\";i:1;s:13:\"margin-bottom\";i:2;s:9:\"animation\";}}s:33:\".landing-block-node-img-container\";a:2:{s:4:\"name\";s:16:\"Картинка\";s:4:\"type\";a:1:{i:0;s:13:\"border-radius\";}}s:23:\".landing-block-node-row\";a:2:{s:4:\"name\";s:12:\"Строка\";s:4:\"type\";s:9:\"row-align\";}s:29:\".landing-block-node-img-title\";a:2:{s:4:\"name\";s:16:\"Название\";s:4:\"type\";s:4:\"typo\";}}}', '<section class=\"landing-block g-pt-30 g-pb-0\">\r\n	<div class=\"container\">\r\n		<div class=\"landing-block-node-row row\">\r\n			<div class=\"landing-block-card col-12 col-md-6 col-lg-6 g-mb-30 g-height-200 g-height-300--lg js-animation fadeInLeft\">\r\n				<div class=\"landing-block-node-img-container h-100 g-pos-rel g-parent u-block-hover g-rounded-20\">\r\n					<div class=\"landing-block-node-img g-bg-img-hero h-100 w-100 u-block-hover__main--zoom-v1\"\r\n						 style=\"background-image: url(https://cdn.bitrix24.site/bitrix/images/landing/business/1200x800/img1.jpg);\"></div>\r\n					<div class=\"landing-block-node-img-title-container w-100 g-pos-abs g-bottom-0 g-left-0 g-top-0 g-bg-black-opacity-0_5 opacity-0 g-opacity-1--parent-hover g-pa-20 g-transition-0_2 g-transition--ease-in g-pointer-events-none\">\r\n						<div class=\"h-100 d-flex justify-content-center align-items-center g-brd-around g-brd-white-opacity-0_2 text-uppercase\">\r\n							<h3 class=\"landing-block-node-img-title text-center h3 w-100 g-color-white g-line-height-1_4 g-letter-spacing-5 g-font-size-20 g-pointer-events-all\">\r\n								Team building\r\n							</h3>\r\n						</div>\r\n					</div>\r\n				</div>\r\n			</div>\r\n\r\n			<div class=\"landing-block-card col-12 col-md-6 col-lg-6 g-mb-30 g-height-200 g-height-300--lg js-animation fadeInRight\">\r\n				<div class=\"landing-block-node-img-container h-100 g-pos-rel g-parent u-block-hover g-rounded-20\">\r\n					<div class=\"landing-block-node-img g-bg-img-hero h-100 w-100 u-block-hover__main--zoom-v1\"\r\n						 style=\"background-image: url(https://cdn.bitrix24.site/bitrix/images/landing/business/1200x800/img11.jpg);\"></div>\r\n					<div class=\"landing-block-node-img-title-container w-100 g-pos-abs g-bottom-0 g-left-0 g-top-0 g-bg-black-opacity-0_5 opacity-0 g-opacity-1--parent-hover g-pa-20 g-transition-0_2 g-transition--ease-in g-pointer-events-none\">\r\n						<div class=\"h-100 d-flex justify-content-center align-items-center g-brd-around g-brd-white-opacity-0_2 text-uppercase\">\r\n							<h3 class=\"landing-block-node-img-title text-center h3 w-100 g-color-white g-line-height-1_4 g-letter-spacing-5 g-font-size-20 g-pointer-events-all\">\r\n								Team building\r\n							</h3>\r\n						</div>\r\n					</div>\r\n				</div>\r\n			</div>\r\n		</div>\r\n	</div>\r\n</section>', 1, 1, '2020-02-26 06:26:58', '2020-02-26 06:26:58');
INSERT INTO `b_landing_manifest` (`ID`, `CODE`, `MANIFEST`, `CONTENT`, `CREATED_BY_ID`, `MODIFIED_BY_ID`, `DATE_CREATE`, `DATE_MODIFY`) VALUES
(231, '32.13.img_grid_no_gallery_2x1', 'a:4:{s:5:\"block\";a:4:{s:4:\"name\";s:96:\"Большая картинка справа и 2 маленькие картинки слева\";s:7:\"section\";a:1:{i:0;s:5:\"image\";}s:7:\"dynamic\";b:0;s:7:\"preview\";s:83:\"//repo.bitrix24.site/bitrix/blocks/bitrix/32.13.img_grid_no_gallery_2x1/preview.jpg\";}s:5:\"cards\";a:0:{}s:5:\"nodes\";a:3:{s:29:\".landing-block-node-img-small\";a:4:{s:4:\"name\";s:37:\"Картинка (маленькая)\";s:4:\"type\";s:3:\"img\";s:10:\"dimensions\";a:1:{s:5:\"width\";i:370;}s:15:\"allowInlineEdit\";b:0;}s:27:\".landing-block-node-img-big\";a:4:{s:4:\"name\";s:33:\"Картинка (большая)\";s:4:\"type\";s:3:\"img\";s:10:\"dimensions\";a:1:{s:5:\"width\";i:710;}s:15:\"allowInlineEdit\";b:0;}s:29:\".landing-block-node-img-title\";a:2:{s:4:\"name\";s:16:\"Название\";s:4:\"type\";s:4:\"text\";}}s:5:\"style\";a:4:{s:29:\".landing-block-node-img-title\";a:2:{s:4:\"name\";s:16:\"Название\";s:4:\"type\";s:4:\"typo\";}s:42:\".landing-block-node-img-container-left-top\";a:2:{s:4:\"name\";s:16:\"Картинка\";s:4:\"type\";a:2:{i:0;s:9:\"animation\";i:1;s:13:\"border-radius\";}}s:45:\".landing-block-node-img-container-left-bottom\";a:2:{s:4:\"name\";s:16:\"Картинка\";s:4:\"type\";a:2:{i:0;s:9:\"animation\";i:1;s:13:\"border-radius\";}}s:39:\".landing-block-node-img-container-right\";a:2:{s:4:\"name\";s:16:\"Картинка\";s:4:\"type\";a:2:{i:0;s:9:\"animation\";i:1;s:13:\"border-radius\";}}}}', '<section class=\"landing-block g-pt-30 g-pb-30\">\r\n\r\n	<div class=\"container\">\r\n		<div class=\"row no-gutters\">\r\n			<div class=\"col-12 col-md-4 g-height-500\">\r\n				<div class=\"h-50 g-pb-15\">\r\n					<div class=\"landing-block-node-img-container landing-block-node-img-container-right-top js-animation fadeInLeft h-100 g-pos-rel g-parent u-block-hover g-rounded-25\">\r\n						<div class=\"landing-block-node-img-small g-bg-img-hero h-100 w-100 u-block-hover__main--zoom-v1\"\r\n							 style=\"background-image: url(https://cdn.bitrix24.site/bitrix/images/landing/business/370x248/img1.jpg);\"></div>\r\n						<div class=\"landing-block-node-img-title-container w-100 g-pos-abs g-bottom-0 g-left-0 g-top-0 g-bg-black-opacity-0_5 opacity-0 g-opacity-1--parent-hover g-pa-20 g-transition-0_2 g-transition--ease-in g-pointer-events-none\">\r\n							<div class=\"h-100 d-flex justify-content-center align-items-center g-brd-around g-brd-white-opacity-0_2 text-uppercase\">\r\n								<h3 class=\"landing-block-node-img-title text-center h3 w-100 g-color-white g-line-height-1_4 g-letter-spacing-5 g-font-size-20 g-pointer-events-all\">\r\n									Team building\r\n								</h3>\r\n							</div>\r\n						</div>\r\n					</div>\r\n				</div>\r\n\r\n				<div class=\"h-50 g-pt-0 g-pt-15--md\">\r\n					<div class=\"landing-block-node-img-container landing-block-node-img-container-right-bottom js-animation fadeInLeft h-100 g-pos-rel g-parent u-block-hover g-rounded-25\">\r\n						<div class=\"landing-block-node-img-small g-bg-img-hero h-100 w-100 u-block-hover__main--zoom-v1\"\r\n							 style=\"background-image: url(https://cdn.bitrix24.site/bitrix/images/landing/business/370x248/img2.jpg);\"></div>\r\n						<div class=\"landing-block-node-img-title-container w-100 g-pos-abs g-bottom-0 g-left-0 g-top-0 g-bg-black-opacity-0_5 opacity-0 g-opacity-1--parent-hover g-pa-20 g-transition-0_2 g-transition--ease-in g-pointer-events-none\">\r\n							<div class=\"h-100 d-flex justify-content-center align-items-center g-brd-around g-brd-white-opacity-0_2 text-uppercase\">\r\n								<h3 class=\"landing-block-node-img-title text-center h3 w-100 g-color-white g-line-height-1_4 g-letter-spacing-5 g-font-size-20 g-pointer-events-all\">\r\n									Work Process\r\n								</h3>\r\n							</div>\r\n						</div>\r\n					</div>\r\n				</div>\r\n			</div>\r\n\r\n			<div class=\"col-12 col-md-8 g-height-500\">\r\n				<div class=\"h-100 g-pt-15 g-pt-0--md g-pl-30--md\">\r\n					<div class=\"landing-block-node-img-container landing-block-node-img-container-left js-animation fadeInRight h-100 g-pos-rel g-parent u-block-hover g-rounded-25\">\r\n						<div class=\"landing-block-node-img-big g-bg-img-hero h-100 w-100 u-block-hover__main--zoom-v1\"\r\n							 style=\"background-image: url(https://cdn.bitrix24.site/bitrix/images/landing/business/710x850/img1.jpg);\"></div>\r\n						<div class=\"landing-block-node-img-title-container w-100 g-pos-abs g-bottom-0 g-left-0 g-top-0 g-bg-black-opacity-0_5 opacity-0 g-opacity-1--parent-hover g-pa-20 g-transition-0_2 g-transition--ease-in g-pointer-events-none\">\r\n							<div class=\"h-100 d-flex justify-content-center align-items-center g-brd-around g-brd-white-opacity-0_2 text-uppercase\">\r\n								<h3 class=\"landing-block-node-img-title text-center h3 w-100 g-color-white g-line-height-1_4 g-letter-spacing-5 g-font-size-20 g-pointer-events-all\">\r\n									Analytics\r\n								</h3>\r\n							</div>\r\n						</div>\r\n					</div>\r\n				</div>\r\n			</div>\r\n		</div>\r\n	</div>\r\n\r\n</section>', 1, 1, '2020-02-26 06:26:58', '2020-02-26 06:26:58'),
(232, '32.14.img_grid_no_gallery_1x2', 'a:4:{s:5:\"block\";a:4:{s:4:\"name\";s:96:\"Большая картинка слева и 2 маленькие картинки справа\";s:7:\"section\";a:1:{i:0;s:5:\"image\";}s:7:\"dynamic\";b:0;s:7:\"preview\";s:83:\"//repo.bitrix24.site/bitrix/blocks/bitrix/32.14.img_grid_no_gallery_1x2/preview.jpg\";}s:5:\"cards\";a:0:{}s:5:\"nodes\";a:3:{s:29:\".landing-block-node-img-small\";a:4:{s:4:\"name\";s:37:\"Картинка (маленькая)\";s:4:\"type\";s:3:\"img\";s:10:\"dimensions\";a:1:{s:5:\"width\";i:370;}s:15:\"allowInlineEdit\";b:0;}s:27:\".landing-block-node-img-big\";a:4:{s:4:\"name\";s:33:\"Картинка (большая)\";s:4:\"type\";s:3:\"img\";s:10:\"dimensions\";a:1:{s:5:\"width\";i:710;}s:15:\"allowInlineEdit\";b:0;}s:29:\".landing-block-node-img-title\";a:2:{s:4:\"name\";s:16:\"Название\";s:4:\"type\";s:4:\"text\";}}s:5:\"style\";a:4:{s:29:\".landing-block-node-img-title\";a:2:{s:4:\"name\";s:16:\"Название\";s:4:\"type\";s:4:\"typo\";}s:43:\".landing-block-node-img-container-right-top\";a:2:{s:4:\"name\";s:16:\"Картинка\";s:4:\"type\";a:2:{i:0;s:9:\"animation\";i:1;s:13:\"border-radius\";}}s:46:\".landing-block-node-img-container-right-bottom\";a:2:{s:4:\"name\";s:16:\"Картинка\";s:4:\"type\";a:2:{i:0;s:9:\"animation\";i:1;s:13:\"border-radius\";}}s:38:\".landing-block-node-img-container-left\";a:2:{s:4:\"name\";s:16:\"Картинка\";s:4:\"type\";a:2:{i:0;s:9:\"animation\";i:1;s:13:\"border-radius\";}}}}', '<section class=\"landing-block g-pt-30 g-pb-30\">\r\n\r\n	<div class=\"container\">\r\n		<div class=\"row no-gutters\">\r\n			<div class=\"col-12 col-md-8 g-height-500\">\r\n				<div class=\"h-100 g-pb-15 g-pb-0--md g-pr-30--md\">\r\n					<div class=\"landing-block-node-img-container landing-block-node-img-container-left js-animation fadeInLeft h-100 g-pos-rel g-parent u-block-hover g-rounded-25\">\r\n						<div class=\"landing-block-node-img-big g-bg-img-hero h-100 w-100 u-block-hover__main--zoom-v1\"\r\n							 style=\"background-image: url(https://cdn.bitrix24.site/bitrix/images/landing/business/710x850/img1.jpg);\"></div>\r\n						<div class=\"landing-block-node-img-title-container w-100 g-pos-abs g-bottom-0 g-left-0 g-top-0 g-bg-black-opacity-0_5 opacity-0 g-opacity-1--parent-hover g-pa-20 g-transition-0_2 g-transition--ease-in g-pointer-events-none\">\r\n							<div class=\"h-100 d-flex justify-content-center align-items-center g-brd-around g-brd-white-opacity-0_2 text-uppercase\">\r\n								<h3 class=\"landing-block-node-img-title text-center h3 w-100 g-color-white g-line-height-1_4 g-letter-spacing-5 g-font-size-20 g-pointer-events-all\">\r\n									Analytics\r\n								</h3>\r\n							</div>\r\n						</div>\r\n					</div>\r\n				</div>\r\n			</div>\r\n\r\n			<div class=\"col-12 col-md-4 g-height-500\">\r\n				<div class=\"h-50 g-pb-15\">\r\n					<div class=\"landing-block-node-img-container landing-block-node-img-container-right-top js-animation fadeInRight h-100 g-pos-rel g-parent u-block-hover g-rounded-25\">\r\n						<div class=\"landing-block-node-img-small g-bg-img-hero h-100 w-100 u-block-hover__main--zoom-v1\"\r\n							 style=\"background-image: url(https://cdn.bitrix24.site/bitrix/images/landing/business/370x248/img1.jpg);\"></div>\r\n						<div class=\"landing-block-node-img-title-container w-100 g-pos-abs g-bottom-0 g-left-0 g-top-0 g-bg-black-opacity-0_5 opacity-0 g-opacity-1--parent-hover g-pa-20 g-transition-0_2 g-transition--ease-in g-pointer-events-none\">\r\n							<div class=\"h-100 d-flex justify-content-center align-items-center g-brd-around g-brd-white-opacity-0_2 text-uppercase\">\r\n								<h3 class=\"landing-block-node-img-title text-center h3 w-100 g-color-white g-line-height-1_4 g-letter-spacing-5 g-font-size-20 g-pointer-events-all\">\r\n									Team building\r\n								</h3>\r\n							</div>\r\n						</div>\r\n					</div>\r\n				</div>\r\n\r\n				<div class=\"h-50 g-pt-0 g-pt-15--md\">\r\n					<div class=\"landing-block-node-img-container landing-block-node-img-container-right-bottom js-animation fadeInRight h-100 g-pos-rel g-parent u-block-hover g-rounded-25\">\r\n						<div class=\"landing-block-node-img-small g-bg-img-hero h-100 w-100 u-block-hover__main--zoom-v1\"\r\n							 style=\"background-image: url(https://cdn.bitrix24.site/bitrix/images/landing/business/370x248/img2.jpg);\"></div>\r\n						<div class=\"landing-block-node-img-title-container w-100 g-pos-abs g-bottom-0 g-left-0 g-top-0 g-bg-black-opacity-0_5 opacity-0 g-opacity-1--parent-hover g-pa-20 g-transition-0_2 g-transition--ease-in g-pointer-events-none\">\r\n							<div class=\"h-100 d-flex justify-content-center align-items-center g-brd-around g-brd-white-opacity-0_2 text-uppercase\">\r\n								<h3 class=\"landing-block-node-img-title text-center h3 w-100 g-color-white g-line-height-1_4 g-letter-spacing-5 g-font-size-20 g-pointer-events-all\">\r\n									Work Process\r\n								</h3>\r\n							</div>\r\n						</div>\r\n					</div>\r\n				</div>\r\n			</div>\r\n		</div>\r\n	</div>\r\n\r\n</section>', 1, 1, '2020-02-26 06:26:58', '2020-02-26 06:26:58'),
(233, '33.18.form_2_light_left_video', 'a:5:{s:5:\"block\";a:7:{s:4:\"name\";s:35:\"Форма с видео слева\";s:7:\"section\";a:2:{i:0;s:5:\"video\";i:1;s:5:\"forms\";}s:7:\"dynamic\";b:0;s:7:\"subtype\";s:4:\"form\";s:7:\"version\";s:6:\"18.5.0\";s:4:\"type\";a:3:{i:0;s:4:\"page\";i:1;s:5:\"store\";i:2;s:3:\"smn\";}s:7:\"preview\";s:83:\"//repo.bitrix24.site/bitrix/blocks/bitrix/33.18.form_2_light_left_video/preview.jpg\";}s:5:\"cards\";a:0:{}s:5:\"nodes\";a:1:{s:25:\".landing-block-node-video\";a:2:{s:4:\"name\";s:10:\"Видео\";s:4:\"type\";s:5:\"embed\";}}s:5:\"style\";a:1:{s:29:\".landing-block-node-video-col\";a:2:{s:4:\"name\";s:10:\"Видео\";s:4:\"type\";s:9:\"animation\";}}s:6:\"assets\";a:1:{s:3:\"ext\";a:2:{i:0;s:20:\"landing_inline_video\";i:1;s:12:\"landing_form\";}}}', '<section class=\"g-pos-rel landing-block text-center g-pt-100 g-pb-100\">\n\n	<div class=\"container\">\n\n		<div class=\"landing-block-form-styles\" hidden>\n			<div class=\"g-bg-transparent h1 g-color-white g-brd-none g-pa-0\"\n				 data-form-style-wrapper-padding=\"1\"\n				 data-form-style-bg=\"1\"\n				 data-form-style-bg-content=\"1\"\n				 data-form-style-bg-block=\"1\"\n				 data-form-style-header-font-size=\"1\"\n				 data-form-style-main-font-weight=\"1\"\n				 data-form-style-button-font-color=\"1\"\n				 data-form-style-border-block=\"1\"\n			>\n			</div>\n			<div class=\"g-bg-primary g-color-primary g-brd-primary\"\n				 data-form-style-main-bg=\"1\"\n				 data-form-style-main-border-color=\"1\"\n				 data-form-style-main-font-color-hover=\"1\"\n			>\n			</div>\n			<div class=\"g-bg-gray-light-v5 g-color-gray-dark-v1 g-brd-around g-brd-white rounded-0\"\n				 data-form-style-input-bg=\"1\"\n				 data-form-style-input-select-bg=\"1\"\n				 data-form-style-input-border=\"1\"\n				 data-form-style-input-border-radius=\"1\"\n				 data-form-style-main-font-color=\"1\"\n			>\n			</div>\n			<div class=\"g-brd-around g-brd-gray-light-v2 g-color-gray-dark-v5 g-bg-black-opacity-0_7\"\n				 data-form-style-input-border-color=\"1\"\n				 data-form-style-input-border-hover=\"1\"\n				 data-form-style-icon-font-color=\"1\"\n			>\n			</div>\n\n\n			<!--			for resource booking-->\n			<div class=\"g-bg-gray-dark-v5\"\n				 data-form-style-bg-as-text=\"1\"\n			>\n			</div>\n\n			<div class=\"g-bg-gray-light-v5\"\n				 data-form-style-input-bg-light=\"1\"\n			>\n			</div>\n\n			<div class=\"g-bg-gray-light-v4\"\n				 data-form-style-input-bg-light2=\"1\"\n			>\n			</div>\n\n			<div class=\"g-bg-primary-opacity-0_4\"\n				 data-form-style-main-bg-light=\"1\"\n			>\n			</div>\n			<div class=\"g-bg-white\"\n				 data-form-style-light-bg=\"1\"\n			>\n			</div>\n		</div>\n\n		<div class=\"row align-items-center\">\n			<div class=\"landing-block-node-video-col js-animation slideInRight col-md-6\">\n				<div class=\"landing-block-node-video-container embed-responsive embed-responsive-16by9 mx-auto w-100\">\n					<iframe class=\"landing-block-node-video embed-responsive-item\"\n							width=\"100%\"\n							src=\"//www.youtube.com/embed/q4d8g9Dn3ww?autoplay=0&controls=1&loop=1&mute=0&rel=0\"\n							data-source=\"https://www.youtube.com/watch?v=q4d8g9Dn3ww\"\n							frameborder=\"0\"\n							allowfullscreen=\"\"></iframe>\n				</div>\n			</div>\n			<div class=\"col-md-6\">\n				<div class=\"bitrix24forms g-brd-white-opacity-0_6 u-form-alert-v4\"\n					 data-b24form=\"\"\n					 data-b24form-use-style=\"Y\"\n					 data-b24form-show-header=\"N\"\n				></div>\n			</div>\n		</div>\n	</div>\n</section>', 1, 1, '2020-02-26 06:26:59', '2020-03-11 06:26:35'),
(234, '33.17.form_2_light_right_video', 'a:5:{s:5:\"block\";a:7:{s:4:\"name\";s:37:\"Форма с видео справа\";s:7:\"section\";a:2:{i:0;s:5:\"video\";i:1;s:5:\"forms\";}s:7:\"dynamic\";b:0;s:7:\"subtype\";s:4:\"form\";s:7:\"version\";s:6:\"18.5.0\";s:4:\"type\";a:3:{i:0;s:4:\"page\";i:1;s:5:\"store\";i:2;s:3:\"smn\";}s:7:\"preview\";s:84:\"//repo.bitrix24.site/bitrix/blocks/bitrix/33.17.form_2_light_right_video/preview.jpg\";}s:5:\"cards\";a:0:{}s:5:\"nodes\";a:1:{s:25:\".landing-block-node-video\";a:2:{s:4:\"name\";s:10:\"Видео\";s:4:\"type\";s:5:\"embed\";}}s:5:\"style\";a:1:{s:29:\".landing-block-node-video-col\";a:2:{s:4:\"name\";s:10:\"Видео\";s:4:\"type\";s:9:\"animation\";}}s:6:\"assets\";a:1:{s:3:\"ext\";a:2:{i:0;s:20:\"landing_inline_video\";i:1;s:12:\"landing_form\";}}}', '<section class=\"g-pos-rel landing-block text-center g-pt-100 g-pb-100\">\n\n	<div class=\"container\">\n\n		<div class=\"landing-block-form-styles\" hidden>\n			<div class=\"g-bg-transparent h1 g-color-white g-brd-none g-pa-0\"\n				 data-form-style-wrapper-padding=\"1\"\n				 data-form-style-bg=\"1\"\n				 data-form-style-bg-content=\"1\"\n				 data-form-style-bg-block=\"1\"\n				 data-form-style-header-font-size=\"1\"\n				 data-form-style-main-font-weight=\"1\"\n				 data-form-style-button-font-color=\"1\"\n				 data-form-style-border-block=\"1\"\n			>\n			</div>\n			<div class=\"g-bg-primary g-color-primary g-brd-primary\"\n				 data-form-style-main-bg=\"1\"\n				 data-form-style-main-border-color=\"1\"\n				 data-form-style-main-font-color-hover=\"1\"\n			>\n			</div>\n			<div class=\"g-bg-gray-light-v5 g-color-gray-dark-v1 g-brd-around g-brd-white rounded-0\"\n				 data-form-style-input-bg=\"1\"\n				 data-form-style-input-select-bg=\"1\"\n				 data-form-style-input-border=\"1\"\n				 data-form-style-input-border-radius=\"1\"\n				 data-form-style-main-font-color=\"1\"\n			>\n			</div>\n			<div class=\"g-brd-around g-brd-gray-light-v2 g-color-gray-dark-v5 g-bg-black-opacity-0_7\"\n				 data-form-style-input-border-color=\"1\"\n				 data-form-style-input-border-hover=\"1\"\n				 data-form-style-icon-font-color=\"1\"\n			>\n			</div>\n\n\n			<!--			for resource booking-->\n			<div class=\"g-bg-gray-dark-v5\"\n				 data-form-style-bg-as-text=\"1\"\n			>\n			</div>\n\n			<div class=\"g-bg-gray-light-v5\"\n				 data-form-style-input-bg-light=\"1\"\n			>\n			</div>\n\n			<div class=\"g-bg-gray-light-v4\"\n				 data-form-style-input-bg-light2=\"1\"\n			>\n			</div>\n\n			<div class=\"g-bg-primary-opacity-0_4\"\n				 data-form-style-main-bg-light=\"1\"\n			>\n			</div>\n			<div class=\"g-bg-white\"\n				 data-form-style-light-bg=\"1\"\n			>\n			</div>\n		</div>\n\n		<div class=\"row align-items-center\">\n			<div class=\"col-md-6\">\n				<div class=\"bitrix24forms g-brd-white-opacity-0_6 u-form-alert-v4\"\n					 data-b24form=\"\"\n					 data-b24form-use-style=\"Y\"\n					 data-b24form-show-header=\"N\"\n				></div>\n			</div>\n			<div class=\"landing-block-node-video-col js-animation slideInRight col-md-6\">\n				<div class=\"landing-block-node-video-container embed-responsive embed-responsive-16by9 mx-auto w-100\">\n					<iframe class=\"landing-block-node-video embed-responsive-item\"\n							width=\"100%\"\n							src=\"//www.youtube.com/embed/q4d8g9Dn3ww?autoplay=0&controls=1&loop=1&mute=0&rel=0\"\n							data-source=\"https://www.youtube.com/watch?v=q4d8g9Dn3ww\"\n							frameborder=\"0\"\n							allowfullscreen=\"\"></iframe>\n				</div>\n			</div>\n		</div>\n	</div>\n</section>', 1, 1, '2020-02-26 06:26:59', '2020-03-11 06:26:35'),
(235, '08.5.three_col_text_with_colorstrip_top', 'a:4:{s:5:\"block\";a:3:{s:4:\"name\";s:67:\"Колонки с текстом и цветной полоской\";s:7:\"section\";a:2:{i:0;s:7:\"columns\";i:1;s:4:\"news\";}s:7:\"preview\";s:93:\"//repo.bitrix24.site/bitrix/blocks/bitrix/08.5.three_col_text_with_colorstrip_top/preview.jpg\";}s:5:\"cards\";a:1:{s:19:\".landing-block-card\";a:2:{s:4:\"name\";s:14:\"Колонка\";s:5:\"label\";a:1:{i:0;s:25:\".landing-block-node-title\";}}}s:5:\"nodes\";a:3:{s:25:\".landing-block-node-title\";a:2:{s:4:\"name\";s:18:\"Заголовок\";s:4:\"type\";s:4:\"text\";}s:24:\".landing-block-node-text\";a:2:{s:4:\"name\";s:10:\"Текст\";s:4:\"type\";s:4:\"text\";}s:24:\".landing-block-node-info\";a:2:{s:4:\"name\";s:20:\"Информация\";s:4:\"type\";s:4:\"text\";}}s:5:\"style\";a:7:{s:19:\".landing-block-card\";a:2:{s:4:\"name\";s:14:\"Колонка\";s:4:\"type\";a:3:{i:0;s:7:\"columns\";i:1;s:13:\"margin-bottom\";i:2;s:9:\"animation\";}}s:25:\".landing-block-node-title\";a:2:{s:4:\"name\";s:18:\"Заголовок\";s:4:\"type\";s:4:\"typo\";}s:24:\".landing-block-node-text\";a:2:{s:4:\"name\";s:10:\"Текст\";s:4:\"type\";s:4:\"typo\";}s:20:\".landing-block-inner\";a:2:{s:4:\"name\";s:8:\"Блок\";s:4:\"type\";s:9:\"row-align\";}s:24:\".landing-block-node-info\";a:2:{s:4:\"name\";s:20:\"Информация\";s:4:\"type\";s:4:\"typo\";}s:34:\".landing-block-node-card-container\";a:2:{s:4:\"name\";s:14:\"Колонка\";s:4:\"type\";a:3:{i:0;s:12:\"border-color\";i:1;s:16:\"border-top-color\";i:2;s:13:\"border-radius\";}}s:19:\".landing-block-line\";a:2:{s:4:\"name\";s:14:\"Полоска\";s:4:\"type\";a:3:{i:0;s:10:\"text-align\";i:1;s:5:\"color\";i:2;s:13:\"margin-bottom\";}}}}', '<section class=\"landing-block g-pt-50 g-pb-50\">\r\n	<div class=\"container\">\r\n		<div class=\"landing-block-inner row\">\r\n			<div class=\"landing-block-card col-lg-4 js-animation fadeIn  g-mp-5 g-mb-30\">\r\n				<article class=\"landing-block-node-card-container g-brd-around g-brd-gray-light-v4 g-brd-around g-brd-top-2 g-brd-red-top g-rounded-3 g-pa-25 g-pb-11\">\r\n					<h2 class=\"landing-block-node-title u-heading-v2__title g-font-weight-300\">\r\n						<p>We are a firm Company24</p>\r\n					</h2>\r\n					<div class=\"landing-block-line u-heading-v2-6--bottom g-mb-20 g-font-size-14\"></div>\r\n					<div class=\"landing-block-node-text lead\">\r\n						<p>Nullam elementum tincidunt massa, a pulvinar leo ultricies ut. Ut fringilla lectus tellusimp\r\n							imperdiet molestie est volutpat at.</p>\r\n					</div>\r\n					<hr class=\"landing-block-dividing-strip g-mt-45 g-mb-20\">\r\n					<div class=\"landing-block-node-info font-italic g-font-size-12\">\r\n						<p>By: Alex / In: Web Trends / Posted: Aug 25, 2016</p>\r\n					</div>\r\n				</article>\r\n			</div>\r\n\r\n			<div class=\"landing-block-card col-lg-4 js-animation fadeIn  g-mp-5 g-mb-30\">\r\n				<article class=\"landing-block-node-card-container g-brd-around g-brd-top-2 g-brd-gray-light-v4 g-brd-green-top g-rounded-3 g-pa-25 g-pb-11\">\r\n					<h2 class=\"landing-block-node-title u-heading-v2__title g-font-weight-300\">\r\n						<p>Over 1000 Components For Your Projects</p>\r\n					</h2>\r\n					<div class=\"landing-block-line u-heading-v2-6--bottom g-mb-20 g-font-size-14\"></div>\r\n					<div class=\"landing-block-node-text lead\">\r\n						<p>Nullam elementum tincidunt massa, a pulvinar leo ultricies ut. Ut fringilla lectus tellusimp\r\n							imperdiet molestie est volutpat at.</p>\r\n					</div>\r\n					<hr class=\"landing-block-dividing-strip g-mt-45 g-mb-20\">\r\n					<div class=\"landing-block-node-info font-italic g-font-size-12\">\r\n						<p>By: Tom / In: Tech / Posted: Aug 24, 2016</p>\r\n					</div>\r\n				</article>\r\n			</div>\r\n\r\n			<div class=\"landing-block-card col-lg-4 js-animation fadeIn  g-mp-5 g-mb-30\">\r\n				<article class=\"landing-block-node-card-container g-brd-around g-brd-gray-light-v4 g-brd-around g-brd-top-2 g-brd-blue-top g-rounded-3 g-pa-25 g-pb-11\">\r\n					<h2 class=\"landing-block-node-title u-heading-v2__title g-font-weight-300\">\r\n						<p>Build your project with Company24</p>\r\n					</h2>\r\n					<div class=\"landing-block-line u-heading-v2-6--bottom g-mb-20 g-font-size-14\"></div>\r\n					<div class=\"landing-block-node-text lead\">\r\n						<p>Nullam elementum tincidunt massa, a pulvinar leo ultricies ut. Ut fringilla lectus tellusimp\r\n							imperdiet molestie est volutpat at.</p>\r\n					</div>\r\n					<hr class=\"landing-block-dividing-strip g-mt-45 g-mb-20\">\r\n					<div class=\"landing-block-node-info font-italic g-font-size-12\">\r\n						<p>By: Kate / In: Startups / Posted: Aug 24, 2016</p>\r\n					</div>\r\n				</article>\r\n			</div>\r\n		</div>\r\n	</div>\r\n</section>', 1, 1, '2020-02-26 06:26:59', '2020-02-26 06:26:59'),
(236, '18.2.two_cols_fix_img_text_button_with_cards', 'a:4:{s:5:\"block\";a:3:{s:4:\"name\";s:79:\"Список страниц с маленькой картинкой слева\";s:7:\"section\";a:2:{i:0;s:5:\"tiles\";i:1;s:4:\"news\";}s:7:\"preview\";s:98:\"//repo.bitrix24.site/bitrix/blocks/bitrix/18.2.two_cols_fix_img_text_button_with_cards/preview.jpg\";}s:5:\"cards\";a:1:{s:19:\".landing-block-card\";a:2:{s:4:\"name\";s:16:\"Карточка\";s:5:\"label\";a:2:{i:0;s:23:\".landing-block-node-img\";i:1;s:25:\".landing-block-node-title\";}}}s:5:\"nodes\";a:4:{s:23:\".landing-block-node-img\";a:3:{s:4:\"name\";s:16:\"Картинка\";s:4:\"type\";s:3:\"img\";s:10:\"dimensions\";a:1:{s:5:\"width\";i:255;}}s:25:\".landing-block-node-title\";a:2:{s:4:\"name\";s:18:\"Заголовок\";s:4:\"type\";s:4:\"text\";}s:24:\".landing-block-node-text\";a:2:{s:4:\"name\";s:10:\"Текст\";s:4:\"type\";s:4:\"text\";}s:24:\".landing-block-node-link\";a:2:{s:4:\"name\";s:12:\"Ссылка\";s:4:\"type\";s:4:\"link\";}}s:5:\"style\";a:4:{s:19:\".landing-block-card\";a:2:{s:4:\"name\";s:16:\"Карточка\";s:4:\"type\";a:2:{i:0;s:11:\"align-items\";i:1;s:9:\"animation\";}}s:25:\".landing-block-node-title\";a:2:{s:4:\"name\";s:18:\"Заголовок\";s:4:\"type\";a:1:{i:0;s:4:\"typo\";}}s:24:\".landing-block-node-text\";a:2:{s:4:\"name\";s:10:\"Текст\";s:4:\"type\";a:1:{i:0;s:4:\"typo\";}}s:24:\".landing-block-node-link\";a:2:{s:4:\"name\";s:12:\"Ссылка\";s:4:\"type\";a:1:{i:0;s:9:\"typo-link\";}}}}', '<section class=\"landing-block g-pt-40 g-pb-40 g-bg-transparent container\">\r\n	<article class=\"landing-block-card row g-flex-centered--md js-animation fadeIn align-items-center g-mb-30 g-mb-0--last\">\r\n		<div class=\"col-lg-3 col-md-3 col-6 g-min-width-150 g-mb-10 g-mb-0--md\">\r\n			<img class=\"landing-block-node-img img-fluid g-width-200 g-width-auto--lg g-mb-0--lg mx-auto\"\r\n				 src=\"https://cdn.bitrix24.site/bitrix/images/landing/business/540x335/img1.jpg\" alt=\"\">\r\n		</div>\r\n\r\n		<div class=\"col-lg-6 col-md-8 col-12\">\r\n			<h2 class=\"landing-block-node-title g-line-height-1_1 g-font-weight-700 g-font-size-20 g-mb-10 g-color-black g-font-montserrat\">\r\n				Exclusive interview with InVision\'s CEO</h2>\r\n			<div class=\"landing-block-node-text g-line-height-1_2 g-font-size-14 g-color-black-opacity-0_8 g-font-open-sans\">\r\n				In rutrum tellus vitae blandit lacinia. Phasellus eget sapien odio. Phasellus eget sapien odio.\r\n				Vivamus at risus quis leo tincidunt scelerisque non et erat.\r\n			</div>\r\n		</div>\r\n\r\n		<div class=\"col-lg-2 col-md-10 col-12 text-right\">\r\n			<a class=\"landing-block-node-link g-color-gray-dark-v2 g-color-primary--hover g-font-weight-600 g-font-size-12 g-text-underline--none--hover text-uppercase g-color-primary g-color-teal--hover g-font-open-sans\"\r\n			   href=\"#\">\r\n				Read more ...\r\n			</a>\r\n		</div>\r\n	</article>\r\n\r\n	<article class=\"landing-block-card row g-flex-centered--md js-animation fadeIn align-items-center g-mb-30 g-mb-0--last\">\r\n		<div class=\"col-lg-3 col-md-3 col-6 g-min-width-150 g-mb-10 g-mb-0--md\">\r\n			<img class=\"landing-block-node-img img-fluid g-width-200 g-width-auto--lg g-mb-0--lg mx-auto\"\r\n				 src=\"https://cdn.bitrix24.site/bitrix/images/landing/business/540x335/img2.jpg\" alt=\"\">\r\n		</div>\r\n\r\n		<div class=\"col-lg-6 col-md-8 col-12\">\r\n			<h2 class=\"landing-block-node-title g-line-height-1_1 g-font-weight-700 g-font-size-20 g-mb-10 g-color-black g-font-montserrat\">\r\n				We build your website to realise your vision, project and more</h2>\r\n			<div class=\"landing-block-node-text g-line-height-1_2 g-font-size-14 g-color-black-opacity-0_8 g-font-open-sans\">\r\n				In rutrum tellus vitae blandit lacinia. Phasellus eget sapien odio. Phasellus eget sapien odio.\r\n				Vivamus at risus quis leo tincidunt scelerisque non et erat.\r\n			</div>\r\n		</div>\r\n\r\n		<div class=\"col-lg-2 col-md-10 col-12 text-right\">\r\n			<a class=\"landing-block-node-link g-color-gray-dark-v2 g-color-primary--hover g-font-weight-600 g-font-size-12 g-text-underline--none--hover text-uppercase g-color-primary g-color-teal--hover g-font-open-sans\"\r\n			   href=\"#\">\r\n				Read more ...\r\n			</a>\r\n		</div>\r\n	</article>\r\n\r\n	<article class=\"landing-block-card row g-flex-centered--md js-animation fadeIn align-items-center g-mb-30 g-mb-0--last\">\r\n		<div class=\"col-lg-3 col-md-3 col-6 g-min-width-150 g-mb-10 g-mb-0--md\">\r\n			<img class=\"landing-block-node-img img-fluid g-width-200 g-width-auto--lg g-mb-0--lg mx-auto\"\r\n				 src=\"https://cdn.bitrix24.site/bitrix/images/landing/business/540x335/img3.jpg\" alt=\"\">\r\n		</div>\r\n\r\n		<div class=\"col-lg-6 col-md-8 col-12\">\r\n			<h2 class=\"landing-block-node-title g-line-height-1_1 g-font-weight-700 g-font-size-20 g-mb-10 g-color-black g-font-montserrat\">\r\n				Government plans to test new primary school of programming</h2>\r\n			<div class=\"landing-block-node-text g-line-height-1_2 g-font-size-14 g-color-black-opacity-0_8 g-font-open-sans\">\r\n				In rutrum tellus vitae blandit lacinia. Phasellus eget sapien odio. Phasellus eget sapien odio.\r\n				Vivamus at risus quis leo tincidunt scelerisque non et erat.\r\n			</div>\r\n		</div>\r\n\r\n		<div class=\"col-lg-2 col-md-10 col-12 text-right\">\r\n			<a class=\"landing-block-node-link g-color-gray-dark-v2 g-color-primary--hover g-font-weight-600 g-font-size-12 g-text-underline--none--hover text-uppercase g-color-primary g-color-teal--hover g-font-open-sans\"\r\n			   href=\"#\">\r\n				Read more ...\r\n			</a>\r\n		</div>\r\n	</article>\r\n</section>', 1, 1, '2020-02-26 06:26:59', '2020-02-26 06:26:59'),
(237, '52.3.mini_text_titile_with_btn_right', 'a:4:{s:5:\"block\";a:3:{s:4:\"name\";s:66:\"Текст в две стройки с кнопкой справа\";s:7:\"section\";a:1:{i:0;s:5:\"tiles\";}s:7:\"preview\";s:90:\"//repo.bitrix24.site/bitrix/blocks/bitrix/52.3.mini_text_titile_with_btn_right/preview.jpg\";}s:5:\"cards\";a:0:{}s:5:\"nodes\";a:3:{s:24:\".landing-block-node-text\";a:2:{s:4:\"name\";s:10:\"Текст\";s:4:\"type\";s:4:\"text\";}s:25:\".landing-block-node-title\";a:2:{s:4:\"name\";s:18:\"Заголовок\";s:4:\"type\";s:4:\"text\";}s:26:\".landing-block-node-button\";a:2:{s:4:\"name\";s:12:\"Кнопка\";s:4:\"type\";s:4:\"link\";}}s:5:\"style\";a:2:{s:5:\"block\";a:1:{s:4:\"type\";a:2:{i:0;s:13:\"block-default\";i:1;s:12:\"block-border\";}}s:5:\"nodes\";a:6:{s:29:\".landing-block-node-container\";a:2:{s:4:\"name\";s:16:\"Элементы\";s:4:\"type\";s:11:\"align-items\";}s:34:\".landing-block-node-text-container\";a:2:{s:4:\"name\";s:10:\"Текст\";s:4:\"type\";s:9:\"animation\";}s:25:\".landing-block-node-title\";a:2:{s:4:\"name\";s:18:\"Заголовок\";s:4:\"type\";s:4:\"typo\";}s:24:\".landing-block-node-text\";a:2:{s:4:\"name\";s:10:\"Текст\";s:4:\"type\";s:4:\"typo\";}s:26:\".landing-block-node-button\";a:2:{s:4:\"name\";s:12:\"Кнопка\";s:4:\"type\";a:1:{i:0;s:6:\"button\";}}s:36:\".landing-block-node-button-container\";a:2:{s:4:\"name\";s:12:\"Кнопка\";s:4:\"type\";a:2:{i:0;s:10:\"text-align\";i:1;s:9:\"animation\";}}}}}', '<section class=\"landing-block g-pt-10 g-pb-10\">\r\n	<div class=\"container\">\r\n		<div class=\"landing-block-node-container row g-flex-centered align-items-end\">\r\n			<div class=\"landing-block-node-text-container text-left col-8 js-animation slideInLeft\">\r\n				<h6 class=\"landing-block-node-title h6 g-mb-0\">\r\n					Contact us\r\n				</h6>\r\n				<div class=\"landing-block-node-text g-font-size-14\">\r\n					+469 548 521\r\n				</div>\r\n			</div>\r\n			<div class=\"landing-block-node-button-container text-right col-4 js-animation slideInRight d-flex justify-content-end\">\r\n				<a class=\"landing-block-node-button btn btn-sm text-uppercase u-btn-primary rounded-0 g-px-15 g-font-weight-700 g-mb-0\"\r\n				   href=\"tel:+469548521\">\r\n					Contact\r\n				</a>\r\n			</div>\r\n		</div>\r\n	</div>\r\n</section>', 1, 1, '2020-02-26 06:26:59', '2020-02-26 06:26:59'),
(238, '52.4.mini_text_titile_with_btn_left', 'a:4:{s:5:\"block\";a:3:{s:4:\"name\";s:62:\"Текст в две строки с кнопкой слева\";s:7:\"section\";a:1:{i:0;s:5:\"tiles\";}s:7:\"preview\";s:89:\"//repo.bitrix24.site/bitrix/blocks/bitrix/52.4.mini_text_titile_with_btn_left/preview.jpg\";}s:5:\"cards\";a:0:{}s:5:\"nodes\";a:3:{s:24:\".landing-block-node-text\";a:2:{s:4:\"name\";s:10:\"Текст\";s:4:\"type\";s:4:\"text\";}s:25:\".landing-block-node-title\";a:2:{s:4:\"name\";s:18:\"Заголовок\";s:4:\"type\";s:4:\"text\";}s:26:\".landing-block-node-button\";a:2:{s:4:\"name\";s:12:\"Кнопка\";s:4:\"type\";s:4:\"link\";}}s:5:\"style\";a:2:{s:5:\"block\";a:1:{s:4:\"type\";a:2:{i:0;s:13:\"block-default\";i:1;s:12:\"block-border\";}}s:5:\"nodes\";a:6:{s:29:\".landing-block-node-container\";a:2:{s:4:\"name\";s:16:\"Элементы\";s:4:\"type\";s:11:\"align-items\";}s:34:\".landing-block-node-text-container\";a:2:{s:4:\"name\";s:10:\"Текст\";s:4:\"type\";s:9:\"animation\";}s:25:\".landing-block-node-title\";a:2:{s:4:\"name\";s:18:\"Заголовок\";s:4:\"type\";s:4:\"typo\";}s:24:\".landing-block-node-text\";a:2:{s:4:\"name\";s:10:\"Текст\";s:4:\"type\";s:4:\"typo\";}s:26:\".landing-block-node-button\";a:2:{s:4:\"name\";s:12:\"Кнопка\";s:4:\"type\";a:1:{i:0;s:6:\"button\";}}s:36:\".landing-block-node-button-container\";a:2:{s:4:\"name\";s:12:\"Кнопка\";s:4:\"type\";a:2:{i:0;s:10:\"text-align\";i:1;s:9:\"animation\";}}}}}', '<section class=\"landing-block g-pt-10 g-pb-10\">\r\n	<div class=\"container\">\r\n		<div class=\"landing-block-node-container row g-flex-centered align-items-end\">\r\n			<div class=\"landing-block-node-button-container text-left col-4 js-animation slideInLeft\">\r\n				<a class=\"landing-block-node-button btn btn-sm text-uppercase u-btn-primary rounded-0 g-px-15 g-font-weight-700 g-mb-0\"\r\n				   href=\"tel:+469548521\">\r\n					Contact\r\n				</a>\r\n			</div>\r\n			<div class=\"landing-block-node-text-container text-right col-8 js-animation slideInRight\">\r\n				<h6 class=\"landing-block-node-title h6 g-mb-0\">\r\n					Contact us\r\n				</h6>\r\n				<div class=\"landing-block-node-text g-font-size-14\">\r\n					+469 548 521\r\n				</div>\r\n			</div>\r\n		</div>\r\n	</div>\r\n</section>', 1, 1, '2020-02-26 06:26:59', '2020-02-26 06:26:59'),
(239, '52.2.text_with_btn_left', 'a:4:{s:5:\"block\";a:3:{s:4:\"name\";s:39:\"Текст с кнопкой слева\";s:7:\"section\";a:1:{i:0;s:5:\"tiles\";}s:7:\"preview\";s:77:\"//repo.bitrix24.site/bitrix/blocks/bitrix/52.2.text_with_btn_left/preview.jpg\";}s:5:\"cards\";a:0:{}s:5:\"nodes\";a:2:{s:24:\".landing-block-node-text\";a:2:{s:4:\"name\";s:10:\"Текст\";s:4:\"type\";s:4:\"text\";}s:26:\".landing-block-node-button\";a:2:{s:4:\"name\";s:12:\"Кнопка\";s:4:\"type\";s:4:\"link\";}}s:5:\"style\";a:3:{s:24:\".landing-block-node-text\";a:2:{s:4:\"name\";s:10:\"Текст\";s:4:\"type\";a:2:{i:0;s:4:\"typo\";i:1;s:9:\"animation\";}}s:26:\".landing-block-node-button\";a:2:{s:4:\"name\";s:12:\"Кнопка\";s:4:\"type\";a:1:{i:0;s:6:\"button\";}}s:36:\".landing-block-node-button-container\";a:2:{s:4:\"name\";s:12:\"Кнопка\";s:4:\"type\";a:2:{i:0;s:10:\"text-align\";i:1;s:9:\"animation\";}}}}', '<section class=\"landing-block g-pt-30 g-pb-30\">\r\n	<div class=\"container g-max-width-800\">\r\n		<div class=\"row g-flex-centered\">\r\n			<div class=\"landing-block-node-button-container text-center col-md-4 col-lg-4 js-animation slideInLeft\">\r\n				<a class=\"landing-block-node-button btn btn-md text-uppercase u-btn-primary rounded-0 g-px-15 g-font-weight-700 g-mb-15 g-mb-0--sm\" href=\"#\">\r\n					Projects\r\n				</a>\r\n			</div>\r\n			<div class=\"landing-block-node-text text-center col-md-8 col-lg-8 js-animation slideInRight\">\r\n				<p>\r\n					Sed eget aliquet nisl. Proin laoreet accumsan nisl non vestibulum.\r\n					Donec molestie, lorem nec sollicitudin elementum\r\n					tristique senectus et netus et malesuada fames ac turpis egestas.\r\n				</p>\r\n			</div>\r\n		</div>\r\n	</div>\r\n</section>', 1, 1, '2020-02-26 06:26:59', '2020-02-26 06:26:59'),
(240, '41.2.1.text_blocks_slider_on_color_bg_left', 'a:5:{s:5:\"block\";a:3:{s:4:\"name\";s:129:\"Перелистываемые карточки с текстом и кнопкой справа и картинкой слева\";s:7:\"section\";a:1:{i:0;s:5:\"tiles\";}s:7:\"preview\";s:96:\"//repo.bitrix24.site/bitrix/blocks/bitrix/41.2.1.text_blocks_slider_on_color_bg_left/preview.jpg\";}s:5:\"cards\";a:1:{s:24:\".landing-block-node-card\";a:2:{s:4:\"name\";s:8:\"Блок\";s:5:\"label\";a:2:{i:0;s:30:\".landing-block-node-card-photo\";i:1;s:30:\".landing-block-node-card-title\";}}}s:5:\"nodes\";a:6:{s:33:\".landing-block-node-card-subtitle\";a:2:{s:4:\"name\";s:24:\"Подзаголовок\";s:4:\"type\";s:4:\"text\";}s:30:\".landing-block-node-card-title\";a:2:{s:4:\"name\";s:18:\"Заголовок\";s:4:\"type\";s:4:\"text\";}s:29:\".landing-block-node-card-text\";a:2:{s:4:\"name\";s:10:\"Текст\";s:4:\"type\";s:4:\"text\";}s:30:\".landing-block-node-card-price\";a:2:{s:4:\"name\";s:8:\"Цена\";s:4:\"type\";s:4:\"text\";}s:31:\".landing-block-node-card-button\";a:2:{s:4:\"name\";s:12:\"Кнопка\";s:4:\"type\";s:4:\"link\";}s:30:\".landing-block-node-card-photo\";a:3:{s:4:\"name\";s:20:\"Фотография\";s:4:\"type\";s:3:\"img\";s:10:\"dimensions\";a:2:{s:5:\"width\";i:540;s:6:\"height\";i:810;}}}s:5:\"style\";a:7:{s:33:\".landing-block-node-card-subtitle\";a:2:{s:4:\"name\";s:24:\"Подзаголовок\";s:4:\"type\";s:4:\"typo\";}s:30:\".landing-block-node-card-title\";a:2:{s:4:\"name\";s:18:\"Заголовок\";s:4:\"type\";a:3:{i:0;s:4:\"typo\";i:1;s:23:\"background-color-before\";i:2;s:9:\"animation\";}}s:29:\".landing-block-node-card-text\";a:2:{s:4:\"name\";s:10:\"Текст\";s:4:\"type\";a:2:{i:0;s:4:\"typo\";i:1;s:9:\"animation\";}}s:30:\".landing-block-node-card-price\";a:2:{s:4:\"name\";s:8:\"Цена\";s:4:\"type\";s:4:\"typo\";}s:31:\".landing-block-node-card-button\";a:2:{s:4:\"name\";s:12:\"Кнопка\";s:4:\"type\";a:2:{i:0;s:6:\"button\";i:1;s:9:\"animation\";}}s:41:\".landing-block-node-card-button-container\";a:2:{s:4:\"name\";s:12:\"Кнопка\";s:4:\"type\";a:1:{i:0;s:10:\"text-align\";}}s:34:\".landing-block-node-card-container\";a:2:{s:4:\"name\";s:8:\"Блок\";s:4:\"type\";a:1:{i:0;s:11:\"align-items\";}}}s:6:\"assets\";a:1:{s:3:\"ext\";a:1:{i:0;s:16:\"landing_carousel\";}}}', '<section class=\"g-bg-primary g-pt-100 g-pb-100\">\r\n	<div class=\"container\">\r\n		<section class=\"js-carousel\"\r\n				 data-pagi-classes=\"u-carousel-indicators-v1--white-inverse justify-content-center align-items-center g-mt-15 g-pos-rel\">\r\n			<div class=\"landing-block-node-card js-slide align-self-center\">\r\n				<!-- Article -->\r\n				<article class=\"row flex-items-middle landing-block-node-card-container align-items-center text-center\">\r\n					<div class=\"col-lg-6\">\r\n						<!-- Article Image -->\r\n						<img class=\"landing-block-node-card-photo img-fluid g-width-360 g-width-auto--lg mx-auto\"\r\n							 src=\"https://cdn.bitrix24.site/bitrix/images/landing/business/700x700/img1.png\" alt=\"\">\r\n						<!-- End Article Image -->\r\n					</div>\r\n\r\n					<div class=\"col-lg-6 g-mb-0 g-mb-50--lg\">\r\n						<div class=\"text-uppercase text-center u-heading-v5-3 u-heading-v5-color-primary u-heading-v5-rounded-50x g-mb-20\">\r\n							<h4 class=\"landing-block-node-card-subtitle g-font-weight-700 g-font-size-12 g-color-white-opacity-0_7 g-mb-15\">From\r\n								chef</h4>\r\n							<h2 class=\"landing-block-node-card-title js-animation fadeInRight u-heading-v5__title g-line-height-1_2 g-font-weight-700 g-font-size-40 g-color-white g-bg-white--before g-pb-40\">\r\n								Green soup with croutons</h2>\r\n						</div>\r\n\r\n						<div class=\"landing-block-node-card-text js-animation fadeIn g-px-70--md g-color-white-opacity-0_7 g-mb-25\">\r\n							<p>Sed feugiat porttitor nunc, non dignissim ipsum\r\n								vestibulum in. Donec in blandit dolor. Vivamus a fringilla lorem, vel faucibus ante.</p>\r\n						</div>\r\n\r\n						<div class=\"landing-block-node-card-price font-weight-bold g-color-white g-font-size-26 g-mb-30\">$14.00</div>\r\n						<div class=\"landing-block-node-card-button-container\">\r\n							<a class=\"landing-block-node-card-button js-animation fadeIn btn text-uppercase u-btn-white g-font-weight-700 g-font-size-11 g-color-gray-dark-v2 g-brd-none rounded-0 g-px-30 g-py-25\"\r\n							   href=\"#\">Book now\r\n							</a>\r\n						</div>\r\n					</div>\r\n				</article>\r\n				<!-- End Article -->\r\n			</div>\r\n\r\n			<div class=\"landing-block-node-card js-slide align-self-center\">\r\n				<!-- Article -->\r\n				<article class=\"row flex-items-middle text-center landing-block-node-card-container align-items-center\">\r\n					<div class=\"col-lg-6\">\r\n						<!-- Article Image -->\r\n						<img class=\"landing-block-node-card-photo img-fluid g-width-360 g-width-auto--lg mx-auto\"\r\n							 src=\"https://cdn.bitrix24.site/bitrix/images/landing/business/700x700/img2.png\" alt=\"\">\r\n						<!-- End Article Image -->\r\n					</div>\r\n\r\n					<div class=\"col-lg-6 g-mb-0 g-mb-50--lg\">\r\n						<div class=\"text-uppercase text-center u-heading-v5-3 u-heading-v5-color-primary u-heading-v5-rounded-50x g-mb-20\">\r\n							<h4 class=\"landing-block-node-card-subtitle g-font-weight-700 g-font-size-12 g-color-white-opacity-0_7 g-mb-15\">From\r\n								chef</h4>\r\n							<h2 class=\"landing-block-node-card-title js-animation fadeInRight u-heading-v5__title g-line-height-1_2 g-font-weight-700 g-font-size-40 g-color-white g-bg-white--before g-pb-40\">\r\n								Spaghetti</h2>\r\n						</div>\r\n\r\n						<div class=\"landing-block-node-card-text js-animation fadeIn g-px-70--md g-color-white-opacity-0_7 g-mb-25\">\r\n							<p>Sed feugiat porttitor nunc, non dignissim ipsum\r\n								vestibulum in. Donec in blandit dolor. Vivamus a fringilla lorem, vel faucibus ante.</p>\r\n						</div>\r\n\r\n						<div class=\"landing-block-node-card-price font-weight-bold g-color-white g-font-size-26 g-mb-30\">$14.00</div>\r\n						<div class=\"landing-block-node-card-button-container\">\r\n							<a class=\"landing-block-node-card-button js-animation fadeIn btn text-uppercase u-btn-white g-font-weight-700 g-font-size-11 g-color-gray-dark-v2 g-brd-none rounded-0 g-px-30 g-py-25\"\r\n							   href=\"#\">Book now\r\n							</a>\r\n						</div>\r\n					</div>\r\n				</article>\r\n				<!-- End Article -->\r\n			</div>\r\n\r\n			<div class=\"landing-block-node-card js-slide align-self-center\">\r\n				<!-- Article -->\r\n				<article class=\"row flex-items-middle text-center landing-block-node-card-container align-items-center\">\r\n					<div class=\"col-lg-6\">\r\n						<!-- Article Image -->\r\n						<img class=\"landing-block-node-card-photo img-fluid g-width-360 g-width-auto--lg mx-auto\"\r\n							 src=\"https://cdn.bitrix24.site/bitrix/images/landing/business/700x700/img3.png\" alt=\"\">\r\n						<!-- End Article Image -->\r\n					</div>\r\n\r\n					<div class=\"col-lg-6 g-mb-0 g-mb-50--lg\">\r\n						<div class=\"text-uppercase text-center u-heading-v5-3 u-heading-v5-color-primary u-heading-v5-rounded-50x g-mb-20\">\r\n							<h4 class=\"landing-block-node-card-subtitle g-font-weight-700 g-font-size-12 g-color-white-opacity-0_7 g-mb-15\">From\r\n								chef</h4>\r\n							<h2 class=\"landing-block-node-card-title js-animation fadeInRight u-heading-v5__title g-line-height-1_2 g-font-weight-700 g-font-size-40 g-color-white g-bg-white--before g-pb-40\">\r\n								Green soup with croutons</h2>\r\n						</div>\r\n\r\n						<div class=\"landing-block-node-card-text js-animation fadeIn g-px-70--md g-color-white-opacity-0_7 g-mb-25\">\r\n							<p>Sed feugiat porttitor nunc, non dignissim ipsum\r\n								vestibulum in. Donec in blandit dolor. Vivamus a fringilla lorem, vel faucibus ante.</p>\r\n						</div>\r\n\r\n						<div class=\"landing-block-node-card-price font-weight-bold g-color-white g-font-size-26 g-mb-30\">$14.00</div>\r\n						<div class=\"landing-block-node-card-button-container\">\r\n							<a class=\"landing-block-node-card-button js-animation fadeIn btn text-uppercase u-btn-white g-font-weight-700 g-font-size-11 g-color-gray-dark-v2 g-brd-none rounded-0 g-px-30 g-py-25\"\r\n							   href=\"#\">Book now\r\n							</a>\r\n						</div>\r\n					</div>\r\n				</article>\r\n				<!-- End Article -->\r\n			</div>\r\n\r\n			<div class=\"landing-block-node-card js-slide align-self-center\">\r\n				<!-- Article -->\r\n				<article class=\"row flex-items-middle text-center landing-block-node-card-container align-items-center\">\r\n					<div class=\"col-lg-6\">\r\n						<!-- Article Image -->\r\n						<img class=\"landing-block-node-card-photo img-fluid g-width-360 g-width-auto--lg mx-auto\"\r\n							 src=\"https://cdn.bitrix24.site/bitrix/images/landing/business/700x700/img4.png\" alt=\"\">\r\n						<!-- End Article Image -->\r\n					</div>\r\n\r\n					<div class=\"col-lg-6 g-mb-0 g-mb-50--lg\">\r\n						<div class=\"text-uppercase text-center u-heading-v5-3 u-heading-v5-color-primary u-heading-v5-rounded-50x g-mb-20\">\r\n							<h4 class=\"landing-block-node-card-subtitle g-font-weight-700 g-font-size-12 g-color-white-opacity-0_7 g-mb-15\">From\r\n								chef</h4>\r\n							<h2 class=\"landing-block-node-card-title js-animation fadeInRight u-heading-v5__title g-line-height-1_2 g-font-weight-700 g-font-size-40 g-color-white g-bg-white--before g-pb-40\">\r\n								Green soup with croutons</h2>\r\n						</div>\r\n\r\n						<div class=\"landing-block-node-card-text js-animation fadeIn g-px-70--md g-color-white-opacity-0_7 g-mb-25\">\r\n							<p>Sed feugiat porttitor nunc, non dignissim ipsum\r\n								vestibulum in. Donec in blandit dolor. Vivamus a fringilla lorem, vel faucibus ante.</p>\r\n						</div>\r\n\r\n						<div class=\"landing-block-node-card-price font-weight-bold g-color-white g-font-size-26 g-mb-30\">$14.00</div>\r\n						<div class=\"landing-block-node-card-button-container\">\r\n							<a class=\"landing-block-node-card-button js-animation fadeIn btn text-uppercase u-btn-white g-font-weight-700 g-font-size-11 g-color-gray-dark-v2 g-brd-none rounded-0 g-px-30 g-py-25\"\r\n							   href=\"#\">Book now\r\n							</a>\r\n						</div>\r\n					</div>\r\n				</article>\r\n				<!-- End Article -->\r\n			</div>\r\n\r\n			<div class=\"landing-block-node-card js-slide align-self-center\">\r\n				<!-- Article -->\r\n				<article class=\"row flex-items-middle text-center landing-block-node-card-container align-items-center\">\r\n					<div class=\"col-lg-6\">\r\n						<!-- Article Image -->\r\n						<img class=\"landing-block-node-card-photo img-fluid g-width-360 g-width-auto--lg mx-auto\"\r\n							 src=\"https://cdn.bitrix24.site/bitrix/images/landing/business/700x700/img5.png\" alt=\"\">\r\n						<!-- End Article Image -->\r\n					</div>\r\n\r\n					<div class=\"col-lg-6 g-mb-0 g-mb-50--lg\">\r\n						<div class=\"text-uppercase text-center u-heading-v5-3 u-heading-v5-color-primary u-heading-v5-rounded-50x g-mb-20\">\r\n							<h4 class=\"landing-block-node-card-subtitle g-font-weight-700 g-font-size-12 g-color-white-opacity-0_7 g-mb-15\">From\r\n								chef</h4>\r\n							<h2 class=\"landing-block-node-card-title js-animation fadeInRight u-heading-v5__title g-line-height-1_2 g-font-weight-700 g-font-size-40 g-color-white g-bg-white--before g-pb-40\">\r\n								Green soup with croutons</h2>\r\n						</div>\r\n\r\n						<div class=\"landing-block-node-card-text js-animation fadeIn g-px-70--md g-color-white-opacity-0_7 g-mb-25\">\r\n							<p>Sed feugiat porttitor nunc, non dignissim ipsum\r\n								vestibulum in. Donec in blandit dolor. Vivamus a fringilla lorem, vel faucibus ante.</p>\r\n						</div>\r\n\r\n						<div class=\"landing-block-node-card-price font-weight-bold g-color-white g-font-size-26 g-mb-30\">$14.00</div>\r\n						<div class=\"landing-block-node-card-button-container\">\r\n							<a class=\"landing-block-node-card-button js-animation fadeIn btn text-uppercase u-btn-white g-font-weight-700 g-font-size-11 g-color-gray-dark-v2 g-brd-none rounded-0 g-px-30 g-py-25\"\r\n							   href=\"#\">Book now\r\n							</a>\r\n						</div>\r\n					</div>\r\n				</article>\r\n				<!-- End Article -->\r\n			</div>\r\n		</section>\r\n	</div>\r\n</section>', 1, 1, '2020-02-26 06:26:59', '2020-02-26 06:26:59'),
(241, '53.app_buttons', 'a:4:{s:5:\"block\";a:3:{s:4:\"name\";s:73:\"Две кнопки приложений в центре страницы\";s:7:\"section\";a:1:{i:0;s:5:\"tiles\";}s:7:\"preview\";s:68:\"//repo.bitrix24.site/bitrix/blocks/bitrix/53.app_buttons/preview.jpg\";}s:5:\"cards\";a:0:{}s:5:\"nodes\";a:2:{s:26:\".landing-block-node-button\";a:2:{s:4:\"name\";s:12:\"Кнопка\";s:4:\"type\";s:4:\"link\";}s:30:\".landing-block-node-button-img\";a:3:{s:4:\"name\";s:36:\"Картинка для кнопки\";s:4:\"type\";s:3:\"img\";s:5:\"group\";s:6:\"button\";}}s:5:\"style\";a:1:{s:36:\".landing-block-node-button-container\";a:2:{s:4:\"name\";s:12:\"Кнопка\";s:4:\"type\";a:2:{i:0;s:10:\"text-align\";i:1;s:9:\"animation\";}}}}', '<section class=\"landing-block text-center g-pt-30 g-pb-30\">\r\n	<div class=\"container g-max-width-800\">\r\n		<div class=\"row g-flex-centered\">\r\n			<div class=\"landing-block-node-button-container text-center col-md-4 col-lg-4 js-animation fadeInUp\">\r\n				<a href=\"#\" class=\"landing-block-node-button\">\r\n					<img class=\"landing-block-node-button-img g-height-42\" src=\"https://cdn.bitrix24.site/bitrix/images/landing/app-store-badge.svg\"\r\n						 alt=\"Download app from App Store\">\r\n				</a>\r\n			</div>\r\n			<div class=\"landing-block-node-button-container text-center col-md-4 col-lg-4 js-animation fadeInUp\">\r\n				<a href=\"#\" class=\"landing-block-node-button\">\r\n					<img class=\"landing-block-node-button-img g-height-42\" src=\"https://cdn.bitrix24.site/bitrix/images/landing/google-play-badge.svg\"\r\n						 alt=\"Download app from Play Market\">\r\n				</a>\r\n			</div>\r\n		</div>\r\n	</div>\r\n</section>', 1, 1, '2020-02-26 06:26:59', '2020-02-26 06:26:59');
INSERT INTO `b_landing_manifest` (`ID`, `CODE`, `MANIFEST`, `CONTENT`, `CREATED_BY_ID`, `MODIFIED_BY_ID`, `DATE_CREATE`, `DATE_MODIFY`) VALUES
(242, '31.7.img_with_title_and_text', 'a:4:{s:5:\"block\";a:3:{s:4:\"name\";s:99:\"Список страниц с картинкой между заголовком и текстом\";s:7:\"section\";a:2:{i:0;s:5:\"tiles\";i:1;s:4:\"news\";}s:7:\"preview\";s:82:\"//repo.bitrix24.site/bitrix/blocks/bitrix/31.7.img_with_title_and_text/preview.jpg\";}s:5:\"cards\";a:1:{s:19:\".landing-block-card\";a:2:{s:4:\"name\";s:99:\"Список страниц с картинкой между заголовком и текстом\";s:5:\"label\";a:2:{i:0;s:23:\".landing-block-node-img\";i:1;s:25:\".landing-block-node-title\";}}}s:5:\"nodes\";a:5:{s:25:\".landing-block-node-title\";a:2:{s:4:\"name\";s:18:\"Заголовок\";s:4:\"type\";s:4:\"text\";}s:24:\".landing-block-node-text\";a:2:{s:4:\"name\";s:10:\"Текст\";s:4:\"type\";s:4:\"text\";}s:23:\".landing-block-node-img\";a:3:{s:4:\"name\";s:16:\"Картинка\";s:4:\"type\";s:3:\"img\";s:10:\"dimensions\";a:1:{s:5:\"width\";i:1254;}}s:29:\".landing-block-node-read-more\";a:2:{s:4:\"name\";s:12:\"Ссылка\";s:4:\"type\";s:4:\"link\";}s:28:\".landing-block-node-subtitle\";a:2:{s:4:\"name\";s:24:\"Подзаголовок\";s:4:\"type\";s:4:\"text\";}}s:5:\"style\";a:6:{s:25:\".landing-block-node-title\";a:2:{s:4:\"name\";s:18:\"Заголовок\";s:4:\"type\";a:2:{i:0;s:4:\"typo\";i:1;s:13:\"margin-bottom\";}}s:29:\".landing-block-node-read-more\";a:2:{s:4:\"name\";s:12:\"Ссылка\";s:4:\"type\";a:2:{i:0;s:9:\"typo-link\";i:1;s:13:\"margin-bottom\";}}s:24:\".landing-block-node-text\";a:2:{s:4:\"name\";s:10:\"Текст\";s:4:\"type\";a:2:{i:0;s:4:\"typo\";i:1;s:10:\"margin-top\";}}s:19:\".landing-block-card\";a:2:{s:4:\"name\";s:16:\"Карточка\";s:4:\"type\";a:4:{i:0;s:9:\"animation\";i:1;s:13:\"margin-bottom\";i:2;s:11:\"padding-top\";i:3;s:14:\"padding-bottom\";}}s:28:\".landing-block-node-subtitle\";a:2:{s:4:\"name\";s:24:\"Подзаголовок\";s:4:\"type\";a:1:{i:0;s:4:\"typo\";}}s:33:\".landing-block-node-img-container\";a:2:{s:4:\"name\";s:24:\"Подзаголовок\";s:4:\"type\";a:1:{i:0;s:10:\"text-align\";}}}}', '<section class=\"landing-block g-font-open-sans\">\r\n	<div class=\"container\">\r\n		<div class=\"landing-block-card js-animation fadeIn g-mx-15 u-block-hover g-pt-30 g-pb-30 g-mb-30 g-mb-0--last\">\r\n			<div class=\"landing-block-node-padding-y g-px-100--md\">\r\n				<div class=\"landing-block-node-subtitle g-font-size-12\">\r\n					<p>Alex Teseira - 6 June 2017</p>\r\n				</div>\r\n				<h2 class=\"landing-block-node-title g-color-black g-font-weight-600 g-mb-50\">\r\n					Talking Why Her?\r\n				</h2>\r\n			</div>\r\n			<div class=\"landing-block-node-img-container g-overflow-hidden\">\r\n				<img class=\"landing-block-node-img u-block-hover__main--mover-down img-fluid\" src=\"https://cdn.bitrix24.site/bitrix/images/landing/business/1920x1280/img12.jpg\" >\r\n			</div>\r\n			<div class=\"landing-block-node-padding-y g-px-100--md\">\r\n				<div class=\"landing-block-node-text mb-4 g-font-size-18 g-line-height-2 mb-0 g-mt-30\">\r\n					<p>Working together on the daily requires each individual to let the greater good of the team\'s work surface above their own ego. It\'s important to stay detail oriented with every project we tackle.</p>\r\n				</div><a class=\"landing-block-node-read-more g-color-gray-dark-v2 g-color-primary--hover g-font-weight-600 g-font-size-12 g-text-underline--none--hover text-uppercase\" href=\"#\">Read more ...</a>\r\n			</div>\r\n		</div>\r\n\r\n		<div class=\"landing-block-card js-animation fadeIn g-mx-15 u-block-hover g-pt-30 g-pb-30 g-mb-30 g-mb-0--last\">\r\n			<div class=\"landing-block-node-padding-y g-px-100--md\">\r\n				<div class=\"landing-block-node-subtitle g-font-size-12\">\r\n					<p>William Sh. - 1 June 2017</p>\r\n				</div>\r\n				<h2 class=\"landing-block-node-title g-color-black g-font-weight-600 g-mb-50\">\r\n					Talking about us?\r\n				</h2>\r\n			</div>\r\n			<div class=\"landing-block-node-img-container g-overflow-hidden\">\r\n				<img class=\"landing-block-node-img u-block-hover__main--mover-down img-fluid\" src=\"https://cdn.bitrix24.site/bitrix/images/landing/business/1400x700/img2.jpg\" >\r\n			</div>\r\n			<div class=\"landing-block-node-padding-y g-px-100--md\">\r\n				<div class=\"landing-block-node-text mb-4 g-font-size-18 g-line-height-2 mb-0 g-mt-30\">\r\n					<p>Company24 completes every project with experience hand.</p>\r\n					</div>\r\n					<a class=\"landing-block-node-read-more g-color-gray-dark-v2 g-color-primary--hover g-font-weight-600 g-font-size-12 g-text-underline--none--hover text-uppercase\" href=\"#\">Read more ...</a>\r\n			</div>\r\n		</div>\r\n	</div>\r\n</section>', 1, 1, '2020-02-26 06:26:59', '2020-02-26 06:26:59'),
(243, '31.5.two_cols_img_and_title_text_button', 'a:4:{s:5:\"block\";a:3:{s:4:\"name\";s:91:\"Список страниц с картинкой слева и ссылкой справа\";s:7:\"section\";a:2:{i:0;s:5:\"tiles\";i:1;s:4:\"news\";}s:7:\"preview\";s:93:\"//repo.bitrix24.site/bitrix/blocks/bitrix/31.5.two_cols_img_and_title_text_button/preview.jpg\";}s:5:\"cards\";a:1:{s:19:\".landing-block-card\";a:2:{s:4:\"name\";s:16:\"Карточка\";s:5:\"label\";a:2:{i:0;s:23:\".landing-block-node-img\";i:1;s:25:\".landing-block-node-title\";}}}s:5:\"nodes\";a:5:{s:28:\".landing-block-node-subtitle\";a:2:{s:4:\"name\";s:24:\"Подзаголовок\";s:4:\"type\";s:4:\"text\";}s:25:\".landing-block-node-title\";a:2:{s:4:\"name\";s:18:\"Заголовок\";s:4:\"type\";s:4:\"text\";}s:24:\".landing-block-node-text\";a:2:{s:4:\"name\";s:10:\"Текст\";s:4:\"type\";s:4:\"text\";}s:24:\".landing-block-node-link\";a:2:{s:4:\"name\";s:12:\"Ссылка\";s:4:\"type\";s:4:\"link\";}s:23:\".landing-block-node-img\";a:3:{s:4:\"name\";s:16:\"Картинка\";s:4:\"type\";s:3:\"img\";s:10:\"dimensions\";a:1:{s:5:\"width\";i:540;}}}s:5:\"style\";a:7:{s:19:\".landing-block-card\";a:2:{s:4:\"name\";s:16:\"Карточка\";s:4:\"type\";a:3:{i:0;s:2:\"bg\";i:1;s:11:\"align-items\";i:2;s:13:\"margin-bottom\";}}s:23:\".landing-block-node-img\";a:2:{s:4:\"name\";s:14:\"Колонка\";s:4:\"type\";s:9:\"animation\";}s:28:\".landing-block-node-col-text\";a:2:{s:4:\"name\";s:14:\"Колонка\";s:4:\"type\";s:9:\"animation\";}s:28:\".landing-block-node-subtitle\";a:2:{s:4:\"name\";s:24:\"Подзаголовок\";s:4:\"type\";s:4:\"typo\";}s:25:\".landing-block-node-title\";a:2:{s:4:\"name\";s:18:\"Заголовок\";s:4:\"type\";s:4:\"typo\";}s:24:\".landing-block-node-text\";a:2:{s:4:\"name\";s:10:\"Текст\";s:4:\"type\";s:4:\"typo\";}s:24:\".landing-block-node-link\";a:2:{s:4:\"name\";s:12:\"Ссылка\";s:4:\"type\";s:9:\"typo-link\";}}}', '<section class=\"landing-block g-pt-50 g-pb-50\">\r\n	<div class=\"container\">\r\n		<article class=\"landing-block-card row no-gutters align-items-center g-mb-30 g-mb-0--last\">\r\n			<div class=\"landing-block-node-col-img col-md-6 g-pr-15--md\">\r\n				<img class=\"landing-block-node-img img-fluid w-100 js-animation fadeInLeft\"\r\n					 src=\"https://cdn.bitrix24.site/bitrix/images/landing/business/600x400/img8.jpg\">\r\n			</div>\r\n			<div class=\"landing-block-node-col-text col-md-6 g-py-30 g-px-15 g-px-30--md g-px-45--lg js-animation fadeInRight\">\r\n				<h4 class=\"landing-block-node-subtitle g-color-gray-dark-v4 g-font-weight-600 g-font-size-12\">\r\n					Alex Teseira &nbsp;&mdash;&nbsp; 5 June 2017\r\n				</h4>\r\n				<h2 class=\"landing-block-node-title h3 g-color-black g-font-weight-600 mb-4\">\r\n					Exclusive interview with InVision\'s CEO\r\n				</h2>\r\n				<div class=\"landing-block-node-text\">\r\n					<p>Sed feugiat porttitor nunc, non dignissim ipsum vestibulum in. Donec in blandit dolor. Vivamus a\r\n						fringilla lorem, vel faucibus ante. Nunc ullamcorper, justo a iaculis elementum, enim orci viverra\r\n						eros, fringilla\r\n						porttitor lorem eros vel odio.</p>\r\n					<p>In rutrum tellus vitae blandit lacinia. Phasellus eget sapien odio. Phasellus eget sapien odio.\r\n						Vivamus at risus quis leo tincidunt scelerisque non et erat.</p>\r\n				</div>\r\n				<a class=\"landing-block-node-link g-color-gray-dark-v2 g-color-primary--hover g-font-weight-600 g-font-size-12 g-text-underline--none--hover text-uppercase\"\r\n				   href=\"#\">\r\n					Read more ...\r\n				</a>\r\n			</div>\r\n		</article>\r\n\r\n		<article class=\"landing-block-card row no-gutters align-items-center g-mb-30 g-mb-0--last\">\r\n			<div class=\"landing-block-node-col-img col-md-6 g-pr-15--md\">\r\n				<img class=\"landing-block-node-img img-fluid w-100 js-animation fadeInLeft\"\r\n					 src=\"https://cdn.bitrix24.site/bitrix/images/landing/business/600x400/img8.jpg\">\r\n			</div>\r\n			<div class=\"landing-block-node-col-text col-md-6 g-py-30 g-px-15 g-px-30--md g-px-45--lg js-animation fadeInRight\">\r\n				<h4 class=\"landing-block-node-subtitle g-color-gray-dark-v4 g-font-weight-600 g-font-size-12\">\r\n					William Sh. &nbsp;&mdash;&nbsp; 1 June 2017\r\n				</h4>\r\n				<h2 class=\"landing-block-node-title h3 g-color-black g-font-weight-600 mb-4\">\r\n					We build your website to realise your vision, project and more\r\n				</h2>\r\n				<div class=\"landing-block-node-text\">\r\n					<p>Sed feugiat porttitor nunc, non dignissim ipsum vestibulum in. Donec in blandit dolor. Vivamus a\r\n						fringilla lorem, vel faucibus ante. Nunc ullamcorper, justo a iaculis elementum, enim orci viverra\r\n						eros, fringilla\r\n						porttitor lorem eros vel odio.</p>\r\n					<p>In rutrum tellus vitae blandit lacinia. Phasellus eget sapien odio. Phasellus eget sapien odio.\r\n						Vivamus at risus quis leo tincidunt scelerisque non et erat.</p>\r\n				</div>\r\n				<a class=\"landing-block-node-link g-color-gray-dark-v2 g-color-primary--hover g-font-weight-600 g-font-size-12 g-text-underline--none--hover text-uppercase\"\r\n				   href=\"#\">\r\n					Read more ...\r\n				</a>\r\n			</div>\r\n		</article>\r\n	</div>\r\n</section>', 1, 1, '2020-02-26 06:26:59', '2020-02-26 06:26:59'),
(244, '55.1.list_of_links', 'a:4:{s:5:\"block\";a:3:{s:4:\"name\";s:43:\"Список ссылок в столбец\";s:7:\"section\";a:1:{i:0;s:5:\"tiles\";}s:7:\"preview\";s:72:\"//repo.bitrix24.site/bitrix/blocks/bitrix/55.1.list_of_links/preview.jpg\";}s:5:\"cards\";a:1:{s:29:\".landing-block-node-list-item\";a:2:{s:4:\"name\";s:12:\"Ссылка\";s:5:\"label\";a:1:{i:0;s:29:\".landing-block-node-link-text\";}}}s:5:\"nodes\";a:2:{s:24:\".landing-block-node-link\";a:4:{s:4:\"name\";s:12:\"Ссылка\";s:4:\"type\";s:4:\"link\";s:5:\"group\";s:4:\"link\";s:11:\"skipContent\";b:1;}s:29:\".landing-block-node-link-text\";a:5:{s:4:\"name\";s:23:\"Текст ссылки\";s:4:\"type\";s:4:\"text\";s:5:\"group\";s:4:\"link\";s:15:\"allowInlineEdit\";b:0;s:8:\"textOnly\";b:1;}}s:5:\"style\";a:2:{s:5:\"block\";a:1:{s:4:\"type\";a:2:{i:0;s:13:\"block-default\";i:1;s:12:\"block-border\";}}s:5:\"nodes\";a:3:{s:34:\".landing-block-node-list-container\";a:2:{s:4:\"name\";s:12:\"Список\";s:4:\"type\";s:9:\"row-align\";}s:29:\".landing-block-node-list-item\";a:2:{s:4:\"name\";s:12:\"Ссылка\";s:4:\"type\";a:3:{i:0;s:12:\"border-color\";i:1;s:12:\"border-width\";i:2;s:9:\"animation\";}}s:24:\".landing-block-node-link\";a:2:{s:4:\"name\";s:12:\"Ссылка\";s:4:\"type\";s:9:\"typo-link\";}}}}', '<section class=\"landing-block g-pt-30 g-pb-30 g-pl-15 g-pr-15\">\r\n	<div class=\"landing-block-node-list-container row no-gutters justify-content-center\">\r\n		<ul class=\"landing-block-node-list list-unstyled w-100 g-max-width-384 g-mb-0\">\r\n			<li class=\"landing-block-node-list-item g-brd-bottom g-brd-gray-light-v3 g-brd-1 g-py-12 js-animation fadeInRight\">\r\n				<a class=\"landing-block-node-link row no-gutters justify-content-between align-items-center g-text-decoration-none--hover g-color-gray-dark-v5 g-color-primary--hover\" href=\"#\">\r\n					<span class=\"landing-block-node-link-text d-block\">About us</span>\r\n					<span class=\"landing-block-node-link-icon-container d-block g-valign-middle g-mr-5 g-font-size-12 g-opacity-0_5\">\r\n						<i class=\"landing-block-node-link-icon hs-icon hs-icon-arrow-right\"></i>\r\n					</span>\r\n				</a>\r\n			</li>\r\n			\r\n			<li class=\"landing-block-node-list-item g-brd-bottom g-brd-gray-light-v3 g-brd-1 g-py-12 js-animation fadeInRight\">\r\n				<a class=\"landing-block-node-link row no-gutters justify-content-between align-items-center g-text-decoration-none--hover g-color-gray-dark-v5 g-color-primary--hover\" href=\"#\">\r\n					<span class=\"landing-block-node-link-text d-block\">Contacts</span>\r\n					<span class=\"landing-block-node-link-icon-container d-block g-valign-middle g-mr-5 g-font-size-12 g-opacity-0_5\">\r\n						<i class=\"landing-block-node-link-icon hs-icon hs-icon-arrow-right\"></i>\r\n					</span>\r\n				</a>\r\n			</li>\r\n			\r\n			<li class=\"landing-block-node-list-item g-brd-bottom g-brd-gray-light-v3 g-brd-1 g-py-12 js-animation fadeInRight\">\r\n				<a class=\"landing-block-node-link row no-gutters justify-content-between align-items-center g-text-decoration-none--hover g-color-gray-dark-v5 g-color-primary--hover\" href=\"#\">\r\n					<span class=\"landing-block-node-link-text d-block\">FAQ</span>\r\n					<span class=\"landing-block-node-link-icon-container d-block g-valign-middle g-mr-5 g-font-size-12 g-opacity-0_5\">\r\n						<i class=\"landing-block-node-link-icon hs-icon hs-icon-arrow-right\"></i>\r\n					</span>\r\n				</a>\r\n			</li>\r\n			\r\n			<li class=\"landing-block-node-list-item g-brd-bottom g-brd-gray-light-v3 g-brd-1 g-py-12 js-animation fadeInRight\">\r\n				<a class=\"landing-block-node-link row no-gutters justify-content-between align-items-center g-text-decoration-none--hover g-color-gray-dark-v5 g-color-primary--hover\" href=\"#\">\r\n					<span class=\"landing-block-node-link-text d-block\">Information</span>\r\n					<span class=\"landing-block-node-link-icon-container d-block g-valign-middle g-mr-5 g-font-size-12 g-opacity-0_5\">\r\n						<i class=\"landing-block-node-link-icon hs-icon hs-icon-arrow-right\"></i>\r\n					</span>\r\n				</a>\r\n			</li>\r\n		</ul>\r\n	</div>\r\n</section>', 1, 1, '2020-02-26 06:26:59', '2020-02-26 06:26:59'),
(245, '52.1.text_with_btn_right', 'a:4:{s:5:\"block\";a:3:{s:4:\"name\";s:41:\"Текст с кнопкой справа\";s:7:\"section\";a:1:{i:0;s:5:\"tiles\";}s:7:\"preview\";s:78:\"//repo.bitrix24.site/bitrix/blocks/bitrix/52.1.text_with_btn_right/preview.jpg\";}s:5:\"cards\";a:0:{}s:5:\"nodes\";a:2:{s:24:\".landing-block-node-text\";a:2:{s:4:\"name\";s:10:\"Текст\";s:4:\"type\";s:4:\"text\";}s:26:\".landing-block-node-button\";a:2:{s:4:\"name\";s:12:\"Кнопка\";s:4:\"type\";s:4:\"link\";}}s:5:\"style\";a:3:{s:24:\".landing-block-node-text\";a:2:{s:4:\"name\";s:10:\"Текст\";s:4:\"type\";a:2:{i:0;s:4:\"typo\";i:1;s:9:\"animation\";}}s:26:\".landing-block-node-button\";a:2:{s:4:\"name\";s:12:\"Кнопка\";s:4:\"type\";a:1:{i:0;s:6:\"button\";}}s:36:\".landing-block-node-button-container\";a:2:{s:4:\"name\";s:12:\"Кнопка\";s:4:\"type\";a:2:{i:0;s:10:\"text-align\";i:1;s:9:\"animation\";}}}}', '<section class=\"landing-block g-pt-30 g-pb-30\">\r\n	<div class=\"container g-max-width-800\">\r\n		<div class=\"row g-flex-centered\">\r\n			<div class=\"landing-block-node-text text-center col-md-8 col-lg-8 js-animation slideInLeft\">\r\n				<p>\r\n					Sed eget aliquet nisl. Proin laoreet accumsan nisl non vestibulum.\r\n					Donec molestie, lorem nec sollicitudin elementum\r\n					tristique senectus et netus et malesuada fames ac turpis egestas.\r\n				</p>\r\n			</div>\r\n			<div class=\"landing-block-node-button-container text-center col-md-4 col-lg-4 js-animation slideInRight\">\r\n				<a class=\"landing-block-node-button btn btn-md text-uppercase u-btn-primary rounded-0 g-px-15 g-font-weight-700\" href=\"#\">\r\n					Projects\r\n				</a>\r\n			</div>\r\n		</div>\r\n	</div>\r\n</section>', 1, 1, '2020-02-26 06:26:59', '2020-02-26 06:26:59'),
(246, '19.7.cover_with_img_text_and_standart_buttons', 'a:4:{s:5:\"block\";a:4:{s:4:\"name\";s:76:\"Текст с двумя кнопками и картинкой справа\";s:7:\"section\";a:1:{i:0;s:5:\"tiles\";}s:7:\"dynamic\";b:0;s:7:\"preview\";s:99:\"//repo.bitrix24.site/bitrix/blocks/bitrix/19.7.cover_with_img_text_and_standart_buttons/preview.jpg\";}s:5:\"cards\";a:1:{s:24:\".landing-block-node-card\";a:2:{s:4:\"name\";s:12:\"Кнопка\";s:5:\"label\";a:1:{i:0;s:31:\".landing-block-node-card-button\";}}}s:5:\"nodes\";a:4:{s:25:\".landing-block-node-title\";a:2:{s:4:\"name\";s:18:\"Заголовок\";s:4:\"type\";s:4:\"text\";}s:24:\".landing-block-node-text\";a:2:{s:4:\"name\";s:10:\"Текст\";s:4:\"type\";s:4:\"text\";}s:23:\".landing-block-node-img\";a:3:{s:4:\"name\";s:16:\"Картинка\";s:4:\"type\";s:3:\"img\";s:10:\"dimensions\";a:1:{s:5:\"width\";i:540;}}s:31:\".landing-block-node-card-button\";a:2:{s:4:\"name\";s:12:\"Кнопка\";s:4:\"type\";s:4:\"link\";}}s:5:\"style\";a:4:{s:25:\".landing-block-node-title\";a:2:{s:4:\"name\";s:18:\"Заголовок\";s:4:\"type\";s:4:\"typo\";}s:24:\".landing-block-node-text\";a:2:{s:4:\"name\";s:10:\"Текст\";s:4:\"type\";s:4:\"typo\";}s:23:\".landing-block-node-img\";a:2:{s:4:\"name\";s:16:\"Картинка\";s:4:\"type\";a:1:{i:0;s:9:\"animation\";}}s:31:\".landing-block-node-card-button\";a:2:{s:4:\"name\";s:12:\"Кнопка\";s:4:\"type\";s:6:\"button\";}}}', '<section class=\"landing-block g-bg-gray-light-v5 g-pt-0 g-pb-0\">\r\n	<div class=\"container\">\r\n		<div class=\"row\">\r\n			<div class=\"col-md-6 col-lg-5 offset-lg-1 d-flex text-center text-md-left\">\r\n				<div class=\"align-self-center\">\r\n					<h2 class=\"landing-block-node-title text-uppercase g-line-height-1_3 g-font-size-36 g-mb-20 g-mb-30--lg\">\r\n						We created\r\n						<br><span style=\"font-weight: bold;\">revolution in app</span></h2>\r\n					<div class=\"g-mb-20 g-mb-35--lg\">\r\n						<div class=\"landing-block-node-text\">\r\n							Lorem ipsum dolor sit amet, consectetuer adipiscing elit.\r\n							Aenean commodo ligula eget dolor. Aenean massa. Cum sociis natoque penatibus et magnis dis\r\n							parturient montes, nascetur ridiculus mus.\r\n						</div>\r\n					</div>\r\n\r\n					<div class=\"container-fluid px-0\">\r\n						<div class=\"row no-gutters justify-content-center justify-content-md-start\">\r\n							<div class=\"landing-block-node-card g-mb-12 g-mr-12\">\r\n								<a class=\"landing-block-node-card-button btn btn-sm btn-lg--sm g-rounded-10 text-uppercase u-btn-primary rounded-0\" href=\"#\">\r\n									Learn more\r\n								</a>\r\n							</div>\r\n\r\n							<div class=\"landing-block-node-card g-mb-12 g-mr-12\">\r\n								<a class=\"landing-block-node-card-button btn btn-sm btn-lg--sm g-rounded-10 text-uppercase u-btn-primary rounded-0\" href=\"#\">\r\n									Contact us\r\n								</a>\r\n							</div>\r\n						</div>\r\n					</div>\r\n				</div>\r\n			</div>\r\n\r\n			<div class=\"col-md-6 col-lg-6 g-overflow-hidden align-self-end\">\r\n				<img class=\"landing-block-node-img js-animation slideInUp img-fluid\" src=\"https://cdn.bitrix24.site/bitrix/images/landing/business/540x540/img1.png\"\r\n					 alt=\"\">\r\n			</div>\r\n		</div>\r\n	</div>\r\n</section>', 1, 1, '2020-02-26 06:26:59', '2020-02-26 06:26:59'),
(247, '31.6.two_cols_title_text_button_and_img', 'a:4:{s:5:\"block\";a:3:{s:4:\"name\";s:91:\"Список страниц с картинкой справа и ссылкой слева\";s:7:\"section\";a:2:{i:0;s:5:\"tiles\";i:1;s:4:\"news\";}s:7:\"preview\";s:93:\"//repo.bitrix24.site/bitrix/blocks/bitrix/31.6.two_cols_title_text_button_and_img/preview.jpg\";}s:5:\"cards\";a:1:{s:19:\".landing-block-card\";a:2:{s:4:\"name\";s:16:\"Карточка\";s:5:\"label\";a:2:{i:0;s:23:\".landing-block-node-img\";i:1;s:25:\".landing-block-node-title\";}}}s:5:\"nodes\";a:5:{s:28:\".landing-block-node-subtitle\";a:2:{s:4:\"name\";s:24:\"Подзаголовок\";s:4:\"type\";s:4:\"text\";}s:25:\".landing-block-node-title\";a:2:{s:4:\"name\";s:18:\"Заголовок\";s:4:\"type\";s:4:\"text\";}s:24:\".landing-block-node-text\";a:2:{s:4:\"name\";s:10:\"Текст\";s:4:\"type\";s:4:\"text\";}s:24:\".landing-block-node-link\";a:2:{s:4:\"name\";s:12:\"Ссылка\";s:4:\"type\";s:4:\"link\";}s:23:\".landing-block-node-img\";a:3:{s:4:\"name\";s:16:\"Картинка\";s:4:\"type\";s:3:\"img\";s:10:\"dimensions\";a:1:{s:5:\"width\";i:578;}}}s:5:\"style\";a:7:{s:19:\".landing-block-card\";a:2:{s:4:\"name\";s:16:\"Карточка\";s:4:\"type\";a:3:{i:0;s:2:\"bg\";i:1;s:11:\"align-items\";i:2;s:13:\"margin-bottom\";}}s:23:\".landing-block-node-img\";a:2:{s:4:\"name\";s:14:\"Колонка\";s:4:\"type\";s:9:\"animation\";}s:28:\".landing-block-node-col-text\";a:2:{s:4:\"name\";s:14:\"Колонка\";s:4:\"type\";s:9:\"animation\";}s:28:\".landing-block-node-subtitle\";a:2:{s:4:\"name\";s:24:\"Подзаголовок\";s:4:\"type\";s:4:\"typo\";}s:25:\".landing-block-node-title\";a:2:{s:4:\"name\";s:18:\"Заголовок\";s:4:\"type\";s:4:\"typo\";}s:24:\".landing-block-node-text\";a:2:{s:4:\"name\";s:10:\"Текст\";s:4:\"type\";s:4:\"typo\";}s:24:\".landing-block-node-link\";a:2:{s:4:\"name\";s:12:\"Ссылка\";s:4:\"type\";s:9:\"typo-link\";}}}', '<section class=\"landing-block g-pt-50 g-pb-50\">\r\n	<div class=\"container\">\r\n		<article class=\"landing-block-card row no-gutters align-items-center g-mb-30 g-mb-0--last\">\r\n			<div class=\"landing-block-node-col-text col-md-6 order-2 order-md-1 g-py-30 g-px-15 g-px-30--md g-px-45--lg js-animation fadeInLeft\">\r\n				<h4 class=\"landing-block-node-subtitle g-color-gray-dark-v4 g-font-weight-600 g-font-size-12\">\r\n					Alex Teseira &nbsp;&mdash;&nbsp; 5 June 2017\r\n				</h4>\r\n				<h2 class=\"landing-block-node-title h3 g-color-black g-font-weight-600 mb-4\">\r\n					Exclusive interview with InVision\'s CEO\r\n				</h2>\r\n				<div class=\"landing-block-node-text\">\r\n					<p>Sed feugiat porttitor nunc, non dignissim ipsum vestibulum in. Donec in blandit dolor. Vivamus a\r\n						fringilla lorem, vel faucibus ante. Nunc ullamcorper, justo a iaculis elementum, enim orci viverra\r\n						eros, fringilla\r\n						porttitor lorem eros vel odio.</p>\r\n					<p>In rutrum tellus vitae blandit lacinia. Phasellus eget sapien odio. Phasellus eget sapien odio.\r\n						Vivamus at risus quis leo tincidunt scelerisque non et erat.</p>\r\n				</div>\r\n				<a class=\"landing-block-node-link g-color-gray-dark-v2 g-color-primary--hover g-font-weight-600 g-font-size-12 g-text-underline--none--hover text-uppercase\"\r\n				   href=\"#\">\r\n					Read more ...\r\n				</a>\r\n			</div>\r\n			<div class=\"landing-block-node-col-img col-md-6 order-1 order-md-2 g-pl-15--md\">\r\n				<img class=\"landing-block-node-img img-fluid w-100 js-animation fadeInRight\"\r\n					 src=\"https://cdn.bitrix24.site/bitrix/images/landing/business/600x400/img8.jpg\">\r\n			</div>\r\n		</article>\r\n\r\n		<article class=\"landing-block-card row no-gutters align-items-center g-mb-30 g-mb-0--last\">\r\n			<div class=\"landing-block-node-col-text col-md-6 order-2 order-md-1 g-py-30 g-px-15 g-px-30--md g-px-45--lg js-animation fadeInLeft\">\r\n				<h4 class=\"landing-block-node-subtitle g-color-gray-dark-v4 g-font-weight-600 g-font-size-12\">\r\n					William Sh. &nbsp;&mdash;&nbsp; 1 June 2017\r\n				</h4>\r\n				<h2 class=\"landing-block-node-title h3 g-color-black g-font-weight-600 mb-4\">\r\n					We build your website to realise your vision, project and more\r\n				</h2>\r\n				<div class=\"landing-block-node-text\">\r\n					<p>Sed feugiat porttitor nunc, non dignissim ipsum vestibulum in. Donec in blandit dolor. Vivamus a\r\n						fringilla lorem, vel faucibus ante. Nunc ullamcorper, justo a iaculis elementum, enim orci viverra\r\n						eros, fringilla\r\n						porttitor lorem eros vel odio.</p>\r\n					<p>In rutrum tellus vitae blandit lacinia. Phasellus eget sapien odio. Phasellus eget sapien odio.\r\n						Vivamus at risus quis leo tincidunt scelerisque non et erat.</p>\r\n				</div>\r\n				<a class=\"landing-block-node-link g-color-gray-dark-v2 g-color-primary--hover g-font-weight-600 g-font-size-12 g-text-underline--none--hover text-uppercase\"\r\n				   href=\"#\">\r\n					Read more ...\r\n				</a>\r\n			</div>\r\n			<div class=\"landing-block-node-col-img col-md-6 order-1 order-md-2 g-pl-15--md\">\r\n				<img class=\"landing-block-node-img img-fluid w-100 js-animation fadeInRight\"\r\n					 src=\"https://cdn.bitrix24.site/bitrix/images/landing/business/600x400/img8.jpg\">\r\n			</div>\r\n		</article>\r\n	</div>\r\n</section>', 1, 1, '2020-02-26 06:26:59', '2020-02-26 06:26:59'),
(248, '35.7.header_logo_and_slogan', 'a:3:{s:5:\"block\";a:4:{s:4:\"name\";s:52:\"Шапка с логотипом и слоганом\";s:7:\"section\";a:1:{i:0;s:4:\"menu\";}s:7:\"dynamic\";b:0;s:7:\"preview\";s:81:\"//repo.bitrix24.site/bitrix/blocks/bitrix/35.7.header_logo_and_slogan/preview.jpg\";}s:5:\"nodes\";a:2:{s:24:\".landing-block-node-logo\";a:3:{s:4:\"name\";s:14:\"Логотип\";s:4:\"type\";s:3:\"img\";s:10:\"dimensions\";a:2:{s:8:\"maxWidth\";i:304;s:9:\"maxHeight\";i:304;}}s:24:\".landing-block-node-text\";a:2:{s:4:\"name\";s:12:\"Слоган\";s:4:\"type\";s:4:\"text\";}}s:5:\"style\";a:2:{s:24:\".landing-block-node-text\";a:2:{s:4:\"name\";s:12:\"Слоган\";s:4:\"type\";a:1:{i:0;s:4:\"typo\";}}s:29:\".landing-block-node-container\";a:2:{s:4:\"name\";s:8:\"Блок\";s:4:\"type\";a:2:{i:0;s:10:\"text-align\";i:1;s:19:\"container-max-width\";}}}}', '<header class=\"landing-block landing-block-menu g-pt-20 g-pb-20\">\r\n	<div class=\"landing-block-node-container container text-center\">\r\n		<img class=\"landing-block-node-logo img-fluid g-mb-5\"\r\n			 src=\"https://cdn.bitrix24.site/bitrix/images/landing/logos/real-estate-logo.png\" alt=\"Logo\">\r\n		<h5 class=\"landing-block-node-text h5 mb-0 font-italic\">Slogan goes here</h5>\r\n	</div>\r\n</header>', 1, 1, '2020-02-26 06:26:59', '2020-02-26 06:26:59'),
(249, '35.8.header_logo_and_slogan_row', 'a:3:{s:5:\"block\";a:4:{s:4:\"name\";s:76:\"Шапка с логотипом слева и слоганом справа\";s:7:\"section\";a:1:{i:0;s:4:\"menu\";}s:7:\"dynamic\";b:0;s:7:\"preview\";s:85:\"//repo.bitrix24.site/bitrix/blocks/bitrix/35.8.header_logo_and_slogan_row/preview.jpg\";}s:5:\"nodes\";a:2:{s:24:\".landing-block-node-logo\";a:3:{s:4:\"name\";s:14:\"Логотип\";s:4:\"type\";s:3:\"img\";s:10:\"dimensions\";a:2:{s:8:\"maxWidth\";i:180;s:9:\"maxHeight\";i:60;}}s:24:\".landing-block-node-text\";a:2:{s:4:\"name\";s:12:\"Слоган\";s:4:\"type\";s:4:\"text\";}}s:5:\"style\";a:2:{s:23:\".landing-block-node-row\";a:2:{s:4:\"name\";s:16:\"Элементы\";s:4:\"type\";a:1:{i:0;s:11:\"align-items\";}}s:24:\".landing-block-node-text\";a:2:{s:4:\"name\";s:12:\"Слоган\";s:4:\"type\";a:1:{i:0;s:9:\"typo-link\";}}}}', '<header class=\"landing-block landing-block-menu g-pt-20 g-pb-20\">\r\n	<div class=\"container\">\r\n		<div class=\"landing-block-node-row row no-gutters justify-content-between align-items-center text-center\">\r\n			<div class=\"landing-block-node-col-left col-6 text-left\">\r\n				<img class=\"landing-block-node-logo img-fluid g-max-width-180 h-auto\"\r\n					 src=\"https://cdn.bitrix24.site/bitrix/images/landing/logos/real-estate-logo.png\" alt=\"Logo\">\r\n			</div>\r\n			<div class=\"landing-block-node-col-right col-6 text-right\">\r\n				<h5 class=\"landing-block-node-text h5 g-font-size-12 mb-0\">\r\n					<a href=\"tel:+469548521\">+469 548 521</a>\r\n				</h5>\r\n			</div>\r\n		</div>\r\n	</div>\r\n</header>', 1, 1, '2020-02-26 06:26:59', '2020-02-26 06:26:59');
INSERT INTO `b_landing_manifest` (`ID`, `CODE`, `MANIFEST`, `CONTENT`, `CREATED_BY_ID`, `MODIFIED_BY_ID`, `DATE_CREATE`, `DATE_MODIFY`) VALUES
(250, '35.4.header_with_social', 'a:5:{s:5:\"block\";a:4:{s:4:\"name\";s:76:\"Шапка с логотипом, контактами и соцсетями\";s:7:\"section\";a:1:{i:0;s:4:\"menu\";}s:7:\"dynamic\";b:0;s:7:\"preview\";s:77:\"//repo.bitrix24.site/bitrix/blocks/bitrix/35.4.header_with_social/preview.jpg\";}s:5:\"cards\";a:2:{s:24:\".landing-block-node-card\";a:3:{s:4:\"name\";s:14:\"Контакт\";s:7:\"presets\";a:2:{s:12:\"contact-link\";a:3:{s:4:\"name\";s:75:\"<span class=\"icon icon-envelope\"></span> Контакт со ссылкой\";s:4:\"html\";s:1354:\"\n			<div class=\"landing-block-node-card col-md g-mb-10 g-mb-0--md g-brd-right--md g-brd-gray-light-v4\"\n						 data-card-preset=\"contact-link\">\n\n						<a href=\"mailto:info@company24.com\"\n						   class=\"landing-block-node-card-contactlink-link g-pa-10--md row align-items-center justify-content-center justify-content-sm-start justify-content-md-center justify-content-lg-start g-text-decoration-none--hover\">\n							<span class=\"landing-block-node-card-icon-container text-left text-md-center text-lg-left w-auto g-width-100x--md g-width-auto--lg g-font-size-18 g-line-height-1 d-none d-sm-inline-block g-valign-top g-color-primary g-mr-10 g-mr-0--md g-mr-10--lg\">\n								<i class=\"landing-block-node-card-contactlink-icon icon icon-envelope\"></i>\n							</span>\n							<span class=\"landing-block-node-card-text-container text-center text-sm-left text-md-center text-lg-left d-inline-block\">\n								<span class=\"landing-block-node-menu-contactlink-title landing-block-node-card-title-style g-color-main d-block text-uppercase g-font-size-13\">\n									Email us\n								</span>\n								<span class=\"landing-block-node-card-contactlink-text landing-block-node-card-text-style d-block g-color-gray-dark-v2 g-font-weight-700 g-text-decoration-none g-text-underline--hover\">\n									info@company24.com\n								</span>\n							</span>\n						</a>\n\n					</div>\";s:6:\"values\";a:4:{s:41:\".landing-block-node-card-contactlink-link\";a:1:{s:4:\"href\";s:25:\"mailto:info@company24.com\";}s:42:\".landing-block-node-menu-contactlink-title\";s:8:\"Email us\";s:41:\".landing-block-node-card-contactlink-text\";s:18:\"info@company24.com\";s:41:\".landing-block-node-card-contactlink-icon\";a:2:{s:4:\"type\";s:4:\"icon\";s:9:\"classList\";a:2:{i:0;s:4:\"icon\";i:1;s:13:\"icon-envelope\";}}}}s:12:\"contact-text\";a:3:{s:4:\"name\";s:70:\"<span class=\"icon icon-clock\"></span> Контакт с текстом\";s:4:\"html\";s:1140:\"\n			<div class=\"landing-block-node-card col-md g-mb-10 g-mb-0--md g-brd-right--md g-brd-gray-light-v4\"\n						 data-card-preset=\"contact-text\">\n						<div class=\"g-pa-10--md row align-items-center justify-content-center justify-content-sm-start justify-content-md-center justify-content-lg-start\">\n							<div class=\"landing-block-node-card-icon-container text-left text-md-center text-lg-left w-auto g-width-100x--md g-width-auto--lg g-font-size-18 g-line-height-1 d-none d-sm-inline-block g-valign-top g-color-primary g-mr-10 g-mr-0--md g-mr-10--lg\">\n								<i class=\"landing-block-node-card-icon icon icon-clock\"></i>\n							</div>\n							<div class=\"landing-block-node-card-text-container text-center text-sm-left text-md-center text-lg-left d-inline-block\">\n								<div class=\"landing-block-node-card-title landing-block-node-card-title-style g-color-main text-uppercase g-font-size-13\">\n									Opening time\n								</div>\n								<div class=\"landing-block-node-card-text landing-block-node-card-text-style g-color-gray-dark-v2 g-font-weight-700\">\n									Mon-Sat: 08.00 -18.00\n								</div>\n							</div>\n						</div>\n					</div>\";s:6:\"values\";a:3:{s:29:\".landing-block-node-card-icon\";a:2:{s:4:\"type\";s:4:\"icon\";s:9:\"classList\";a:2:{i:0;s:4:\"icon\";i:1;s:10:\"icon-clock\";}}s:30:\".landing-block-node-card-title\";s:12:\"Opening time\";s:29:\".landing-block-node-card-text\";s:21:\"Mon-Sat: 08.00 -18.00\";}}}s:5:\"label\";a:4:{i:0;s:29:\".landing-block-node-card-icon\";i:1;s:41:\".landing-block-node-card-contactlink-icon\";i:2;s:30:\".landing-block-node-card-title\";i:3;s:42:\".landing-block-node-menu-contactlink-title\";}}s:31:\".landing-block-node-social-item\";a:3:{s:4:\"name\";s:33:\"Социальная кнопка\";s:5:\"label\";a:1:{i:0;s:31:\".landing-block-node-social-icon\";}s:7:\"presets\";a:11:{s:8:\"facebook\";a:4:{s:4:\"name\";s:39:\"<i class=\"fa fa-facebook\"></i> Facebook\";s:4:\"html\";s:438:\"\n			<li class=\"landing-block-node-social-item list-inline-item g-valign-middle g-mx-3 g-mb-6\"\n				data-card-preset=\"facebook\">\n				<a class=\"landing-block-node-social-link d-block u-icon-v3 u-icon-size--sm g-rounded-50x g-bg-gray-light-v4 g-color-gray-light-v1 g-bg-primary--hover g-color-white--hover g-font-size-14\"\n				   href=\"https://facebook.com\">\n					<i class=\"landing-block-node-social-icon fa fa-facebook\"></i>\n				</a>\n			</li>\";s:8:\"disallow\";a:1:{i:0;s:31:\".landing-block-node-social-icon\";}s:6:\"values\";a:2:{s:31:\".landing-block-node-social-link\";a:1:{s:4:\"href\";s:20:\"https://facebook.com\";}s:31:\".landing-block-node-social-icon\";a:2:{s:4:\"type\";s:4:\"icon\";s:9:\"classList\";a:2:{i:0;s:2:\"fa\";i:1;s:11:\"fa-facebook\";}}}}s:9:\"instagram\";a:4:{s:4:\"name\";s:41:\"<i class=\"fa fa-instagram\"></i> Instagram\";s:4:\"html\";s:441:\"\n			<li class=\"landing-block-node-social-item list-inline-item g-valign-middle g-mx-3 g-mb-6\"\n				data-card-preset=\"instagram\">\n				<a class=\"landing-block-node-social-link d-block u-icon-v3 u-icon-size--sm g-rounded-50x g-bg-gray-light-v4 g-color-gray-light-v1 g-bg-primary--hover g-color-white--hover g-font-size-14\"\n				   href=\"https://instagram.com\">\n					<i class=\"landing-block-node-social-icon fa fa-instagram\"></i>\n				</a>\n			</li>\";s:8:\"disallow\";a:1:{i:0;s:31:\".landing-block-node-social-icon\";}s:6:\"values\";a:2:{s:31:\".landing-block-node-social-link\";a:1:{s:4:\"href\";s:21:\"https://instagram.com\";}s:31:\".landing-block-node-social-icon\";a:2:{s:4:\"type\";s:4:\"icon\";s:9:\"classList\";a:2:{i:0;s:2:\"fa\";i:1;s:12:\"fa-instagram\";}}}}s:7:\"twitter\";a:4:{s:4:\"name\";s:37:\"<i class=\"fa fa-twitter\"></i> Twitter\";s:4:\"html\";s:435:\"\n			<li class=\"landing-block-node-social-item list-inline-item g-valign-middle g-mx-3 g-mb-6\"\n				data-card-preset=\"twitter\">\n				<a class=\"landing-block-node-social-link d-block u-icon-v3 u-icon-size--sm g-rounded-50x g-bg-gray-light-v4 g-color-gray-light-v1 g-bg-primary--hover g-color-white--hover g-font-size-14\"\n				   href=\"https://twitter.com\">\n					<i class=\"landing-block-node-social-icon fa fa-twitter\"></i>\n				</a>\n			</li>\";s:8:\"disallow\";a:1:{i:0;s:31:\".landing-block-node-social-icon\";}s:6:\"values\";a:2:{s:31:\".landing-block-node-social-link\";a:1:{s:4:\"href\";s:19:\"https://twitter.com\";}s:31:\".landing-block-node-social-icon\";a:2:{s:4:\"type\";s:4:\"icon\";s:9:\"classList\";a:2:{i:0;s:2:\"fa\";i:1;s:10:\"fa-twitter\";}}}}s:7:\"youtube\";a:4:{s:4:\"name\";s:37:\"<i class=\"fa fa-youtube\"></i> Youtube\";s:4:\"html\";s:435:\"\n			<li class=\"landing-block-node-social-item list-inline-item g-valign-middle g-mx-3 g-mb-6\"\n				data-card-preset=\"youtube\">\n				<a class=\"landing-block-node-social-link d-block u-icon-v3 u-icon-size--sm g-rounded-50x g-bg-gray-light-v4 g-color-gray-light-v1 g-bg-primary--hover g-color-white--hover g-font-size-14\"\n				   href=\"https://youtube.com\">\n					<i class=\"landing-block-node-social-icon fa fa-youtube\"></i>\n				</a>\n			</li>\";s:8:\"disallow\";a:1:{i:0;s:31:\".landing-block-node-social-icon\";}s:6:\"values\";a:2:{s:31:\".landing-block-node-social-link\";a:1:{s:4:\"href\";s:19:\"https://youtube.com\";}s:31:\".landing-block-node-social-icon\";a:2:{s:4:\"type\";s:4:\"icon\";s:9:\"classList\";a:2:{i:0;s:2:\"fa\";i:1;s:10:\"fa-youtube\";}}}}s:8:\"telegram\";a:4:{s:4:\"name\";s:39:\"<i class=\"fa fa-telegram\"></i> Telegram\";s:4:\"html\";s:438:\"\n			<li class=\"landing-block-node-social-item list-inline-item g-valign-middle g-mx-3 g-mb-6\"\n				data-card-preset=\"telegram\">\n				<a class=\"landing-block-node-social-link d-block u-icon-v3 u-icon-size--sm g-rounded-50x g-bg-gray-light-v4 g-color-gray-light-v1 g-bg-primary--hover g-color-white--hover g-font-size-14\"\n				   href=\"https://telegram.com\">\n					<i class=\"landing-block-node-social-icon fa fa-telegram\"></i>\n				</a>\n			</li>\";s:8:\"disallow\";a:1:{i:0;s:31:\".landing-block-node-social-icon\";}s:6:\"values\";a:2:{s:31:\".landing-block-node-social-link\";a:1:{s:4:\"href\";s:20:\"https://telegram.com\";}s:31:\".landing-block-node-social-icon\";a:2:{s:4:\"type\";s:4:\"icon\";s:9:\"classList\";a:2:{i:0;s:2:\"fa\";i:1;s:11:\"fa-telegram\";}}}}s:9:\"pinterest\";a:4:{s:4:\"name\";s:41:\"<i class=\"fa fa-pinterest\"></i> Pinterest\";s:4:\"html\";s:441:\"\n			<li class=\"landing-block-node-social-item list-inline-item g-valign-middle g-mx-3 g-mb-6\"\n				data-card-preset=\"pinterest\">\n				<a class=\"landing-block-node-social-link d-block u-icon-v3 u-icon-size--sm g-rounded-50x g-bg-gray-light-v4 g-color-gray-light-v1 g-bg-primary--hover g-color-white--hover g-font-size-14\"\n				   href=\"https://pinterest.com\">\n					<i class=\"landing-block-node-social-icon fa fa-pinterest\"></i>\n				</a>\n			</li>\";s:8:\"disallow\";a:1:{i:0;s:31:\".landing-block-node-social-icon\";}s:6:\"values\";a:2:{s:31:\".landing-block-node-social-link\";a:1:{s:4:\"href\";s:21:\"https://pinterest.com\";}s:31:\".landing-block-node-social-icon\";a:2:{s:4:\"type\";s:4:\"icon\";s:9:\"classList\";a:2:{i:0;s:2:\"fa\";i:1;s:12:\"fa-pinterest\";}}}}s:5:\"skype\";a:4:{s:4:\"name\";s:33:\"<i class=\"fa fa-skype\"></i> Skype\";s:4:\"html\";s:429:\"\n			<li class=\"landing-block-node-social-item list-inline-item g-valign-middle g-mx-3 g-mb-6\"\n				data-card-preset=\"skype\">\n				<a class=\"landing-block-node-social-link d-block u-icon-v3 u-icon-size--sm g-rounded-50x g-bg-gray-light-v4 g-color-gray-light-v1 g-bg-primary--hover g-color-white--hover g-font-size-14\"\n				   href=\"https://skype.com\">\n					<i class=\"landing-block-node-social-icon fa fa-skype\"></i>\n				</a>\n			</li>\";s:8:\"disallow\";a:1:{i:0;s:31:\".landing-block-node-social-icon\";}s:6:\"values\";a:2:{s:31:\".landing-block-node-social-link\";a:1:{s:4:\"href\";s:17:\"https://skype.com\";}s:31:\".landing-block-node-social-icon\";a:2:{s:4:\"type\";s:4:\"icon\";s:9:\"classList\";a:2:{i:0;s:2:\"fa\";i:1;s:8:\"fa-skype\";}}}}s:8:\"dribbble\";a:4:{s:4:\"name\";s:39:\"<i class=\"fa fa-dribbble\"></i> Dribbble\";s:4:\"html\";s:438:\"\n			<li class=\"landing-block-node-social-item list-inline-item g-valign-middle g-mx-3 g-mb-6\"\n				data-card-preset=\"dribbble\">\n				<a class=\"landing-block-node-social-link d-block u-icon-v3 u-icon-size--sm g-rounded-50x g-bg-gray-light-v4 g-color-gray-light-v1 g-bg-primary--hover g-color-white--hover g-font-size-14\"\n				   href=\"https://dribbble.com\">\n					<i class=\"landing-block-node-social-icon fa fa-dribbble\"></i>\n				</a>\n			</li>\";s:8:\"disallow\";a:1:{i:0;s:31:\".landing-block-node-social-icon\";}s:6:\"values\";a:2:{s:31:\".landing-block-node-social-link\";a:1:{s:4:\"href\";s:20:\"https://dribbble.com\";}s:31:\".landing-block-node-social-icon\";a:2:{s:4:\"type\";s:4:\"icon\";s:9:\"classList\";a:2:{i:0;s:2:\"fa\";i:1;s:11:\"fa-dribbble\";}}}}s:8:\"linkedin\";a:4:{s:4:\"name\";s:39:\"<i class=\"fa fa-linkedin\"></i> Linkedin\";s:4:\"html\";s:438:\"\n			<li class=\"landing-block-node-social-item list-inline-item g-valign-middle g-mx-3 g-mb-6\"\n				data-card-preset=\"linkedin\">\n				<a class=\"landing-block-node-social-link d-block u-icon-v3 u-icon-size--sm g-rounded-50x g-bg-gray-light-v4 g-color-gray-light-v1 g-bg-primary--hover g-color-white--hover g-font-size-14\"\n				   href=\"https://linkedin.com\">\n					<i class=\"landing-block-node-social-icon fa fa-linkedin\"></i>\n				</a>\n			</li>\";s:8:\"disallow\";a:1:{i:0;s:31:\".landing-block-node-social-icon\";}s:6:\"values\";a:2:{s:31:\".landing-block-node-social-link\";a:1:{s:4:\"href\";s:20:\"https://linkedin.com\";}s:31:\".landing-block-node-social-icon\";a:2:{s:4:\"type\";s:4:\"icon\";s:9:\"classList\";a:2:{i:0;s:2:\"fa\";i:1;s:11:\"fa-linkedin\";}}}}s:2:\"vk\";a:4:{s:4:\"name\";s:43:\"<i class=\"fa fa-vk\"></i> ВКонтакте\";s:4:\"html\";s:420:\"\n			<li class=\"landing-block-node-social-item list-inline-item g-valign-middle g-mx-3 g-mb-6\"\n				data-card-preset=\"vk\">\n				<a class=\"landing-block-node-social-link d-block u-icon-v3 u-icon-size--sm g-rounded-50x g-bg-gray-light-v4 g-color-gray-light-v1 g-bg-primary--hover g-color-white--hover g-font-size-14\"\n				   href=\"https://vk.com\">\n					<i class=\"landing-block-node-social-icon fa fa-vk\"></i>\n				</a>\n			</li>\";s:8:\"disallow\";a:1:{i:0;s:31:\".landing-block-node-social-icon\";}s:6:\"values\";a:2:{s:31:\".landing-block-node-social-link\";a:1:{s:4:\"href\";s:14:\"https://vk.com\";}s:31:\".landing-block-node-social-icon\";a:2:{s:4:\"type\";s:4:\"icon\";s:9:\"classList\";a:2:{i:0;s:2:\"fa\";i:1;s:5:\"fa-vk\";}}}}s:13:\"odnoklassniki\";a:4:{s:4:\"name\";s:62:\"<i class=\"fa fa-odnoklassniki\"></i> Одноклассники\";s:4:\"html\";s:453:\"\n			<li class=\"landing-block-node-social-item list-inline-item g-valign-middle g-mx-3 g-mb-6\"\n				data-card-preset=\"odnoklassniki\">\n				<a class=\"landing-block-node-social-link d-block u-icon-v3 u-icon-size--sm g-rounded-50x g-bg-gray-light-v4 g-color-gray-light-v1 g-bg-primary--hover g-color-white--hover g-font-size-14\"\n				   href=\"https://odnoklassniki.com\">\n					<i class=\"landing-block-node-social-icon fa fa-odnoklassniki\"></i>\n				</a>\n			</li>\";s:8:\"disallow\";a:1:{i:0;s:31:\".landing-block-node-social-icon\";}s:6:\"values\";a:2:{s:31:\".landing-block-node-social-link\";a:1:{s:4:\"href\";s:25:\"https://odnoklassniki.com\";}s:31:\".landing-block-node-social-icon\";a:2:{s:4:\"type\";s:4:\"icon\";s:9:\"classList\";a:2:{i:0;s:2:\"fa\";i:1;s:16:\"fa-odnoklassniki\";}}}}}}}s:6:\"groups\";a:2:{s:4:\"logo\";s:14:\"Логотип\";s:7:\"contact\";s:14:\"Контакт\";}s:5:\"nodes\";a:11:{s:24:\".landing-block-node-logo\";a:4:{s:4:\"name\";s:14:\"Логотип\";s:4:\"type\";s:3:\"img\";s:5:\"group\";s:4:\"logo\";s:10:\"dimensions\";a:2:{s:5:\"width\";i:180;s:6:\"height\";i:60;}}s:34:\".landing-block-node-menu-logo-link\";a:3:{s:4:\"name\";s:12:\"Ссылка\";s:4:\"type\";s:4:\"link\";s:5:\"group\";s:4:\"logo\";}s:29:\".landing-block-node-card-icon\";a:2:{s:4:\"name\";s:12:\"Иконка\";s:4:\"type\";s:4:\"icon\";}s:30:\".landing-block-node-card-title\";a:2:{s:4:\"name\";s:14:\"Подпись\";s:4:\"type\";s:4:\"text\";}s:29:\".landing-block-node-card-text\";a:2:{s:4:\"name\";s:10:\"Текст\";s:4:\"type\";s:4:\"text\";}s:41:\".landing-block-node-card-contactlink-link\";a:4:{s:4:\"name\";s:12:\"Ссылка\";s:4:\"type\";s:4:\"link\";s:5:\"group\";s:7:\"contact\";s:11:\"skipContent\";b:1;}s:41:\".landing-block-node-card-contactlink-icon\";a:3:{s:4:\"name\";s:12:\"Иконка\";s:4:\"type\";s:4:\"icon\";s:5:\"group\";s:7:\"contact\";}s:42:\".landing-block-node-menu-contactlink-title\";a:5:{s:4:\"name\";s:14:\"Подпись\";s:4:\"type\";s:4:\"text\";s:5:\"group\";s:7:\"contact\";s:15:\"allowInlineEdit\";b:0;s:8:\"textOnly\";b:1;}s:41:\".landing-block-node-card-contactlink-text\";a:5:{s:4:\"name\";s:10:\"Текст\";s:4:\"type\";s:4:\"text\";s:5:\"group\";s:7:\"contact\";s:15:\"allowInlineEdit\";b:0;s:8:\"textOnly\";b:1;}s:31:\".landing-block-node-social-link\";a:2:{s:4:\"name\";s:12:\"Ссылка\";s:4:\"type\";s:4:\"link\";}s:31:\".landing-block-node-social-icon\";a:2:{s:4:\"name\";s:12:\"Иконка\";s:4:\"type\";s:4:\"icon\";}}s:5:\"style\";a:5:{s:24:\".landing-block-node-card\";a:2:{s:4:\"name\";s:14:\"Контакт\";s:4:\"type\";s:12:\"border-color\";}s:36:\".landing-block-node-card-title-style\";a:2:{s:4:\"name\";s:14:\"Подпись\";s:4:\"type\";s:9:\"typo-link\";}s:35:\".landing-block-node-card-text-style\";a:2:{s:4:\"name\";s:10:\"Текст\";s:4:\"type\";s:9:\"typo-link\";}s:39:\".landing-block-node-card-icon-container\";a:2:{s:4:\"name\";s:12:\"Иконка\";s:4:\"type\";s:5:\"color\";}s:31:\".landing-block-node-social-link\";a:2:{s:4:\"name\";s:12:\"Иконка\";s:4:\"type\";a:4:{i:0;s:5:\"color\";i:1;s:11:\"color-hover\";i:2;s:16:\"background-color\";i:3;s:16:\"background-hover\";}}}}', '<header class=\"landing-block u-header landing-block-menu g-bg-white g-pt-20 g-pb-20 g-brd-bottom g-brd-gray-light-v4 text-center text-lg-left\">\r\n	<div class=\"container\">\r\n		<div class=\"row no-gutters flex-lg-row align-items-center justify-content-lg-start\">\r\n				<div class=\"col-12 col-sm-3 col-lg-2 text-center text-md-left\">\r\n					<!-- Logo -->\r\n					<a href=\"#system_mainpage\" class=\"navbar-brand landing-block-node-menu-logo-link g-mb-10 g-mb-0--sm g-mr-0\">\r\n						<img class=\"landing-block-node-logo img-fluid g-max-width-180\"\r\n							 src=\"https://cdn.bitrix24.site/bitrix/images/landing/logos/real-estate-logo.png\" alt=\"Logo\">\r\n					</a>\r\n					<!-- End Logo -->\r\n				</div>\r\n\r\n				<div class=\"col-12 col-sm-9 col-lg-10\">\r\n					<div class=\"row g-ml-20--sm\">\r\n<!--						contacts-->\r\n						<div class=\"landing-block-card-menu-contact-container col-sm-8 col-md-9\">\r\n							<div class=\"landing-block-card-menu-contact-container-inner row\">\r\n								<div class=\"landing-block-node-card col-md g-mb-10 g-mb-0--md g-brd-right--md g-brd-gray-light-v4\"\r\n									 data-card-preset=\"contact-link\">\r\n\r\n									<a href=\"tel:+469548521\"\r\n									   class=\"landing-block-node-card-contactlink-link g-pa-10--md row align-items-center justify-content-center justify-content-sm-start justify-content-md-center justify-content-lg-start g-text-decoration-none--hover\">\r\n							<span class=\"landing-block-node-card-icon-container text-left text-md-center text-lg-left w-auto g-width-100x--md g-width-auto--lg g-font-size-18 g-line-height-1 d-none d-sm-inline-block g-valign-top g-color-primary g-mr-10 g-mr-0--md g-mr-10--lg\">\r\n								<i class=\"landing-block-node-card-contactlink-icon icon icon-screen-smartphone\"></i>\r\n							</span>\r\n										<span class=\"landing-block-node-card-text-container text-center text-sm-left text-md-center text-lg-left d-inline-block\">\r\n								<span class=\"landing-block-node-menu-contactlink-title landing-block-node-card-title-style g-color-main d-block text-uppercase g-font-size-13\">\r\n									Call Us\r\n								</span>\r\n								<span class=\"landing-block-node-card-contactlink-text landing-block-node-card-text-style d-block g-color-gray-dark-v2 g-font-weight-700 g-text-decoration-none g-text-underline--hover\">\r\n									+469 548 521\r\n								</span>\r\n							</span>\r\n									</a>\r\n								</div>\r\n\r\n								<div class=\"landing-block-node-card col-md g-mb-10 g-mb-0--md g-brd-right--md g-brd-gray-light-v4\"\r\n									 data-card-preset=\"contact-text\">\r\n									<div class=\"g-pa-10--md row align-items-center justify-content-center justify-content-sm-start justify-content-md-center justify-content-lg-start\">\r\n										<div class=\"landing-block-node-card-icon-container text-left text-md-center text-lg-left w-auto g-width-100x--md g-width-auto--lg g-font-size-18 g-line-height-1 d-none d-sm-inline-block g-valign-top g-color-primary g-mr-10 g-mr-0--md g-mr-10--lg\">\r\n											<i class=\"landing-block-node-card-icon icon icon-clock\"></i>\r\n										</div>\r\n										<div class=\"landing-block-node-card-text-container text-center text-sm-left text-md-center text-lg-left d-inline-block\">\r\n											<div class=\"landing-block-node-card-title landing-block-node-card-title-style g-color-main text-uppercase g-font-size-13\">\r\n												Opening time\r\n											</div>\r\n											<div class=\"landing-block-node-card-text landing-block-node-card-text-style g-color-gray-dark-v2 g-font-weight-700\">\r\n												Mon-Sat: 08.00 -18.00\r\n											</div>\r\n										</div>\r\n									</div>\r\n								</div>\r\n\r\n								<div class=\"landing-block-node-card col-md g-mb-10 g-mb-0--md g-brd-right--md g-brd-gray-light-v4\"\r\n									 data-card-preset=\"contact-link\">\r\n\r\n									<a href=\"mailto:info@company24.com\"\r\n									   class=\"landing-block-node-card-contactlink-link g-pa-10--md row align-items-center justify-content-center justify-content-sm-start justify-content-md-center justify-content-lg-start g-text-decoration-none--hover\">\r\n							<span class=\"landing-block-node-card-icon-container text-left text-md-center text-lg-left w-auto g-width-100x--md g-width-auto--lg g-font-size-18 g-line-height-1 d-none d-sm-inline-block g-valign-top g-color-primary g-mr-10 g-mr-0--md g-mr-10--lg\">\r\n								<i class=\"landing-block-node-card-contactlink-icon icon icon-envelope\"></i>\r\n							</span>\r\n										<span class=\"landing-block-node-card-text-container text-center text-sm-left text-md-center text-lg-left d-inline-block\">\r\n								<span class=\"landing-block-node-menu-contactlink-title landing-block-node-card-title-style g-color-main d-block text-uppercase g-font-size-13\">\r\n									Email us\r\n								</span>\r\n								<span class=\"landing-block-node-card-contactlink-text landing-block-node-card-text-style d-block g-color-gray-dark-v2 g-font-weight-700 g-text-decoration-none g-text-underline--hover\">\r\n									info@company24.com\r\n								</span>\r\n							</span>\r\n									</a>\r\n\r\n								</div>\r\n							</div>\r\n						</div>\r\n						\r\n<!--						socials-->\r\n						<div class=\"landing-block-socials-container col-sm-4 col-md-3 g-mb-10 g-mb-0--md\">\r\n							<ul class=\"landing-block-cards-social list-inline g-pa-10--md g-mb-0 row align-items-center justify-content-center justify-content-sm-start\">\r\n								<li class=\"landing-block-node-social-item list-inline-item g-valign-middle g-mx-3 g-mb-6\"\r\n									data-card-preset=\"facebook\">\r\n									<a class=\"landing-block-node-social-link d-block u-icon-v3 u-icon-size--sm g-rounded-50x g-bg-gray-light-v4 g-color-gray-light-v1 g-bg-primary--hover g-color-white--hover g-font-size-14\"\r\n									   href=\"https://facebook.com\">\r\n										<i class=\"landing-block-node-social-icon fa fa-facebook\"></i>\r\n									</a>\r\n								</li>\r\n								<li class=\"landing-block-node-social-item list-inline-item g-valign-middle g-mx-3 g-mb-6\"\r\n									data-card-preset=\"twitter\">\r\n									<a class=\"landing-block-node-social-link d-block u-icon-v3 u-icon-size--sm g-rounded-50x g-bg-gray-light-v4 g-color-gray-light-v1 g-bg-primary--hover g-color-white--hover g-font-size-14\"\r\n									   href=\"https://twitter.com\">\r\n										<i class=\"landing-block-node-social-icon fa fa-twitter\"></i>\r\n									</a>\r\n								</li>\r\n								<li class=\"landing-block-node-social-item list-inline-item g-valign-middle g-mx-3 g-mb-6\"\r\n									data-card-preset=\"instagram\">\r\n									<a class=\"landing-block-node-social-link d-block u-icon-v3 u-icon-size--sm g-rounded-50x g-bg-gray-light-v4 g-color-gray-light-v1 g-bg-primary--hover g-color-white--hover g-font-size-14\"\r\n									   href=\"https://instagram.com\">\r\n										<i class=\"landing-block-node-social-icon fa fa-instagram\"></i>\r\n									</a>\r\n								</li>\r\n							</ul>\r\n							\r\n							\r\n							\r\n							\r\n							\r\n							\r\n							\r\n							\r\n							\r\n							\r\n							\r\n							\r\n							\r\n							\r\n							\r\n						</div>\r\n					</div>\r\n				</div>\r\n			</div>\r\n	</div>\r\n</header>', 1, 1, '2020-02-26 06:26:59', '2020-02-26 06:26:59'),
(251, '58.1.news_sidebar_1', 'a:4:{s:5:\"block\";a:3:{s:4:\"name\";s:106:\"Для сайдбара: Текстовые карточки с заголовком и картинкой\";s:7:\"section\";a:1:{i:0;s:7:\"sidebar\";}s:7:\"preview\";s:73:\"//repo.bitrix24.site/bitrix/blocks/bitrix/58.1.news_sidebar_1/preview.jpg\";}s:5:\"cards\";a:1:{s:19:\".landing-block-card\";a:2:{s:4:\"name\";s:14:\"Новость\";s:5:\"label\";a:1:{i:0;s:25:\".landing-block-node-title\";}}}s:5:\"nodes\";a:3:{s:25:\".landing-block-node-title\";a:2:{s:4:\"name\";s:18:\"Заголовок\";s:4:\"type\";s:4:\"text\";}s:28:\".landing-block-node-subtitle\";a:2:{s:4:\"name\";s:10:\"Текст\";s:4:\"type\";s:4:\"text\";}s:23:\".landing-block-node-img\";a:3:{s:4:\"name\";s:16:\"Картинка\";s:4:\"type\";s:3:\"img\";s:10:\"dimensions\";a:2:{s:5:\"width\";i:120;s:6:\"height\";i:120;}}}s:5:\"style\";a:2:{s:5:\"block\";a:1:{s:4:\"type\";a:2:{i:0;s:13:\"block-default\";i:1;s:12:\"block-border\";}}s:5:\"nodes\";a:4:{s:19:\".landing-block-card\";a:2:{s:4:\"name\";s:14:\"Новость\";s:4:\"type\";a:2:{i:0;s:9:\"animation\";i:1;s:13:\"margin-bottom\";}}s:25:\".landing-block-node-title\";a:2:{s:4:\"name\";s:18:\"Заголовок\";s:4:\"type\";s:4:\"typo\";}s:28:\".landing-block-node-subtitle\";a:2:{s:4:\"name\";s:10:\"Текст\";s:4:\"type\";s:4:\"typo\";}s:23:\".landing-block-node-img\";a:2:{s:4:\"name\";s:16:\"Картинка\";s:4:\"type\";s:13:\"border-radius\";}}}}', '<section class=\"landing-block g-pt-30 g-pb-25 g-pl-5 g-pr-5\">\r\n	<div class=\"container\">\r\n		<div class=\"landing-block-inner\">\r\n			<article class=\"landing-block-card js-animation fadeIn media g-mb-30 g-mb-0--last\">\r\n				<div class=\"mr-3\">\r\n					<img class=\"landing-block-node-img g-width-60 g-height-60 g-object-fit-cover\" src=\"https://cdn.bitrix24.site/bitrix/images/landing/business/100x100/img1.jpg\" alt=\"\">\r\n				</div>\r\n				<div class=\"media-body\">\r\n					<h6 class=\"landing-block-node-title g-font-roboto-slab g-color-gray-dark-v1\">\r\n						Best dessert recipes for breakfast which will..\r\n					</h6>\r\n					<div class=\"landing-block-node-subtitle g-font-open-sans g-font-size-12 g-color-gray-dark-v4\">\r\n						<p>July 20, 2019</p>\r\n					</div>\r\n				</div>\r\n			</article>\r\n\r\n			<article class=\"landing-block-card js-animation fadeIn media g-mb-30 g-mb-0--last\">\r\n				<div class=\"mr-3\">\r\n					<img class=\"landing-block-node-img g-width-60 g-height-60 g-object-fit-cover\" src=\"https://cdn.bitrix24.site/bitrix/images/landing/business/100x100/img2.jpg\" alt=\"\">\r\n				</div>\r\n				<div class=\"media-body\">\r\n					<h6 class=\"landing-block-node-title g-font-roboto-slab g-color-gray-dark-v1\">\r\n						Stylish things to do, see and purchase..\r\n					</h6>\r\n					<div class=\"landing-block-node-subtitle g-font-open-sans g-font-size-12 g-color-gray-dark-v4\">\r\n						<p>July 16, 2019</p>\r\n					</div>\r\n				</div>\r\n			</article>\r\n\r\n			<article class=\"landing-block-card js-animation fadeIn media g-mb-30 g-mb-0--last\">\r\n				<div class=\"mr-3\">\r\n					<img class=\"landing-block-node-img g-width-60 g-height-60 g-object-fit-cover\" src=\"https://cdn.bitrix24.site/bitrix/images/landing/business/100x100/img3.jpg\" alt=\"\">\r\n				</div>\r\n				<div class=\"media-body\">\r\n					<h6 class=\"landing-block-node-title g-font-roboto-slab g-color-gray-dark-v1\">\r\n						Government plans to test new primary school..\r\n					</h6>\r\n					<div class=\"landing-block-node-subtitle g-font-open-sans g-font-size-12 g-color-gray-dark-v4\">\r\n						<p>July 07, 2019</p>\r\n					</div>\r\n				</div>\r\n			</article>\r\n\r\n			<article class=\"landing-block-card js-animation fadeIn media g-mb-30 g-mb-0--last\">\r\n				<div class=\"mr-3\">\r\n					<img class=\"landing-block-node-img g-width-60 g-height-60 g-object-fit-cover\" src=\"https://cdn.bitrix24.site/bitrix/images/landing/business/100x100/img4.jpg\" alt=\"\">\r\n				</div>\r\n				<div class=\"media-body\">\r\n					<h6 class=\"landing-block-node-title g-font-roboto-slab g-color-gray-dark-v1\">\r\n						Top 10 Luxury Hotels - 5 Star Best Luxury Hotels\r\n					</h6>\r\n					<div class=\"landing-block-node-subtitle g-font-open-sans g-font-size-12 g-color-gray-dark-v4\">\r\n						<p>July 01, 2019</p>\r\n					</div>\r\n				</div>\r\n			</article>\r\n		</div>\r\n	</div>\r\n</section>', 1, 1, '2020-02-26 06:26:59', '2020-02-26 06:26:59'),
(252, '58.2.news_sidebar_2', 'a:4:{s:5:\"block\";a:3:{s:4:\"name\";s:84:\"Для сайдбара: Текстовые карточки с заголовком\";s:7:\"section\";a:1:{i:0;s:7:\"sidebar\";}s:7:\"preview\";s:73:\"//repo.bitrix24.site/bitrix/blocks/bitrix/58.2.news_sidebar_2/preview.jpg\";}s:5:\"cards\";a:1:{s:19:\".landing-block-card\";a:2:{s:4:\"name\";s:14:\"Новость\";s:5:\"label\";a:1:{i:0;s:28:\".landing-block-node-subtitle\";}}}s:5:\"nodes\";a:2:{s:25:\".landing-block-node-title\";a:2:{s:4:\"name\";s:18:\"Заголовок\";s:4:\"type\";s:4:\"text\";}s:28:\".landing-block-node-subtitle\";a:2:{s:4:\"name\";s:10:\"Текст\";s:4:\"type\";s:4:\"text\";}}s:5:\"style\";a:2:{s:5:\"block\";a:1:{s:4:\"type\";a:2:{i:0;s:13:\"block-default\";i:1;s:12:\"block-border\";}}s:5:\"nodes\";a:3:{s:19:\".landing-block-card\";a:2:{s:4:\"name\";s:14:\"Новость\";s:4:\"type\";a:4:{i:0;s:9:\"animation\";i:1;s:12:\"border-color\";i:2;s:12:\"border-width\";i:3;s:13:\"margin-bottom\";}}s:25:\".landing-block-node-title\";a:2:{s:4:\"name\";s:18:\"Заголовок\";s:4:\"type\";a:3:{i:0;s:4:\"typo\";i:1;s:12:\"padding-left\";i:2;s:11:\"padding-top\";}}s:28:\".landing-block-node-subtitle\";a:2:{s:4:\"name\";s:10:\"Текст\";s:4:\"type\";a:3:{i:0;s:4:\"typo\";i:1;s:12:\"padding-left\";i:2;s:13:\"padding-right\";}}}}}', '<section class=\"landing-block g-pt-15 g-pl-5 g-pr-5\">\r\n	<div class=\"container\">\r\n		<div class=\"landing-block-inner\">\r\n			<div>\r\n				<article class=\"landing-block-card js-animation fadeIn g-brd-bottom g-brd-gray-light-v4 g-brd-1 g-pb-1 g-mb-10 g-mb-0--last g-brd-bottom-0--last\">\r\n					<div class=\"landing-block-node-title g-color-gray-dark-v4 g-font-size-12\">\r\n						Jonathan Owen\r\n					</div>\r\n					<div class=\"landing-block-node-subtitle h6 g-color-gray-dark-v1\">\r\n						<p>Architects plan to stop skyscrapers from blocking out sunlight</p>\r\n					</div>\r\n				</article>\r\n\r\n				<article class=\"landing-block-card js-animation fadeIn g-brd-bottom g-brd-gray-light-v4 g-brd-1 g-pb-1 g-mb-10 g-mb-0--last g-brd-bottom-0--last\">\r\n					<div class=\"landing-block-node-title g-color-gray-dark-v4 g-font-size-12\">\r\n						James Doe\r\n					</div>\r\n					<div class=\"landing-block-node-subtitle h6 g-color-gray-dark-v1\">\r\n						<p>Cooltex is one of the best technology company of our age and future</p>\r\n					</div>\r\n				</article>\r\n\r\n				<article class=\"landing-block-card js-animation fadeIn g-brd-bottom g-brd-gray-light-v4 g-brd-1 g-pb-1 g-mb-10 g-mb-0--last g-brd-bottom-0--last\">\r\n					<div class=\"landing-block-node-title g-color-gray-dark-v4 g-font-size-12\">\r\n						Albert Coolmen\r\n					</div>\r\n					<div class=\"landing-block-node-subtitle h6 g-color-gray-dark-v1\">\r\n						<p>Some text goes here with plain English and much more other texts go there..</p>\r\n					</div>\r\n				</article>\r\n			</div>\r\n		</div>\r\n	</div>\r\n</section>', 1, 1, '2020-02-26 06:26:59', '2020-03-11 06:26:35'),
(253, '58.3.news_sidebar_3', 'a:4:{s:5:\"block\";a:3:{s:4:\"name\";s:90:\"Для сайдбара: Список ссылок с текстом и картинкой\";s:7:\"section\";a:1:{i:0;s:7:\"sidebar\";}s:7:\"preview\";s:73:\"//repo.bitrix24.site/bitrix/blocks/bitrix/58.3.news_sidebar_3/preview.jpg\";}s:5:\"cards\";a:1:{s:19:\".landing-block-card\";a:2:{s:4:\"name\";s:14:\"Новость\";s:5:\"label\";a:1:{i:0;s:25:\".landing-block-node-title\";}}}s:5:\"nodes\";a:4:{s:23:\".landing-block-node-img\";a:3:{s:4:\"name\";s:16:\"Картинка\";s:4:\"type\";s:3:\"img\";s:10:\"dimensions\";a:2:{s:5:\"width\";i:80;s:6:\"height\";i:80;}}s:25:\".landing-block-node-title\";a:2:{s:4:\"name\";s:18:\"Заголовок\";s:4:\"type\";s:4:\"text\";}s:24:\".landing-block-node-text\";a:2:{s:4:\"name\";s:10:\"Текст\";s:4:\"type\";s:4:\"text\";}s:26:\".landing-block-node-button\";a:2:{s:4:\"name\";s:12:\"Кнопка\";s:4:\"type\";s:4:\"link\";}}s:5:\"style\";a:2:{s:5:\"block\";a:1:{s:4:\"type\";a:2:{i:0;s:13:\"block-default\";i:1;s:12:\"block-border\";}}s:5:\"nodes\";a:5:{s:19:\".landing-block-card\";a:2:{s:4:\"name\";s:14:\"Новость\";s:4:\"type\";a:2:{i:0;s:9:\"animation\";i:1;s:13:\"margin-bottom\";}}s:23:\".landing-block-node-img\";a:2:{s:4:\"name\";s:16:\"Картинка\";s:4:\"type\";s:13:\"border-radius\";}s:25:\".landing-block-node-title\";a:2:{s:4:\"name\";s:18:\"Заголовок\";s:4:\"type\";s:4:\"typo\";}s:24:\".landing-block-node-text\";a:2:{s:4:\"name\";s:10:\"Текст\";s:4:\"type\";s:4:\"typo\";}s:26:\".landing-block-node-button\";a:2:{s:4:\"name\";s:12:\"Кнопка\";s:4:\"type\";s:6:\"button\";}}}}', '<section class=\"landing-block g-pt-40 g-pb-40\">\r\n	<div class=\"container\">\r\n		<article class=\"landing-block-card media g-mb-35 g-mb-0--last js-animation fadeInLeft\">\r\n			<img class=\"landing-block-node-img d-flex u-shadow-v25 g-width-40 g-height-40 g-rounded-50x g-object-fit-cover mr-3\"\r\n				 src=\"https://cdn.bitrix24.site/bitrix/images/landing/business/100x100/img1.jpg\">\r\n			<div class=\"media-body\">\r\n				<h4 class=\"landing-block-node-title g-font-size-16 g-color-gray-dark-v1\">\r\n					Htmlstream\r\n				</h4>\r\n				<div class=\"landing-block-node-text g-color-gray-dark-v2\">\r\n					<p>Sed ultrices velit vitae tortor posuere and dial in the details.</p>\r\n				</div>\r\n				<a class=\"landing-block-node-button btn u-btn-outline-primary g-font-size-11 text-uppercase\" href=\"#\">\r\n					Read more\r\n				</a>\r\n			</div>\r\n		</article>\r\n\r\n		<article class=\"landing-block-card media g-mb-35 g-mb-0--last js-animation fadeInLeft\">\r\n			<img class=\"landing-block-node-img d-flex u-shadow-v25 g-width-40 g-height-40 g-rounded-50x g-object-fit-cover mr-3\"\r\n				 src=\"https://cdn.bitrix24.site/bitrix/images/landing/business/100x100/img2.jpg\">\r\n			<div class=\"media-body\">\r\n				<h4 class=\"landing-block-node-title g-font-size-16 g-color-gray-dark-v1\">\r\n					Pixeel\r\n				</h4>\r\n				<div class=\"landing-block-node-text g-color-gray-dark-v2\">\r\n					<p>This is where we sit down, grab a cup of coffee and dial in the details.</p>\r\n				</div>\r\n				<a class=\"landing-block-node-button btn u-btn-outline-primary g-font-size-11 text-uppercase\" href=\"#\">\r\n					Read more\r\n				</a>\r\n			</div>\r\n		</article>\r\n\r\n		<article class=\"landing-block-card media g-mb-35 g-mb-0--last js-animation fadeInLeft\">\r\n			<img class=\"landing-block-node-img d-flex u-shadow-v25 g-width-40 g-max-height-40 g-rounded-50x g-object-fit-cover mr-3\"\r\n				 src=\"https://cdn.bitrix24.site/bitrix/images/landing/business/100x100/img3.jpg\">\r\n			<div class=\"media-body\">\r\n				<h4 class=\"landing-block-node-title g-font-size-16 g-color-gray-dark-v1\">\r\n					WrapBootstrap\r\n				</h4>\r\n				<div class=\"landing-block-node-text g-color-gray-dark-v2\">\r\n					<p>Ulvinar leo ultricies ut, grab a cup of coffee and dial in the details.</p>\r\n				</div>\r\n				<a class=\"landing-block-node-button btn u-btn-outline-primary g-font-size-11 text-uppercase\" href=\"#\">\r\n					Read more\r\n				</a>\r\n			</div>\r\n		</article>\r\n	</div>\r\n</section>', 1, 1, '2020-02-26 06:26:59', '2020-02-26 06:26:59'),
(254, '33.16.form_2_light_left_img', 'a:6:{s:5:\"block\";a:6:{s:4:\"name\";s:58:\"Форма с большой картинкой слева\";s:7:\"section\";a:1:{i:0;s:5:\"forms\";}s:7:\"dynamic\";b:0;s:7:\"subtype\";s:4:\"form\";s:4:\"type\";a:3:{i:0;s:4:\"page\";i:1;s:5:\"store\";i:2;s:3:\"smn\";}s:7:\"preview\";s:81:\"//repo.bitrix24.site/bitrix/blocks/bitrix/33.16.form_2_light_left_img/preview.jpg\";}s:5:\"cards\";a:0:{}s:6:\"groups\";a:0:{}s:5:\"nodes\";a:1:{s:23:\".landing-block-node-img\";a:3:{s:4:\"name\";s:16:\"Картинка\";s:4:\"type\";s:3:\"img\";s:10:\"dimensions\";a:1:{s:5:\"width\";i:570;}}}s:5:\"style\";a:1:{s:23:\".landing-block-node-img\";a:2:{s:4:\"name\";s:16:\"Картинка\";s:4:\"type\";s:15:\"background-size\";}}s:6:\"assets\";a:1:{s:3:\"ext\";a:1:{i:0;s:12:\"landing_form\";}}}', '<section class=\"g-pos-rel landing-block text-center g-pt-100 g-pb-100\">\r\n\r\n	<div class=\"container\">\r\n\r\n		<div class=\"landing-block-form-styles\" hidden>\r\n			<div class=\"g-bg-transparent h1 g-color-white g-brd-none g-pa-0\"\r\n				 data-form-style-wrapper-padding=\"1\"\r\n				 data-form-style-bg=\"1\"\r\n				 data-form-style-bg-content=\"1\"\r\n				 data-form-style-bg-block=\"1\"\r\n				 data-form-style-header-font-size=\"1\"\r\n				 data-form-style-main-font-weight=\"1\"\r\n				 data-form-style-button-font-color=\"1\"\r\n				 data-form-style-border-block=\"1\"\r\n			>\r\n			</div>\r\n			<div class=\"g-bg-primary g-color-primary g-brd-primary\"\r\n				 data-form-style-main-bg=\"1\"\r\n				 data-form-style-main-border-color=\"1\"\r\n				 data-form-style-main-font-color-hover=\"1\"\r\n			>\r\n			</div>\r\n			<div class=\"g-bg-gray-light-v5 g-color-gray-dark-v1 g-brd-around g-brd-white rounded-0\"\r\n				 data-form-style-input-bg=\"1\"\r\n				 data-form-style-input-select-bg=\"1\"\r\n				 data-form-style-input-border=\"1\"\r\n				 data-form-style-input-border-radius=\"1\"\r\n				 data-form-style-main-font-color=\"1\"\r\n			>\r\n			</div>\r\n			<div class=\"g-brd-around g-brd-gray-light-v2 g-color-gray-dark-v5 g-bg-black-opacity-0_7\"\r\n				 data-form-style-input-border-color=\"1\"\r\n				 data-form-style-input-border-hover=\"1\"\r\n				 data-form-style-icon-font-color=\"1\"\r\n			>\r\n			</div>\r\n\r\n\r\n			<!--			for resource booking-->\r\n			<div class=\"g-bg-gray-dark-v5\"\r\n				 data-form-style-bg-as-text=\"1\"\r\n			>\r\n			</div>\r\n\r\n			<div class=\"g-bg-gray-light-v5\"\r\n				 data-form-style-input-bg-light=\"1\"\r\n			>\r\n			</div>\r\n\r\n			<div class=\"g-bg-gray-light-v4\"\r\n				 data-form-style-input-bg-light2=\"1\"\r\n			>\r\n			</div>\r\n\r\n			<div class=\"g-bg-primary-opacity-0_4\"\r\n				 data-form-style-main-bg-light=\"1\"\r\n			>\r\n			</div>\r\n			<div class=\"g-bg-white\"\r\n				 data-form-style-light-bg=\"1\"\r\n			>\r\n			</div>\r\n		</div>\r\n\r\n		<div class=\"row\">\r\n			<div class=\"landing-block-node-img col-md-6 g-min-height-300 g-bg-img-hero g-px-0\"\r\n				 style=\"background-image: url(https://cdn.bitrix24.site/bitrix/images/landing/business/570x511/img1.png);\"></div>\r\n			<div class=\"col-md-6\">\r\n				<div class=\"bitrix24forms g-brd-white-opacity-0_6 u-form-alert-v4\"\r\n					 data-b24form=\"\"\r\n					 data-b24form-use-style=\"Y\"\r\n					 data-b24form-show-header=\"N\"\r\n				></div>\r\n			</div>\r\n		</div>\r\n	</div>\r\n</section>', 1, 1, '2020-02-26 06:26:59', '2020-03-11 06:26:36'),
(255, '33.15.form_2_light_right_img', 'a:6:{s:5:\"block\";a:6:{s:4:\"name\";s:60:\"Форма с большой картинкой справа\";s:7:\"section\";a:1:{i:0;s:5:\"forms\";}s:7:\"dynamic\";b:0;s:7:\"subtype\";s:4:\"form\";s:4:\"type\";a:3:{i:0;s:4:\"page\";i:1;s:5:\"store\";i:2;s:3:\"smn\";}s:7:\"preview\";s:82:\"//repo.bitrix24.site/bitrix/blocks/bitrix/33.15.form_2_light_right_img/preview.jpg\";}s:5:\"cards\";a:0:{}s:6:\"groups\";a:0:{}s:5:\"nodes\";a:1:{s:23:\".landing-block-node-img\";a:3:{s:4:\"name\";s:16:\"Картинка\";s:4:\"type\";s:3:\"img\";s:10:\"dimensions\";a:1:{s:5:\"width\";i:570;}}}s:5:\"style\";a:1:{s:23:\".landing-block-node-img\";a:2:{s:4:\"name\";s:16:\"Картинка\";s:4:\"type\";s:15:\"background-size\";}}s:6:\"assets\";a:1:{s:3:\"ext\";a:1:{i:0;s:12:\"landing_form\";}}}', '<section class=\"g-pos-rel landing-block text-center g-pt-100 g-pb-100\">\r\n\r\n	<div class=\"container\">\r\n\r\n		<div class=\"landing-block-form-styles\" hidden>\r\n			<div class=\"g-bg-transparent h1 g-color-white g-brd-none g-pa-0\"\r\n				 data-form-style-wrapper-padding=\"1\"\r\n				 data-form-style-bg=\"1\"\r\n				 data-form-style-bg-content=\"1\"\r\n				 data-form-style-bg-block=\"1\"\r\n				 data-form-style-header-font-size=\"1\"\r\n				 data-form-style-main-font-weight=\"1\"\r\n				 data-form-style-button-font-color=\"1\"\r\n				 data-form-style-border-block=\"1\"\r\n			>\r\n			</div>\r\n			<div class=\"g-bg-primary g-color-primary g-brd-primary\"\r\n				 data-form-style-main-bg=\"1\"\r\n				 data-form-style-main-border-color=\"1\"\r\n				 data-form-style-main-font-color-hover=\"1\"\r\n			>\r\n			</div>\r\n			<div class=\"g-bg-gray-light-v5 g-color-gray-dark-v1 g-brd-around g-brd-white rounded-0\"\r\n				 data-form-style-input-bg=\"1\"\r\n				 data-form-style-input-select-bg=\"1\"\r\n				 data-form-style-input-border=\"1\"\r\n				 data-form-style-input-border-radius=\"1\"\r\n				 data-form-style-main-font-color=\"1\"\r\n			>\r\n			</div>\r\n			<div class=\"g-brd-around g-brd-gray-light-v2 g-color-gray-dark-v5 g-bg-black-opacity-0_7\"\r\n				 data-form-style-input-border-color=\"1\"\r\n				 data-form-style-input-border-hover=\"1\"\r\n				 data-form-style-icon-font-color=\"1\"\r\n			>\r\n			</div>\r\n\r\n\r\n			<!--			for resource booking-->\r\n			<div class=\"g-bg-gray-dark-v5\"\r\n				 data-form-style-bg-as-text=\"1\"\r\n			>\r\n			</div>\r\n\r\n			<div class=\"g-bg-gray-light-v5\"\r\n				 data-form-style-input-bg-light=\"1\"\r\n			>\r\n			</div>\r\n\r\n			<div class=\"g-bg-gray-light-v4\"\r\n				 data-form-style-input-bg-light2=\"1\"\r\n			>\r\n			</div>\r\n\r\n			<div class=\"g-bg-primary-opacity-0_4\"\r\n				 data-form-style-main-bg-light=\"1\"\r\n			>\r\n			</div>\r\n			<div class=\"g-bg-white\"\r\n				 data-form-style-light-bg=\"1\"\r\n			>\r\n			</div>\r\n		</div>\r\n\r\n		<div class=\"row\">\r\n			<div class=\"col-md-6\">\r\n				<div class=\"bitrix24forms g-brd-white-opacity-0_6 u-form-alert-v4\"\r\n					 data-b24form=\"\"\r\n					 data-b24form-use-style=\"Y\"\r\n					 data-b24form-show-header=\"N\"\r\n				></div>\r\n			</div>\r\n			<div class=\"landing-block-node-img col-md-6 g-min-height-300 g-bg-img-hero g-px-0\"\r\n				 style=\"background-image: url(https://cdn.bitrix24.site/bitrix/images/landing/business/570x511/img1.png);\"></div>\r\n		</div>\r\n	</div>\r\n</section>', 1, 1, '2020-02-26 06:26:59', '2020-03-11 06:26:36'),
(256, 'store.salescenter.payment.pay', 'a:3:{s:5:\"block\";a:5:{s:4:\"name\";s:59:\"Информация о платёжных системах\";s:7:\"section\";a:1:{i:0;s:5:\"store\";}s:4:\"type\";s:4:\"null\";s:9:\"namespace\";s:6:\"bitrix\";s:7:\"preview\";s:0:\"\";}s:5:\"nodes\";a:1:{s:30:\"bitrix:salescenter.payment.pay\";a:2:{s:4:\"type\";s:9:\"component\";s:5:\"extra\";a:1:{s:8:\"editable\";a:1:{s:13:\"TEMPLATE_MODE\";a:1:{s:5:\"style\";b:1;}}}}}s:5:\"style\";a:2:{s:5:\"block\";a:1:{s:4:\"type\";a:2:{i:0;s:13:\"block-default\";i:1;s:12:\"block-border\";}}s:5:\"nodes\";a:0:{}}}', '<?php\nif (!defined(\'B_PROLOG_INCLUDED\') || B_PROLOG_INCLUDED !== true)\n{\n	die();\n}\n?>\n<section class=\"landing-block g-pt-50 g-pb-50\">\n	<div class=\"landing-block-container\">\n		<?$APPLICATION->IncludeComponent(\n			\'bitrix:salescenter.payment.pay\',\n			\'.default\',\n			[\n				\'ALLOW_SELECT_PAY_SYSTEM\' => \'Y\',\n				\'TEMPLATE_MODE\' => \'lightmode\'\n			]\n		);?>\n	</div>\n</section>', 1, 1, '2020-02-26 06:26:59', '2020-02-26 06:26:59'),
(257, 'store.salescenter.order.details', 'a:3:{s:5:\"block\";a:5:{s:4:\"name\";s:55:\"Детальная информация о заказе\";s:7:\"section\";a:1:{i:0;s:5:\"store\";}s:4:\"type\";s:4:\"null\";s:9:\"namespace\";s:6:\"bitrix\";s:7:\"preview\";s:0:\"\";}s:5:\"nodes\";a:1:{s:32:\"bitrix:salescenter.order.details\";a:2:{s:4:\"type\";s:9:\"component\";s:5:\"extra\";a:1:{s:8:\"editable\";a:1:{s:13:\"TEMPLATE_MODE\";a:1:{s:5:\"style\";b:1;}}}}}s:5:\"style\";a:2:{s:5:\"block\";a:1:{s:4:\"type\";a:2:{i:0;s:13:\"block-default\";i:1;s:12:\"block-border\";}}s:5:\"nodes\";a:0:{}}}', '<?php\nif (!defined(\'B_PROLOG_INCLUDED\') || B_PROLOG_INCLUDED !== true)\n{\n	die();\n}\n\nuse \\Bitrix\\Main\\Localization\\Loc;\n\nLoc::loadMessages(\n	\\Bitrix\\Main\\Application::getDocumentRoot() . \'/bitrix/blocks/bitrix/store.salescenter.order.details/.description.php\'\n);\n/**\n * @var StoreSalesCenterOrderDetails $classBlock\n */\n?>\n<section class=\"landing-block g-pt-10 g-pb-10\">\n	<div class=\"container g-font-size-13\">\n		<?\n		if (\\Bitrix\\Landing\\Landing::getEditMode())\n		{\n			echo \'\n			<div class=\"g-min-height-200 g-flex-centered\">\n				<div class=\"g-pa-10 g-brd-html-dashed g-bg-white-opacity-0_8\">\n					\' . Loc::getMessage(\'LANDING_BLOCK_STORE_SALESCENTER_ORDER_DETAIL-ALERT\') . \'\n				</div>\n			</div>\n			\';\n		}\n		else\n		{\n			$APPLICATION->IncludeComponent(\n				\'bitrix:salescenter.order.details\',\n				\'.default\',\n				[\n					\'ID\' => $classBlock->get(\'ORDER_ID\'),\n					\'TEMPLATE_MODE\' => \'lightmode\',\n					\'ACTIVE_DATE_FORMAT\' => \'d F Y\',\n					\'ALLOW_SELECT_PAYMENT_PAY_SYSTEM\' => \'Y\',\n				],\n				false\n			);\n		}\n		?>\n	</div>\n</section>', 1, 1, '2020-02-26 06:26:59', '2020-02-26 06:26:59'),
(258, '40.5.slider_blocks_with_img_and_description', 'a:5:{s:5:\"block\";a:3:{s:4:\"name\";s:69:\"Перелистываемые картинки с описанием\";s:7:\"section\";a:3:{i:0;s:10:\"text_image\";i:1;s:5:\"image\";i:2;s:11:\"recommended\";}s:7:\"preview\";s:97:\"//repo.bitrix24.site/bitrix/blocks/bitrix/40.5.slider_blocks_with_img_and_description/preview.jpg\";}s:5:\"cards\";a:1:{s:19:\".landing-block-card\";a:2:{s:4:\"name\";s:8:\"Блок\";s:5:\"label\";a:2:{i:0;s:23:\".landing-block-card-img\";i:1;s:30:\".landing-block-node-card-title\";}}}s:5:\"nodes\";a:2:{s:23:\".landing-block-card-img\";a:3:{s:4:\"name\";s:16:\"Картинка\";s:4:\"type\";s:3:\"img\";s:10:\"dimensions\";a:1:{s:5:\"width\";i:1110;}}s:24:\".landing-block-card-text\";a:2:{s:4:\"name\";s:10:\"Текст\";s:4:\"type\";s:4:\"text\";}}s:5:\"style\";a:4:{s:24:\".landing-block-card-text\";a:2:{s:4:\"name\";s:10:\"Текст\";s:4:\"type\";a:11:{i:0;s:10:\"text-align\";i:1;s:5:\"color\";i:2;s:9:\"font-size\";i:3;s:11:\"font-family\";i:4;s:15:\"text-decoration\";i:5;s:14:\"text-transform\";i:6;s:11:\"line-height\";i:7;s:14:\"letter-spacing\";i:8;s:11:\"text-shadow\";i:9;s:10:\"margin-top\";i:10;s:13:\"margin-bottom\";}}s:21:\".landing-block-border\";a:2:{s:4:\"name\";s:10:\"Рамка\";s:4:\"type\";a:4:{i:0;s:12:\"border-color\";i:1;s:12:\"border-width\";i:2;s:10:\"margin-top\";i:3;s:13:\"margin-bottom\";}}s:19:\".landing-block-card\";a:2:{s:4:\"name\";s:8:\"Блок\";s:4:\"type\";a:2:{i:0;s:10:\"align-self\";i:1;s:9:\"animation\";}}s:23:\".landing-block-card-img\";a:2:{s:4:\"name\";s:16:\"Картинка\";s:4:\"type\";a:1:{i:0;s:15:\"background-size\";}}}s:6:\"assets\";a:1:{s:3:\"ext\";a:1:{i:0;s:16:\"landing_carousel\";}}}', '<section class=\"landing-block g-pt-20 g-pb-20\">\r\n	<div class=\"container\">\r\n		<!-- Carousel -->\r\n		<div class=\"js-carousel\"\r\n			 data-autoplay=\"false\"\r\n			 data-infinite=\"true\"\r\n			 data-arrows-classes=\"g-top-77 g-top-174--md g-top-292--lg u-arrow-v1 g-pos-abs g-width-40--md g-width-30 g-height-40--md g-height-30 g-brd-gray-light-v4 g-brd-around g-bg-transparent g-bg-white-opacity-0_4--hover g-rounded-50x g-transition-0_2 g-transition--ease-in\"\r\n			 data-arrow-left-classes=\"fa fa-chevron-left g-left-10 g-color-gray-light-v4\"\r\n			 data-arrow-right-classes=\"fa fa-chevron-right g-right-10 g-color-gray-light-v4\"\r\n			 data-pagi-classes=\"u-carousel-indicators-v1 justify-content-center align-items-center g-pos-rel\">\r\n			<div class=\"landing-block-card js-slide js-animation fadeIn\">\r\n				<div class=\"landing-block-card-img g-min-height-184 g-min-height-388--md g-min-height-624--lg g-bg-img-hero g-px-0\"\r\n					 style=\"background-image: url(https://cdn.bitrix24.site/bitrix/images/landing/business/1230x736/img1.jpg);\"></div>\r\n				<div class=\"landing-block-card-text g-font-size-17 g-color-black text-center g-mt-30 g-mb-0\">\r\n					<p>Sed feugiat porttitor nunc, non dignissim ipsum vestibulum in. Donec in blandit dolor. Vivamus a fringilla lorem.</p>\r\n				</div>\r\n				<div class=\"landing-block-border g-brd-bottom g-brd-2 g-brd-black g-width-80 g-ml-auto g-mr-auto g-mt-30 g-mb-30\"></div>\r\n			</div>\r\n\r\n			<div class=\"landing-block-card js-slide js-animation fadeIn\">\r\n				<div class=\"landing-block-card-img g-min-height-184 g-min-height-388--md g-min-height-624--lg g-bg-img-hero g-px-0\"\r\n					 style=\"background-image: url(https://cdn.bitrix24.site/bitrix/images/landing/business/1230x736/img2.jpg);\"></div>\r\n				<div class=\"landing-block-card-text g-font-size-17 g-color-black text-center g-mt-30 g-mb-0\">\r\n					<p>Sed feugiat porttitor nunc, non dignissim ipsum vestibulum in. Donec in blandit dolor. Vivamus a fringilla lorem.</p>\r\n				</div>\r\n				<div class=\"landing-block-border g-brd-bottom g-brd-2 g-brd-black g-width-80 g-ml-auto g-mr-auto g-mt-30 g-mb-30\"></div>\r\n			</div>\r\n\r\n			<div class=\"landing-block-card js-slide js-animation fadeIn\">\r\n				<div class=\"landing-block-card-img g-min-height-184 g-min-height-388--md g-min-height-624--lg g-bg-img-hero g-px-0\"\r\n					 style=\"background-image: url(https://cdn.bitrix24.site/bitrix/images/landing/business/1230x736/img1.jpg);\"></div>\r\n				<div class=\"landing-block-card-text g-font-size-17 g-color-black text-center g-mt-30 g-mb-0\">\r\n					<p>Sed feugiat porttitor nunc, non dignissim ipsum vestibulum in. Donec in blandit dolor. Vivamus a fringilla lorem.</p>\r\n				</div>\r\n				<div class=\"landing-block-border g-brd-bottom g-brd-2 g-brd-black g-width-80 g-ml-auto g-mr-auto g-mt-30 g-mb-30\"></div>\r\n			</div>\r\n		</div>\r\n		<!-- End Carouse -->\r\n	</div>\r\n</section>', 1, 1, '2020-03-11 06:26:35', '2020-03-11 06:26:35');
INSERT INTO `b_landing_manifest` (`ID`, `CODE`, `MANIFEST`, `CONTENT`, `CREATED_BY_ID`, `MODIFIED_BY_ID`, `DATE_CREATE`, `DATE_MODIFY`) VALUES
(259, '08.7.list_with_text', 'a:4:{s:5:\"block\";a:3:{s:4:\"name\";s:53:\"Текстовые карточки с иконкой\";s:7:\"section\";a:1:{i:0;s:4:\"text\";}s:7:\"preview\";s:73:\"//repo.bitrix24.site/bitrix/blocks/bitrix/08.7.list_with_text/preview.jpg\";}s:5:\"cards\";a:1:{s:19:\".landing-block-card\";a:2:{s:4:\"name\";s:16:\"Карточки\";s:5:\"label\";a:1:{i:0;s:20:\".landing-block-title\";}}}s:5:\"nodes\";a:3:{s:20:\".landing-block-title\";a:2:{s:4:\"name\";s:18:\"Заголовок\";s:4:\"type\";s:4:\"text\";}s:19:\".landing-block-text\";a:2:{s:4:\"name\";s:10:\"Текст\";s:4:\"type\";s:4:\"text\";}s:19:\".landing-block-icon\";a:2:{s:4:\"name\";s:12:\"Иконка\";s:4:\"type\";s:4:\"icon\";}}s:5:\"style\";a:2:{s:5:\"block\";a:1:{s:4:\"type\";a:1:{i:0;s:13:\"block-default\";}}s:5:\"nodes\";a:5:{s:24:\".landing-block-container\";a:2:{s:4:\"name\";s:16:\"Карточки\";s:4:\"type\";a:1:{i:0;s:9:\"container\";}}s:19:\".landing-block-card\";a:2:{s:4:\"name\";s:16:\"Карточки\";s:4:\"type\";a:3:{i:0;s:9:\"animation\";i:1;s:13:\"margin-bottom\";i:2;s:9:\"container\";}}s:20:\".landing-block-title\";a:2:{s:4:\"name\";s:18:\"Заголовок\";s:4:\"type\";a:1:{i:0;s:4:\"typo\";}}s:19:\".landing-block-text\";a:2:{s:4:\"name\";s:10:\"Текст\";s:4:\"type\";a:1:{i:0;s:4:\"typo\";}}s:29:\".landing-block-icon-container\";a:2:{s:4:\"name\";s:12:\"Иконка\";s:4:\"type\";a:2:{i:0;s:10:\"text-align\";i:1;s:5:\"color\";}}}}}', '<section class=\"landing-block g-pb-30 g-pt-30\">\r\n	<div class=\"landing-block-container container\">\r\n		<div class=\"landing-block-card row js-animation fadeIn g-mb-10 g-mb-0--last\">\r\n			<div class=\"row col-12 align-items-center\">\r\n				<span class=\"landing-block-icon-container col-2 col-md-1 text-right g-color-black g-font-size-22\">\r\n					<i class=\"landing-block-icon fa fa-check\"></i>\r\n				</span>\r\n				<h2 class=\"landing-block-title col-10 col-md-11 text-left g-color-black g-font-size-22 g-font-montserrat font-weight-bold g-ma-0\">\r\n					Change in ID for renting a room\r\n				</h2>\r\n			</div>\r\n			<div class=\"row col-12 align-items-center\">\r\n				<div class=\"col-10 offset-2 col-md-11 offset-md-1 text-left landing-block-text g-color-black g-font-size-16 g-font-open-sans\">\r\n					<p>Sed feugiat porttitor nunc, non dignissim ipsum vestibulum in. Donec in blandit dolor. Vivamus a fringilla lorem, vel faucibus ante. Nunc ullamcorper, justo a iaculis elementum, enim orci viverra eros, fringilla porttitor lorem eros vel.</p>\r\n				</div>\r\n			</div>\r\n		</div>\r\n		<div class=\"landing-block-card row js-animation fadeIn g-mb-10 g-mb-0--last\">\r\n			<div class=\"row col-12 align-items-center\">\r\n				<span class=\"landing-block-icon-container col-2 col-md-1 text-right g-color-black g-font-size-22\">\r\n					<i class=\"landing-block-icon fa fa-check\"></i>\r\n				</span>\r\n				<h2 class=\"landing-block-title col-10 col-md-11 text-left g-color-black g-font-size-22 g-font-montserrat font-weight-bold g-ma-0\">\r\n					Change in ID for renting a room\r\n				</h2>\r\n			</div>\r\n			<div class=\"row col-12 align-items-center\">\r\n				<div class=\"col-10 offset-2 col-md-11 offset-md-1 text-left landing-block-text g-color-black g-font-size-16 g-font-open-sans\">\r\n					<p>Sed feugiat porttitor nunc, non dignissim ipsum vestibulum in. Donec in blandit dolor. Vivamus a fringilla lorem, vel faucibus ante. Nunc ullamcorper, justo a iaculis elementum, enim orci viverra eros, fringilla porttitor lorem eros vel.</p>\r\n				</div>\r\n			</div>\r\n		</div>\r\n		<div class=\"landing-block-card row js-animation fadeIn g-mb-10 g-mb-0--last\">\r\n			<div class=\"row col-12 align-items-center\">\r\n				<span class=\"landing-block-icon-container col-2 col-md-1 text-right g-color-black g-font-size-22\">\r\n					<i class=\"landing-block-icon fa fa-check\"></i>\r\n				</span>\r\n				<h2 class=\"landing-block-title col-10 col-md-11 text-left g-color-black g-font-size-22 g-font-montserrat font-weight-bold g-ma-0\">\r\n					Change in ID for renting a room\r\n				</h2>\r\n			</div>\r\n			<div class=\"row col-12 align-items-center\">\r\n				<div class=\"col-10 offset-2 col-md-11 offset-md-1 text-left landing-block-text g-color-black g-font-size-16 g-font-open-sans\">\r\n					<p>Sed feugiat porttitor nunc, non dignissim ipsum vestibulum in. Donec in blandit dolor. Vivamus a fringilla lorem, vel faucibus ante. Nunc ullamcorper, justo a iaculis elementum, enim orci viverra eros, fringilla porttitor lorem eros vel.</p>\r\n				</div>\r\n			</div>\r\n		</div>\r\n		<div class=\"landing-block-card row js-animation fadeIn g-mb-10 g-mb-0--last\">\r\n			<div class=\"row col-12 align-items-center\">\r\n				<span class=\"landing-block-icon-container col-2 col-md-1 text-right g-color-black g-font-size-22\">\r\n					<i class=\"landing-block-icon fa fa-check\"></i>\r\n				</span>\r\n				<h2 class=\"landing-block-title col-10 col-md-11 text-left g-color-black g-font-size-22 g-font-montserrat font-weight-bold g-ma-0\">\r\n					Change in ID for renting a room\r\n				</h2>\r\n			</div>\r\n			<div class=\"row col-12 align-items-center\">\r\n				<div class=\"col-10 offset-2 col-md-11 offset-md-1 text-left landing-block-text g-color-black g-font-size-16 g-font-open-sans\">\r\n					<p>Sed feugiat porttitor nunc, non dignissim ipsum vestibulum in. Donec in blandit dolor. Vivamus a fringilla lorem, vel faucibus ante. Nunc ullamcorper, justo a iaculis elementum, enim orci viverra eros, fringilla porttitor lorem eros vel.</p>\r\n				</div>\r\n			</div>\r\n		</div>\r\n	</div>\r\n</section>', 1, 1, '2020-03-11 06:26:35', '2020-03-11 06:26:35'),
(260, '40.6.two_img_top_bottom', 'a:4:{s:5:\"block\";a:3:{s:4:\"name\";s:77:\"Две картинки под текстом: одна выше другой\";s:7:\"section\";a:2:{i:0;s:10:\"text_image\";i:1;s:5:\"image\";}s:7:\"preview\";s:77:\"//repo.bitrix24.site/bitrix/blocks/bitrix/40.6.two_img_top_bottom/preview.jpg\";}s:5:\"cards\";a:1:{s:19:\".landing-block-card\";a:2:{s:4:\"name\";s:8:\"Блок\";s:5:\"label\";a:1:{i:0;s:25:\".landing-block-card-title\";}}}s:5:\"nodes\";a:3:{s:25:\".landing-block-card-title\";a:2:{s:4:\"name\";s:18:\"Заголовок\";s:4:\"type\";s:4:\"text\";}s:24:\".landing-block-card-text\";a:2:{s:4:\"name\";s:10:\"Текст\";s:4:\"type\";s:4:\"text\";}s:18:\".landing-block-img\";a:3:{s:4:\"name\";s:16:\"Картинка\";s:4:\"type\";s:3:\"img\";s:10:\"dimensions\";a:1:{s:5:\"width\";i:1110;}}}s:5:\"style\";a:6:{s:19:\".landing-block-card\";a:2:{s:4:\"name\";s:8:\"Блок\";s:4:\"type\";a:5:{i:0;s:7:\"columns\";i:1;s:9:\"animation\";i:2;s:11:\"padding-top\";i:3;s:13:\"margin-bottom\";i:4;s:10:\"align-self\";}}s:29:\".landing-block-text-container\";a:2:{s:4:\"name\";s:29:\"Набор элементов\";s:4:\"type\";a:4:{i:0;s:12:\"padding-left\";i:1;s:13:\"padding-right\";i:2;s:14:\"padding-bottom\";i:3;s:11:\"padding-top\";}}s:25:\".landing-block-card-title\";a:2:{s:4:\"name\";s:18:\"Заголовок\";s:4:\"type\";a:3:{i:0;s:4:\"typo\";i:1;s:12:\"border-color\";i:2;s:12:\"border-width\";}}s:24:\".landing-block-card-text\";a:2:{s:4:\"name\";s:10:\"Текст\";s:4:\"type\";s:4:\"typo\";}s:18:\".landing-block-img\";a:2:{s:4:\"name\";s:16:\"Картинка\";s:4:\"type\";a:2:{i:0;s:18:\"background-overlay\";i:1;s:9:\"height-vh\";}}s:20:\".landing-block-inner\";a:2:{s:4:\"name\";s:8:\"Блок\";s:4:\"type\";s:9:\"row-align\";}}}', '<section class=\"landing-block g-pt-30 g-pb-30\">\r\n	<div class=\"container\">\r\n		<div class=\"landing-block-inner row\">\r\n			<div class=\"landing-block-card col-12 col-md-6 col-lg-6 js-animation fadeIn g-pt-0 g-pb-0 g-pt-0--lg-down align-self-start\">\r\n				<div class=\"landing-block-img u-bg-overlay g-flex-centered g-min-height-70vh g-bg-img-hero\"\r\n					 style=\"background-image: url(https://cdn.bitrix24.site/bitrix/images/landing/business/540x729/img1.jpg);\">\r\n					<div class=\"landing-block-text-container g-flex-centered-item--bottom text-left u-bg-overlay__inner g-pl-70 g-pr-70 g-pt-30 g-pb-30\" data-stop-propagation>\r\n						<div class=\"landing-block-card-title text-uppercase font-weight-bold g-ma-0 g-font-montserrat g-font-size-40 g-line-height-1_4 g-color-white g-brd-bottom g-brd-4 g-brd-white\">\r\n							<p>Office</p>\r\n						</div>\r\n						<div class=\"landing-block-card-text g-font-size-16 g-color-white g-line-height-1_7 g-font-open-sans g-pt-10 g-pt-30--md\">\r\n							<p>An office manager is an employee managing an office. As a rule, this employee is introduced into the state of the central (head)</p>\r\n						</div>\r\n					</div>\r\n				</div>\r\n			</div>\r\n\r\n			<div class=\"landing-block-card col-12 col-md-6 col-lg-6 js-animation fadeIn g-pt-150 g-pb-0 g-pt-0--lg-down align-self-start\">\r\n				<div class=\"landing-block-img u-bg-overlay g-flex-centered g-min-height-70vh g-bg-img-hero\"\r\n					 style=\"background-image: url(https://cdn.bitrix24.site/bitrix/images/landing/business/540x729/img2.jpg);\">\r\n					<div class=\"landing-block-text-container g-flex-centered-item--bottom text-left u-bg-overlay__inner g-pl-70 g-pr-70 g-pt-30 g-pb-30\" data-stop-propagation>\r\n						<div class=\"landing-block-card-title text-uppercase font-weight-bold g-ma-0 g-font-montserrat g-font-size-40 g-line-height-1_4 g-color-white g-brd-bottom g-brd-4 g-brd-white\">\r\n							<p>Office</p>\r\n						</div>\r\n						<div class=\"landing-block-card-text g-font-size-16 g-color-white g-line-height-1_7 g-font-open-sans g-pt-10 g-pt-30--md\">\r\n							<p>An office manager is an employee managing an office. As a rule, this employee is introduced into the state of the central (head)</p>\r\n						</div>\r\n					</div>\r\n				</div>\r\n			</div>\r\n		</div>\r\n	</div>\r\n</section>', 1, 1, '2020-03-11 06:26:35', '2020-03-11 06:26:35'),
(261, '32.15.img_one_big_full', 'a:3:{s:5:\"block\";a:3:{s:4:\"name\";s:52:\"Текст со ссылкой на картинке\";s:7:\"section\";a:2:{i:0;s:5:\"tiles\";i:1;s:5:\"image\";}s:7:\"preview\";s:76:\"//repo.bitrix24.site/bitrix/blocks/bitrix/32.15.img_one_big_full/preview.jpg\";}s:5:\"nodes\";a:3:{s:18:\".landing-block-img\";a:3:{s:4:\"name\";s:16:\"Картинка\";s:4:\"type\";s:3:\"img\";s:10:\"dimensions\";a:1:{s:5:\"width\";i:1110;}}s:20:\".landing-block-title\";a:2:{s:4:\"name\";s:18:\"Заголовок\";s:4:\"type\";s:4:\"text\";}s:19:\".landing-block-link\";a:2:{s:4:\"name\";s:12:\"Ссылка\";s:4:\"type\";s:4:\"link\";}}s:5:\"style\";a:2:{s:5:\"block\";a:1:{s:4:\"type\";a:4:{i:0;s:27:\"block-default-wo-background\";i:1;s:9:\"animation\";i:2;s:16:\"background-color\";i:3;s:19:\"background-gradient\";}}s:5:\"nodes\";a:6:{s:24:\".landing-block-container\";a:2:{s:4:\"name\";s:8:\"Блок\";s:4:\"type\";a:1:{i:0;s:9:\"container\";}}s:18:\".landing-block-img\";a:2:{s:4:\"name\";s:16:\"Картинка\";s:4:\"type\";a:2:{i:0;s:18:\"background-overlay\";i:1;s:9:\"height-vh\";}}s:29:\".landing-block-text-container\";a:2:{s:4:\"name\";s:29:\"Набор элементов\";s:4:\"type\";a:4:{i:0;s:12:\"padding-left\";i:1;s:13:\"padding-right\";i:2;s:14:\"padding-bottom\";i:3;s:11:\"padding-top\";}}s:20:\".landing-block-title\";a:2:{s:4:\"name\";s:18:\"Заголовок\";s:4:\"type\";a:1:{i:0;s:4:\"typo\";}}s:19:\".landing-block-link\";a:2:{s:4:\"name\";s:12:\"Ссылка\";s:4:\"type\";a:1:{i:0;s:9:\"typo-link\";}}s:29:\".landing-block-link-container\";a:2:{s:4:\"name\";s:29:\"Набор элементов\";s:4:\"type\";a:1:{i:0;s:10:\"text-align\";}}}}}', '<section class=\"landing-block g-pt-30 g-pb-30 g-pl-15 g-pr-15\">\r\n	<div class=\"landing-block-container container js-animation zoomIn\">\r\n		<div class=\"landing-block-img u-bg-overlay g-flex-centered g-min-height-60vh g-bg-img-hero\"\r\n			 style=\"background-image: url(https://cdn.bitrix24.site/bitrix/images/landing/business/1230x736/img2.jpg);\">\r\n			<div class=\"g-flex-centered-item--bottom w-100\" data-stop-propagation>\r\n				<div class=\"landing-block-text-container align-items-center g-bottom-0 w-100 g-pl-30 g-pr-30 g-pb-20 g-pt-20 u-bg-overlay__inner\">\r\n					<div class=\"landing-block-title g-color-white g-font-size-17 g-font-montserrat\">\r\n						<p>You can calculate the remaining time and vacation here</p>\r\n					</div>\r\n					<div class=\"landing-block-link-container\">\r\n						<a class=\"landing-block-link u-link-v5 g-color-white g-font-size-18 g-font-open-sans font-weight-bold\" href=\"#\">\r\n							Read More\r\n						</a>\r\n					</div>\r\n				</div>\r\n			</div>\r\n		</div>\r\n	</div>\r\n</section>', 1, 1, '2020-03-11 06:26:35', '2020-03-11 06:26:35'),
(262, '40.8.one_img_left_text_right', 'a:3:{s:5:\"block\";a:3:{s:4:\"name\";s:98:\"Текст со ссылкой справа и картинкой под текстом слева\";s:7:\"section\";a:1:{i:0;s:5:\"tiles\";}s:7:\"preview\";s:82:\"//repo.bitrix24.site/bitrix/blocks/bitrix/40.8.one_img_left_text_right/preview.jpg\";}s:5:\"nodes\";a:6:{s:30:\".landing-block-card-title-left\";a:2:{s:4:\"name\";s:18:\"Заголовок\";s:4:\"type\";s:4:\"text\";}s:29:\".landing-block-card-text-left\";a:2:{s:4:\"name\";s:10:\"Текст\";s:4:\"type\";s:4:\"text\";}s:31:\".landing-block-card-title-right\";a:2:{s:4:\"name\";s:18:\"Заголовок\";s:4:\"type\";s:4:\"text\";}s:30:\".landing-block-card-text-right\";a:2:{s:4:\"name\";s:10:\"Текст\";s:4:\"type\";s:4:\"text\";}s:18:\".landing-block-img\";a:3:{s:4:\"name\";s:16:\"Картинка\";s:4:\"type\";s:3:\"img\";s:10:\"dimensions\";a:1:{s:5:\"width\";i:540;}}s:19:\".landing-block-link\";a:2:{s:4:\"name\";s:12:\"Ссылка\";s:4:\"type\";s:4:\"link\";}}s:5:\"style\";a:10:{s:30:\".landing-block-card-title-left\";a:2:{s:4:\"name\";s:18:\"Заголовок\";s:4:\"type\";a:3:{i:0;s:4:\"typo\";i:1;s:12:\"border-color\";i:2;s:12:\"border-width\";}}s:31:\".landing-block-card-title-right\";a:2:{s:4:\"name\";s:18:\"Заголовок\";s:4:\"type\";a:3:{i:0;s:4:\"typo\";i:1;s:12:\"border-color\";i:2;s:12:\"border-width\";}}s:29:\".landing-block-card-text-left\";a:2:{s:4:\"name\";s:10:\"Текст\";s:4:\"type\";s:4:\"typo\";}s:30:\".landing-block-card-text-right\";a:2:{s:4:\"name\";s:10:\"Текст\";s:4:\"type\";s:4:\"typo\";}s:35:\".landing-block-text-container-right\";a:2:{s:4:\"name\";s:29:\"Набор элементов\";s:4:\"type\";a:2:{i:0;s:9:\"animation\";i:1;s:10:\"align-self\";}}s:24:\".landing-block-container\";a:2:{s:4:\"name\";s:29:\"Набор элементов\";s:4:\"type\";a:2:{i:0;s:9:\"animation\";i:1;s:10:\"align-self\";}}s:29:\".landing-block-text-container\";a:2:{s:4:\"name\";s:29:\"Набор элементов\";s:4:\"type\";a:1:{i:0;s:10:\"align-self\";}}s:18:\".landing-block-img\";a:2:{s:4:\"name\";s:16:\"Картинка\";s:4:\"type\";a:2:{i:0;s:18:\"background-overlay\";i:1;s:9:\"height-vh\";}}s:19:\".landing-block-link\";a:2:{s:4:\"name\";s:12:\"Ссылка\";s:4:\"type\";a:1:{i:0;s:9:\"typo-link\";}}s:29:\".landing-block-link-container\";a:2:{s:4:\"name\";s:29:\"Набор элементов\";s:4:\"type\";a:1:{i:0;s:10:\"text-align\";}}}}', '<section class=\"landing-block g-pt-30 g-pb-30\">\r\n	<div class=\"container\">\r\n		<div class=\"g-pos-rel row\">\r\n			<div class=\"landing-block-container col-12 col-md-6 col-lg-6 js-animation fadeIn g-pt-0 g-pb-0 align-self-center order-2 order-md-1\">\r\n				<div class=\"landing-block-img u-bg-overlay g-flex-centered g-min-height-70vh g-bg-img-hero\"\r\n					 style=\"background-image: url(https://cdn.bitrix24.site/bitrix/images/landing/business/540x729/img4.jpg);\">\r\n					<div class=\"landing-block-text-container g-flex-centered-item--bottom text-left u-bg-overlay__inner g-pl-70 g-pr-70 g-pt-30 g-pb-30\" data-stop-propagation>\r\n						<div class=\"landing-block-card-title-left text-uppercase font-weight-bold g-ma-0 g-font-montserrat g-font-size-40 g-line-height-1_4 g-color-white g-brd-bottom g-brd-4 g-brd-white\">\r\n							<p>Office</p>\r\n						</div>\r\n						<div class=\"landing-block-card-text-left g-font-size-16 g-color-white g-line-height-1_7 g-font-open-sans g-pt-10 g-pt-30--md\">\r\n							<p>An office manager is an employee managing an office. As a rule, this employee is introduced into the state of the central (head)</p>\r\n						</div>\r\n					</div>\r\n				</div>\r\n			</div>\r\n\r\n			<div class=\"g-flex-centered col-12 col-md-6 col-lg-6 order-1 order-md-2\">\r\n				<div class=\"landing-block-text-container-right js-animation slideInRight g-px-80--lg align-self-center\">\r\n					<h3 class=\"landing-block-card-title-right text-uppercase font-weight-bold g-font-size-50 g-ma-0 g-font-montserrat g-line-height-1_4 g-color-black g-brd-bottom g-brd-4 g-brd-black\">\r\n						What are your interests?\r\n					</h3>\r\n					<div class=\"g-px-0\">\r\n						<div class=\"landing-block-card-text-right g-flex-centered-item--bottom col-11 g-font-size-18 g-color-black g-line-height-1_7 g-font-open-sans g-pt-10 g-pt-30--md g-px-0\">\r\n							<p>An office manager is an employee managing an office. As a rule, this employee is introduced into the state of the central (head)</p>\r\n						</div>\r\n					</div>\r\n					<div class=\"landing-block-link-container\">\r\n						<a class=\"landing-block-link u-link-v5 g-color-primary g-font-size-18 g-font-open-sans font-weight-bold\" href=\"#\">\r\n							Read More\r\n						</a>\r\n					</div>\r\n				</div>\r\n			</div>\r\n		</div>\r\n	</div>\r\n</section>', 1, 1, '2020-03-11 06:26:35', '2020-03-11 06:26:35'),
(263, '40.7.one_img_right_text_left', 'a:3:{s:5:\"block\";a:3:{s:4:\"name\";s:98:\"Текст со ссылкой слева и картинкой под текстом справа\";s:7:\"section\";a:1:{i:0;s:5:\"tiles\";}s:7:\"preview\";s:82:\"//repo.bitrix24.site/bitrix/blocks/bitrix/40.7.one_img_right_text_left/preview.jpg\";}s:5:\"nodes\";a:6:{s:30:\".landing-block-card-title-left\";a:2:{s:4:\"name\";s:18:\"Заголовок\";s:4:\"type\";s:4:\"text\";}s:31:\".landing-block-card-title-right\";a:2:{s:4:\"name\";s:18:\"Заголовок\";s:4:\"type\";s:4:\"text\";}s:29:\".landing-block-card-text-left\";a:2:{s:4:\"name\";s:10:\"Текст\";s:4:\"type\";s:4:\"text\";}s:30:\".landing-block-card-text-right\";a:2:{s:4:\"name\";s:10:\"Текст\";s:4:\"type\";s:4:\"text\";}s:18:\".landing-block-img\";a:3:{s:4:\"name\";s:16:\"Картинка\";s:4:\"type\";s:3:\"img\";s:10:\"dimensions\";a:1:{s:5:\"width\";i:540;}}s:19:\".landing-block-link\";a:2:{s:4:\"name\";s:12:\"Ссылка\";s:4:\"type\";s:4:\"link\";}}s:5:\"style\";a:10:{s:30:\".landing-block-card-title-left\";a:2:{s:4:\"name\";s:18:\"Заголовок\";s:4:\"type\";a:3:{i:0;s:4:\"typo\";i:1;s:12:\"border-color\";i:2;s:12:\"border-width\";}}s:29:\".landing-block-card-text-left\";a:2:{s:4:\"name\";s:10:\"Текст\";s:4:\"type\";s:4:\"typo\";}s:31:\".landing-block-card-title-right\";a:2:{s:4:\"name\";s:18:\"Заголовок\";s:4:\"type\";a:3:{i:0;s:4:\"typo\";i:1;s:12:\"border-color\";i:2;s:12:\"border-width\";}}s:30:\".landing-block-card-text-right\";a:2:{s:4:\"name\";s:10:\"Текст\";s:4:\"type\";s:4:\"typo\";}s:29:\".landing-block-text-container\";a:2:{s:4:\"name\";s:29:\"Набор элементов\";s:4:\"type\";a:2:{i:0;s:9:\"animation\";i:1;s:10:\"align-self\";}}s:24:\".landing-block-container\";a:2:{s:4:\"name\";s:29:\"Набор элементов\";s:4:\"type\";a:2:{i:0;s:9:\"animation\";i:1;s:10:\"align-self\";}}s:35:\".landing-block-text-container-right\";a:2:{s:4:\"name\";s:29:\"Набор элементов\";s:4:\"type\";a:1:{i:0;s:10:\"align-self\";}}s:18:\".landing-block-img\";a:2:{s:4:\"name\";s:16:\"Картинка\";s:4:\"type\";a:2:{i:0;s:18:\"background-overlay\";i:1;s:9:\"height-vh\";}}s:19:\".landing-block-link\";a:2:{s:4:\"name\";s:12:\"Ссылка\";s:4:\"type\";a:1:{i:0;s:9:\"typo-link\";}}s:29:\".landing-block-link-container\";a:2:{s:4:\"name\";s:29:\"Набор элементов\";s:4:\"type\";a:1:{i:0;s:10:\"text-align\";}}}}', '<section class=\"landing-block g-pt-30 g-pb-30\">\r\n	<div class=\"container\">\r\n		<div class=\"g-pos-rel row\">\r\n			<div class=\"g-flex-centered col-12 col-md-6 col-lg-6\">\r\n				<div class=\"landing-block-text-container js-animation slideInLeft g-px-80--lg align-self-center\">\r\n					<h3 class=\"landing-block-card-title-left text-uppercase font-weight-bold g-font-size-50 g-ma-0 g-font-montserrat g-line-height-1_4 g-color-black g-brd-bottom g-brd-4 g-brd-black\">\r\n						What are your interests?\r\n					</h3>\r\n					<div class=\"landing-block-card-text-left g-font-size-18 g-color-black g-line-height-1_7 g-font-open-sans g-pt-10 g-pt-30--md g-px-0\">\r\n						<p>\r\n							An office manager is an employee managing an office. As a rule, this employee is introduced into the state of the central (head)\r\n						</p>\r\n					</div>\r\n					<div class=\"landing-block-link-container\">\r\n						<a class=\"landing-block-link u-link-v5 g-color-primary g-font-size-18 g-font-open-sans font-weight-bold\" href=\"#\">\r\n							Read More\r\n						</a>\r\n					</div>\r\n				</div>\r\n			</div>\r\n\r\n			<div class=\"landing-block-container col-12 col-md-6 col-lg-6 js-animation fadeIn g-pt-0 g-pb-0 align-self-center\">\r\n				<div class=\"landing-block-img u-bg-overlay g-flex-centered g-min-height-70vh g-bg-img-hero\"\r\n					 style=\"background-image: url(https://cdn.bitrix24.site/bitrix/images/landing/business/540x729/img3.jpg);\">\r\n					<div class=\"landing-block-text-container-right g-flex-centered-item--bottom text-left u-bg-overlay__inner g-pl-70 g-pr-70 g-pt-30 g-pb-30\" data-stop-propagation>\r\n						<div class=\"landing-block-card-title-right text-uppercase font-weight-bold g-ma-0 g-font-montserrat g-font-size-40 g-line-height-1_4 g-color-white g-brd-bottom g-brd-4 g-brd-white\">\r\n							<p>Office</p>\r\n						</div>\r\n						<div class=\"landing-block-card-text-right g-font-size-16 g-color-white g-line-height-1_7 g-font-open-sans g-pt-10 g-pt-30--md\">\r\n							<p>An office manager is an employee managing an office. As a rule, this employee is introduced into the state of the central (head)</p>\r\n						</div>\r\n					</div>\r\n				</div>\r\n			</div>\r\n		</div>\r\n	</div>\r\n</section>', 1, 1, '2020-03-11 06:26:35', '2020-03-11 06:26:35');

-- --------------------------------------------------------

--
-- Структура таблицы `b_landing_placement`
--

CREATE TABLE `b_landing_placement` (
  `ID` int(18) NOT NULL,
  `APP_ID` int(18) DEFAULT NULL,
  `PLACEMENT` varchar(255) COLLATE utf8_unicode_ci NOT NULL,
  `PLACEMENT_HANDLER` varchar(255) COLLATE utf8_unicode_ci NOT NULL,
  `TITLE` varchar(255) COLLATE utf8_unicode_ci DEFAULT '',
  `CREATED_BY_ID` int(18) NOT NULL,
  `MODIFIED_BY_ID` int(18) NOT NULL,
  `DATE_CREATE` timestamp NULL DEFAULT NULL,
  `DATE_MODIFY` timestamp NOT NULL DEFAULT '0000-00-00 00:00:00'
) ENGINE=InnoDB DEFAULT CHARSET=utf8 COLLATE=utf8_unicode_ci;

-- --------------------------------------------------------

--
-- Структура таблицы `b_landing_repo`
--

CREATE TABLE `b_landing_repo` (
  `ID` int(18) NOT NULL,
  `XML_ID` varchar(255) COLLATE utf8_unicode_ci NOT NULL,
  `APP_CODE` varchar(255) COLLATE utf8_unicode_ci DEFAULT NULL,
  `ACTIVE` char(1) COLLATE utf8_unicode_ci NOT NULL DEFAULT 'Y',
  `NAME` varchar(255) COLLATE utf8_unicode_ci NOT NULL,
  `DESCRIPTION` varchar(255) COLLATE utf8_unicode_ci DEFAULT NULL,
  `SECTIONS` varchar(255) COLLATE utf8_unicode_ci DEFAULT NULL,
  `PREVIEW` varchar(255) COLLATE utf8_unicode_ci DEFAULT NULL,
  `MANIFEST` text COLLATE utf8_unicode_ci,
  `CONTENT` text COLLATE utf8_unicode_ci NOT NULL,
  `CREATED_BY_ID` int(18) NOT NULL,
  `MODIFIED_BY_ID` int(18) NOT NULL,
  `DATE_CREATE` timestamp NULL DEFAULT NULL,
  `DATE_MODIFY` timestamp NOT NULL DEFAULT '0000-00-00 00:00:00'
) ENGINE=InnoDB DEFAULT CHARSET=utf8 COLLATE=utf8_unicode_ci;

-- --------------------------------------------------------

--
-- Структура таблицы `b_landing_site`
--

CREATE TABLE `b_landing_site` (
  `ID` int(18) NOT NULL,
  `CODE` varchar(255) COLLATE utf8_unicode_ci NOT NULL,
  `ACTIVE` char(1) COLLATE utf8_unicode_ci NOT NULL DEFAULT 'Y',
  `DELETED` char(1) COLLATE utf8_unicode_ci NOT NULL DEFAULT 'N',
  `TITLE` varchar(255) COLLATE utf8_unicode_ci NOT NULL,
  `XML_ID` varchar(255) COLLATE utf8_unicode_ci DEFAULT NULL,
  `DESCRIPTION` varchar(255) COLLATE utf8_unicode_ci DEFAULT NULL,
  `TYPE` varchar(50) COLLATE utf8_unicode_ci NOT NULL DEFAULT 'PAGE',
  `TPL_ID` int(18) DEFAULT NULL,
  `DOMAIN_ID` int(18) NOT NULL,
  `SMN_SITE_ID` char(2) COLLATE utf8_unicode_ci DEFAULT NULL,
  `LANDING_ID_INDEX` int(18) DEFAULT NULL,
  `LANDING_ID_404` int(18) DEFAULT NULL,
  `LANDING_ID_503` int(18) DEFAULT NULL,
  `CREATED_BY_ID` int(18) NOT NULL,
  `MODIFIED_BY_ID` int(18) NOT NULL,
  `DATE_CREATE` timestamp NULL DEFAULT NULL,
  `DATE_MODIFY` timestamp NOT NULL DEFAULT '0000-00-00 00:00:00'
) ENGINE=InnoDB DEFAULT CHARSET=utf8 COLLATE=utf8_unicode_ci;

--
-- Дамп данных таблицы `b_landing_site`
--

INSERT INTO `b_landing_site` (`ID`, `CODE`, `ACTIVE`, `DELETED`, `TITLE`, `XML_ID`, `DESCRIPTION`, `TYPE`, `TPL_ID`, `DOMAIN_ID`, `SMN_SITE_ID`, `LANDING_ID_INDEX`, `LANDING_ID_404`, `LANDING_ID_503`, `CREATED_BY_ID`, `MODIFIED_BY_ID`, `DATE_CREATE`, `DATE_MODIFY`) VALUES
(1, '/hjnkpdyupx/', 'Y', 'N', 'Интернет-магазин UNI Magazin Lite (Сайт по умолчан', NULL, NULL, 'SMN', 0, 1, 's1', NULL, NULL, NULL, 1, 1, '2019-02-04 09:48:33', '2019-02-04 09:48:33');

-- --------------------------------------------------------

--
-- Структура таблицы `b_landing_syspage`
--

CREATE TABLE `b_landing_syspage` (
  `ID` int(18) NOT NULL,
  `SITE_ID` int(18) NOT NULL,
  `TYPE` varchar(50) COLLATE utf8_unicode_ci NOT NULL,
  `LANDING_ID` int(18) NOT NULL
) ENGINE=InnoDB DEFAULT CHARSET=utf8 COLLATE=utf8_unicode_ci;

-- --------------------------------------------------------

--
-- Структура таблицы `b_landing_template`
--

CREATE TABLE `b_landing_template` (
  `ID` int(18) NOT NULL,
  `ACTIVE` char(1) COLLATE utf8_unicode_ci NOT NULL DEFAULT 'Y',
  `TITLE` varchar(255) COLLATE utf8_unicode_ci NOT NULL,
  `SORT` int(18) DEFAULT '100',
  `XML_ID` varchar(255) COLLATE utf8_unicode_ci DEFAULT NULL,
  `CONTENT` text COLLATE utf8_unicode_ci NOT NULL,
  `AREA_COUNT` int(2) NOT NULL,
  `CREATED_BY_ID` int(18) NOT NULL,
  `MODIFIED_BY_ID` int(18) NOT NULL,
  `DATE_CREATE` timestamp NULL DEFAULT NULL,
  `DATE_MODIFY` timestamp NOT NULL DEFAULT '0000-00-00 00:00:00'
) ENGINE=InnoDB DEFAULT CHARSET=utf8 COLLATE=utf8_unicode_ci;

--
-- Дамп данных таблицы `b_landing_template`
--

INSERT INTO `b_landing_template` (`ID`, `ACTIVE`, `TITLE`, `SORT`, `XML_ID`, `CONTENT`, `AREA_COUNT`, `CREATED_BY_ID`, `MODIFIED_BY_ID`, `DATE_CREATE`, `DATE_MODIFY`) VALUES
(1, 'Y', '#EMPTY#', 100, 'empty', '#CONTENT#', 0, 1, 1, '2019-01-18 12:21:18', '2019-01-18 12:21:18'),
(2, 'Y', '#SIDEBAR_LEFT#', 200, 'sidebar_left', '<div class=\"landing-layout-flex\">\n								<div class=\"g-width-25x--lg g-max-width-100x g-overflow-hidden landing-sidebar\">#AREA_1#</div> \n								<div class=\"g-width-75x--lg g-max-width-100x landing-main\">#CONTENT#</div> \n							</div>', 1, 1, 1, '2019-01-18 12:21:18', '2019-01-18 12:21:18'),
(3, 'Y', '#SIDEBAR_RIGHT#', 300, 'sidebar_right', '<div class=\"landing-layout-flex sidebar-right\">\n								<div class=\"g-width-25x--lg g-max-width-100x landing-sidebar\">#AREA_1#</div> \n								<div class=\"g-width-75x--lg  g-max-width-100x landing-main\">#CONTENT#</div> \n							</div>', 1, 1, 1, '2019-01-18 12:21:18', '2019-01-18 12:21:18'),
(4, 'Y', '#HEADER_FOOTER#', 400, 'header_footer', '<div class=\"landing-header\">#AREA_1#</div> \n								<div class=\"landing-main\">#CONTENT#</div> \n							<div class=\"landing-footer\">#AREA_2#</div>', 2, 1, 1, '2019-01-18 12:21:18', '2019-01-18 12:21:18'),
(5, 'Y', '#WITHOUT_LEFT#', 500, 'without_left', '<div class=\"landing-header\">#AREA_1#</div> \n								<div class=\"landing-layout-flex without-left\">\n									<div class=\"g-width-25x--lg g-max-width-100x landing-sidebar\">#AREA_2#</div>\n									<div class=\"g-width-75x--lg g-max-width-100x landing-main\">#CONTENT#</div> \n								</div> \n							<div class=\"landing-footer\">#AREA_3#</div>', 3, 1, 1, '2019-01-18 12:21:18', '2019-01-18 12:21:18'),
(6, 'Y', '#WITHOUT_RIGHT#', 600, 'without_right', '<div class=\"landing-header\">#AREA_1#</div>\n								<div class=\"landing-layout-flex\">\n									<div class=\"g-width-25x--lg g-max-width-100x landing-sidebar\">#AREA_2#</div>\n									<div class=\"g-width-75x--lg g-max-width-100x landing-main\">#CONTENT#</div>\n								</div>\n							<div class=\"landing-footer\">#AREA_3#</div>', 3, 1, 1, '2019-01-18 12:21:18', '2019-01-18 12:21:18');

-- --------------------------------------------------------

--
-- Структура таблицы `b_landing_template_ref`
--

CREATE TABLE `b_landing_template_ref` (
  `ID` int(18) NOT NULL,
  `ENTITY_ID` int(18) NOT NULL,
  `ENTITY_TYPE` char(1) COLLATE utf8_unicode_ci NOT NULL,
  `AREA` int(2) NOT NULL,
  `LANDING_ID` int(18) NOT NULL
) ENGINE=InnoDB DEFAULT CHARSET=utf8 COLLATE=utf8_unicode_ci;

-- --------------------------------------------------------

--
-- Структура таблицы `b_lang`
--

CREATE TABLE `b_lang` (
  `LID` char(2) COLLATE utf8_unicode_ci NOT NULL,
  `SORT` int(18) NOT NULL DEFAULT '100',
  `DEF` char(1) COLLATE utf8_unicode_ci NOT NULL DEFAULT 'N',
  `ACTIVE` char(1) COLLATE utf8_unicode_ci NOT NULL DEFAULT 'Y',
  `NAME` varchar(50) COLLATE utf8_unicode_ci NOT NULL,
  `DIR` varchar(50) COLLATE utf8_unicode_ci NOT NULL,
  `FORMAT_DATE` varchar(50) COLLATE utf8_unicode_ci DEFAULT NULL,
  `FORMAT_DATETIME` varchar(50) COLLATE utf8_unicode_ci DEFAULT NULL,
  `FORMAT_NAME` varchar(255) COLLATE utf8_unicode_ci DEFAULT NULL,
  `WEEK_START` int(11) DEFAULT NULL,
  `CHARSET` varchar(255) COLLATE utf8_unicode_ci DEFAULT NULL,
  `LANGUAGE_ID` char(2) COLLATE utf8_unicode_ci NOT NULL,
  `DOC_ROOT` varchar(255) COLLATE utf8_unicode_ci DEFAULT NULL,
  `DOMAIN_LIMITED` char(1) COLLATE utf8_unicode_ci NOT NULL DEFAULT 'N',
  `SERVER_NAME` varchar(255) COLLATE utf8_unicode_ci DEFAULT NULL,
  `SITE_NAME` varchar(255) COLLATE utf8_unicode_ci DEFAULT NULL,
  `EMAIL` varchar(255) COLLATE utf8_unicode_ci DEFAULT NULL,
  `CULTURE_ID` int(11) DEFAULT NULL
) ENGINE=InnoDB DEFAULT CHARSET=utf8 COLLATE=utf8_unicode_ci;

--
-- Дамп данных таблицы `b_lang`
--

INSERT INTO `b_lang` (`LID`, `SORT`, `DEF`, `ACTIVE`, `NAME`, `DIR`, `FORMAT_DATE`, `FORMAT_DATETIME`, `FORMAT_NAME`, `WEEK_START`, `CHARSET`, `LANGUAGE_ID`, `DOC_ROOT`, `DOMAIN_LIMITED`, `SERVER_NAME`, `SITE_NAME`, `EMAIL`, `CULTURE_ID`) VALUES
('s1', 1, 'Y', 'Y', 'Супермаркет Батон', '/', NULL, NULL, NULL, NULL, NULL, 'ru', '', 'Y', '', 'Доставка продуктов', 'a.ev@internet.su', 1);

-- --------------------------------------------------------

--
-- Структура таблицы `b_language`
--

CREATE TABLE `b_language` (
  `LID` char(2) COLLATE utf8_unicode_ci NOT NULL,
  `SORT` int(11) NOT NULL DEFAULT '100',
  `DEF` char(1) COLLATE utf8_unicode_ci NOT NULL DEFAULT 'N',
  `ACTIVE` char(1) COLLATE utf8_unicode_ci NOT NULL DEFAULT 'Y',
  `NAME` varchar(50) COLLATE utf8_unicode_ci NOT NULL,
  `FORMAT_DATE` varchar(50) COLLATE utf8_unicode_ci DEFAULT NULL,
  `FORMAT_DATETIME` varchar(50) COLLATE utf8_unicode_ci DEFAULT NULL,
  `FORMAT_NAME` varchar(255) COLLATE utf8_unicode_ci DEFAULT NULL,
  `WEEK_START` int(11) DEFAULT NULL,
  `CHARSET` varchar(255) COLLATE utf8_unicode_ci DEFAULT NULL,
  `DIRECTION` char(1) COLLATE utf8_unicode_ci DEFAULT NULL,
  `CULTURE_ID` int(11) DEFAULT NULL
) ENGINE=InnoDB DEFAULT CHARSET=utf8 COLLATE=utf8_unicode_ci;

--
-- Дамп данных таблицы `b_language`
--

INSERT INTO `b_language` (`LID`, `SORT`, `DEF`, `ACTIVE`, `NAME`, `FORMAT_DATE`, `FORMAT_DATETIME`, `FORMAT_NAME`, `WEEK_START`, `CHARSET`, `DIRECTION`, `CULTURE_ID`) VALUES
('en', 2, 'N', 'Y', 'English', NULL, NULL, NULL, NULL, NULL, NULL, 2),
('ru', 1, 'Y', 'Y', 'Russian', NULL, NULL, NULL, NULL, NULL, NULL, 1);

-- --------------------------------------------------------

--
-- Структура таблицы `b_lang_domain`
--

CREATE TABLE `b_lang_domain` (
  `LID` char(2) COLLATE utf8_unicode_ci NOT NULL,
  `DOMAIN` varchar(255) COLLATE utf8_unicode_ci NOT NULL
) ENGINE=InnoDB DEFAULT CHARSET=utf8 COLLATE=utf8_unicode_ci;

--
-- Дамп данных таблицы `b_lang_domain`
--

INSERT INTO `b_lang_domain` (`LID`, `DOMAIN`) VALUES
('s1', 'baton-tmb.ru');

-- --------------------------------------------------------

--
-- Структура таблицы `b_main_mail_blacklist`
--

CREATE TABLE `b_main_mail_blacklist` (
  `ID` int(11) NOT NULL,
  `DATE_INSERT` datetime NOT NULL,
  `CODE` varchar(255) COLLATE utf8_unicode_ci DEFAULT NULL
) ENGINE=InnoDB DEFAULT CHARSET=utf8 COLLATE=utf8_unicode_ci;

-- --------------------------------------------------------

--
-- Структура таблицы `b_main_mail_sender`
--

CREATE TABLE `b_main_mail_sender` (
  `ID` int(11) NOT NULL,
  `NAME` varchar(255) COLLATE utf8_unicode_ci NOT NULL DEFAULT '',
  `EMAIL` varchar(255) COLLATE utf8_unicode_ci NOT NULL,
  `USER_ID` int(11) NOT NULL,
  `IS_CONFIRMED` tinyint(4) NOT NULL DEFAULT '0',
  `IS_PUBLIC` tinyint(4) NOT NULL DEFAULT '0',
  `OPTIONS` text COLLATE utf8_unicode_ci
) ENGINE=InnoDB DEFAULT CHARSET=utf8 COLLATE=utf8_unicode_ci;

-- --------------------------------------------------------

--
-- Структура таблицы `b_medialib_collection`
--

CREATE TABLE `b_medialib_collection` (
  `ID` int(11) NOT NULL,
  `NAME` varchar(255) COLLATE utf8_unicode_ci NOT NULL,
  `DESCRIPTION` text COLLATE utf8_unicode_ci,
  `ACTIVE` char(1) COLLATE utf8_unicode_ci NOT NULL DEFAULT 'Y',
  `DATE_UPDATE` datetime NOT NULL,
  `OWNER_ID` int(11) DEFAULT NULL,
  `PARENT_ID` int(11) DEFAULT NULL,
  `SITE_ID` char(2) COLLATE utf8_unicode_ci DEFAULT NULL,
  `KEYWORDS` varchar(255) COLLATE utf8_unicode_ci DEFAULT NULL,
  `ITEMS_COUNT` int(11) DEFAULT NULL,
  `ML_TYPE` int(11) NOT NULL DEFAULT '0'
) ENGINE=InnoDB DEFAULT CHARSET=utf8 COLLATE=utf8_unicode_ci;

--
-- Дамп данных таблицы `b_medialib_collection`
--

INSERT INTO `b_medialib_collection` (`ID`, `NAME`, `DESCRIPTION`, `ACTIVE`, `DATE_UPDATE`, `OWNER_ID`, `PARENT_ID`, `SITE_ID`, `KEYWORDS`, `ITEMS_COUNT`, `ML_TYPE`) VALUES
(1, '123', '', 'Y', '2019-02-13 11:03:27', 1, 0, NULL, '', NULL, 1),
(2, '222', '', 'Y', '2020-05-06 12:06:09', 1, 0, NULL, '', NULL, 2);

-- --------------------------------------------------------

--
-- Структура таблицы `b_medialib_collection_item`
--

CREATE TABLE `b_medialib_collection_item` (
  `COLLECTION_ID` int(11) NOT NULL,
  `ITEM_ID` int(11) NOT NULL
) ENGINE=InnoDB DEFAULT CHARSET=utf8 COLLATE=utf8_unicode_ci;

--
-- Дамп данных таблицы `b_medialib_collection_item`
--

INSERT INTO `b_medialib_collection_item` (`COLLECTION_ID`, `ITEM_ID`) VALUES
(1, 1),
(1, 2),
(1, 3),
(1, 4),
(1, 5),
(1, 6),
(1, 7),
(1, 8),
(1, 9),
(1, 10),
(1, 11),
(1, 12),
(1, 13),
(1, 14),
(1, 15),
(1, 16),
(1, 17),
(1, 18),
(1, 19),
(1, 20),
(1, 21),
(1, 22),
(1, 23),
(1, 24),
(1, 25),
(2, 26),
(2, 27),
(1, 28),
(1, 29),
(1, 30),
(1, 31),
(1, 32),
(1, 33),
(1, 34),
(1, 35),
(1, 36),
(1, 37);

-- --------------------------------------------------------

--
-- Структура таблицы `b_medialib_item`
--

CREATE TABLE `b_medialib_item` (
  `ID` int(11) NOT NULL,
  `NAME` varchar(255) COLLATE utf8_unicode_ci NOT NULL,
  `ITEM_TYPE` char(30) COLLATE utf8_unicode_ci DEFAULT NULL,
  `DESCRIPTION` text COLLATE utf8_unicode_ci,
  `DATE_CREATE` datetime NOT NULL,
  `DATE_UPDATE` datetime NOT NULL,
  `SOURCE_ID` int(11) NOT NULL,
  `KEYWORDS` varchar(255) COLLATE utf8_unicode_ci DEFAULT NULL,
  `SEARCHABLE_CONTENT` text COLLATE utf8_unicode_ci
) ENGINE=InnoDB DEFAULT CHARSET=utf8 COLLATE=utf8_unicode_ci;

--
-- Дамп данных таблицы `b_medialib_item`
--

INSERT INTO `b_medialib_item` (`ID`, `NAME`, `ITEM_TYPE`, `DESCRIPTION`, `DATE_CREATE`, `DATE_UPDATE`, `SOURCE_ID`, `KEYWORDS`, `SEARCHABLE_CONTENT`) VALUES
(1, '1.jpg', '', '', '2019-02-13 11:04:09', '2019-02-13 11:04:09', 1121, 'технокомфорт', '{JPG}{ТЕХНОКОМФОРТ}'),
(2, '2.jpg', '', '', '2019-02-13 11:06:00', '2019-02-13 11:06:00', 1122, '', '{JPG}'),
(3, '3.jpg', '', 'технокомфорт68', '2019-02-13 11:06:14', '2019-02-13 11:06:14', 1123, 'технокомфорт68', '{JPG}{ТЕХНОКОМФОРТ68}'),
(4, '11.jpg', '', '', '2019-02-13 11:16:54', '2019-02-13 11:16:54', 1124, '', '{11}{JPG}'),
(5, '22.jpg', '', '', '2019-02-13 11:18:19', '2019-02-13 11:18:19', 1125, '', '{22}{JPG}'),
(6, '4.jpg', '', '', '2019-02-13 11:21:52', '2019-02-13 11:21:52', 1126, '', '{JPG}'),
(7, '5.jpg', '', '', '2019-02-13 11:58:46', '2019-02-13 11:58:46', 1127, '', '{JPG}'),
(8, '6.jpg', '', '', '2019-02-13 11:58:57', '2019-02-13 11:58:57', 1128, '', '{JPG}'),
(9, '7.jpg', '', '', '2019-02-13 11:59:31', '2019-02-13 11:59:31', 1129, '', '{JPG}'),
(10, '8.jpg', '', '', '2019-02-13 12:00:12', '2019-02-13 12:00:16', 1130, '', '{JPG}'),
(11, '9.jpg', '', '', '2019-02-13 12:00:12', '2019-02-13 12:00:16', 1131, '', '{JPG}'),
(12, '10.jpg', '', '', '2019-02-13 12:00:12', '2019-02-13 12:00:16', 1132, '', '{10}{JPG}'),
(13, '12.jpg', '', '', '2019-02-13 12:00:12', '2019-02-13 12:00:16', 1133, '', '{12}{JPG}'),
(14, '13.jpg', '', '', '2019-02-13 12:00:12', '2019-02-13 12:00:16', 1134, '', '{13}{JPG}'),
(15, '14.jpg', '', '', '2019-02-13 12:04:38', '2019-02-13 12:04:38', 1135, '', '{14}{JPG}'),
(16, '01.jpg', '', '', '2019-02-13 13:17:46', '2019-02-13 13:17:59', 1140, '', '{01}{JPG}'),
(17, 'slide01.jpg', '', '', '2020-02-28 17:46:15', '2020-02-28 17:46:15', 1190, '', '{SLIDE01}{JPG}'),
(18, '33333333.png', '', '', '2020-02-28 18:12:39', '2020-02-28 18:12:39', 1191, '', '{33333333}{PNG}'),
(19, '83452993_214897099642903_1137809744925946227_n.jpg', '', '', '2020-02-28 18:14:57', '2020-02-28 18:14:57', 1192, '', '{83452993_214897099642903_1137809744925946227_N}{JPG}'),
(20, '252521.png', '', 'доставка продуктов в Тамбове', '2020-03-06 15:19:41', '2020-03-06 15:19:41', 1265, 'доставка продуктов', '{252521}{PNG}{ДОСТАВК}{ПРОДУКТОВ}{ПРОДУКТ}{ТАМБОВ}{ТАМБ}'),
(21, 'pay1.jpg', '', '', '2020-05-06 11:05:15', '2020-05-06 11:05:15', 71532, '', '{PAY1}{JPG}'),
(22, 'slide0111.jpg', '', '', '2020-05-06 11:31:24', '2020-05-06 11:31:24', 71533, '', '{SLIDE0111}{JPG}'),
(23, 'image-06-05-20-11-09-11.jpeg', '', '', '2020-05-06 11:34:26', '2020-05-06 11:34:26', 71534, '', '{IMAGE-06-05-20-11-09-11}{JPEG}'),
(24, '354345.jpg', '', '', '2020-05-06 11:41:46', '2020-05-06 11:41:46', 71535, '', '{354345}{JPG}'),
(25, '5454.jpg', '', '', '2020-05-06 11:49:36', '2020-05-06 11:49:36', 71536, '', '{5454}{JPG}'),
(26, 'Батон продукты доставка имидж-10.avi_merged.wmv', '', '', '2020-05-06 12:06:28', '2020-05-06 12:06:28', 71537, '', '{БАТОН}{ПРОДУКТ}{ДОСТАВК}{ИМИДЖ-10}{AVI_MERGED}{WMV}'),
(27, 'Батон_продукты_доставка.mp4', '', '', '2020-05-06 12:11:29', '2020-05-06 12:11:29', 71538, '', '{БАТОН_ПРОДУКТЫ_ДОСТАВК}{MP4}'),
(28, 'image-06-05-20-11-09.jpeg', '', NULL, '2020-05-06 12:23:07', '2020-05-06 12:23:07', 71539, '', '{IMAGE-06-05-20-11-09}{JPEG}'),
(29, 'image-06-05-20-11-09-1.jpeg', '', NULL, '2020-05-06 12:23:08', '2020-05-06 12:23:08', 71540, '', '{IMAGE-06-05-20-11-09-1}{JPEG}'),
(30, 'image-06-05-20-11-09-2.jpeg', '', NULL, '2020-05-06 12:23:08', '2020-05-06 12:23:08', 71541, '', '{IMAGE-06-05-20-11-09-2}{JPEG}'),
(31, 'image-06-05-20-11-09-3.jpeg', '', NULL, '2020-05-06 12:23:08', '2020-05-06 12:23:08', 71542, '', '{IMAGE-06-05-20-11-09-3}{JPEG}'),
(32, 'image-06-05-20-11-09-4.jpeg', '', NULL, '2020-05-06 12:23:10', '2020-05-06 12:23:10', 71543, '', '{IMAGE-06-05-20-11-09-4}{JPEG}'),
(33, 'image-06-05-20-11-09-5.jpeg', '', NULL, '2020-05-06 12:23:10', '2020-05-06 12:23:10', 71544, '', '{IMAGE-06-05-20-11-09-5}{JPEG}'),
(34, 'image-06-05-20-11-09-6.jpeg', '', NULL, '2020-05-06 12:23:10', '2020-05-06 12:23:10', 71545, '', '{IMAGE-06-05-20-11-09-6}{JPEG}'),
(35, 'image-06-05-20-11-09-7.jpeg', '', NULL, '2020-05-06 12:23:11', '2020-05-06 12:23:11', 71546, '', '{IMAGE-06-05-20-11-09-7}{JPEG}'),
(36, 'image-06-05-20-11-09-8.jpeg', '', NULL, '2020-05-06 12:23:11', '2020-05-06 12:23:11', 71547, '', '{IMAGE-06-05-20-11-09-8}{JPEG}'),
(37, 'image-06-05-20-11-09-9.jpeg', '', NULL, '2020-05-06 12:23:11', '2020-05-06 12:23:11', 71548, '', '{IMAGE-06-05-20-11-09-9}{JPEG}');

-- --------------------------------------------------------

--
-- Структура таблицы `b_medialib_type`
--

CREATE TABLE `b_medialib_type` (
  `ID` int(11) NOT NULL,
  `NAME` varchar(255) COLLATE utf8_unicode_ci DEFAULT NULL,
  `CODE` varchar(255) COLLATE utf8_unicode_ci NOT NULL,
  `EXT` varchar(255) COLLATE utf8_unicode_ci NOT NULL,
  `SYSTEM` char(1) COLLATE utf8_unicode_ci NOT NULL DEFAULT 'N',
  `DESCRIPTION` text COLLATE utf8_unicode_ci
) ENGINE=InnoDB DEFAULT CHARSET=utf8 COLLATE=utf8_unicode_ci;

--
-- Дамп данных таблицы `b_medialib_type`
--

INSERT INTO `b_medialib_type` (`ID`, `NAME`, `CODE`, `EXT`, `SYSTEM`, `DESCRIPTION`) VALUES
(1, 'image_name', 'image', 'jpg,jpeg,gif,png', 'Y', 'image_desc'),
(2, 'video_name', 'video', 'flv,mp4,wmv', 'Y', 'video_desc'),
(3, 'sound_name', 'sound', 'mp3,wma,aac', 'Y', 'sound_desc');

-- --------------------------------------------------------

--
-- Структура таблицы `b_messageservice_message`
--

CREATE TABLE `b_messageservice_message` (
  `ID` int(18) NOT NULL,
  `TYPE` varchar(30) COLLATE utf8_unicode_ci NOT NULL,
  `SENDER_ID` varchar(50) COLLATE utf8_unicode_ci NOT NULL,
  `AUTHOR_ID` int(18) NOT NULL DEFAULT '0',
  `MESSAGE_FROM` varchar(260) COLLATE utf8_unicode_ci DEFAULT NULL,
  `MESSAGE_TO` varchar(50) COLLATE utf8_unicode_ci NOT NULL,
  `MESSAGE_HEADERS` longtext COLLATE utf8_unicode_ci,
  `MESSAGE_BODY` longtext COLLATE utf8_unicode_ci NOT NULL,
  `DATE_INSERT` datetime DEFAULT NULL,
  `DATE_EXEC` datetime DEFAULT NULL,
  `NEXT_EXEC` datetime DEFAULT NULL,
  `SUCCESS_EXEC` char(1) COLLATE utf8_unicode_ci NOT NULL DEFAULT 'N',
  `EXEC_ERROR` varchar(255) COLLATE utf8_unicode_ci DEFAULT NULL,
  `STATUS_ID` int(18) NOT NULL DEFAULT '0',
  `EXTERNAL_ID` varchar(128) COLLATE utf8_unicode_ci DEFAULT NULL
) ENGINE=InnoDB DEFAULT CHARSET=utf8 COLLATE=utf8_unicode_ci;

-- --------------------------------------------------------

--
-- Структура таблицы `b_messageservice_rest_app`
--

CREATE TABLE `b_messageservice_rest_app` (
  `ID` int(18) NOT NULL,
  `APP_ID` varchar(128) COLLATE utf8_unicode_ci NOT NULL,
  `CODE` varchar(128) COLLATE utf8_unicode_ci NOT NULL,
  `TYPE` varchar(30) COLLATE utf8_unicode_ci NOT NULL,
  `HANDLER` varchar(1000) COLLATE utf8_unicode_ci NOT NULL,
  `DATE_ADD` datetime DEFAULT NULL,
  `AUTHOR_ID` int(18) NOT NULL DEFAULT '0'
) ENGINE=InnoDB DEFAULT CHARSET=utf8 COLLATE=utf8_unicode_ci;

-- --------------------------------------------------------

--
-- Структура таблицы `b_messageservice_rest_app_lang`
--

CREATE TABLE `b_messageservice_rest_app_lang` (
  `ID` int(18) NOT NULL,
  `APP_ID` int(18) NOT NULL,
  `LANGUAGE_ID` char(2) COLLATE utf8_unicode_ci NOT NULL,
  `NAME` varchar(500) COLLATE utf8_unicode_ci DEFAULT NULL,
  `APP_NAME` varchar(500) COLLATE utf8_unicode_ci DEFAULT NULL,
  `DESCRIPTION` varchar(1000) COLLATE utf8_unicode_ci DEFAULT NULL
) ENGINE=InnoDB DEFAULT CHARSET=utf8 COLLATE=utf8_unicode_ci;

-- --------------------------------------------------------

--
-- Структура таблицы `b_module`
--

CREATE TABLE `b_module` (
  `ID` varchar(50) COLLATE utf8_unicode_ci NOT NULL,
  `DATE_ACTIVE` timestamp NOT NULL DEFAULT CURRENT_TIMESTAMP ON UPDATE CURRENT_TIMESTAMP
) ENGINE=InnoDB DEFAULT CHARSET=utf8 COLLATE=utf8_unicode_ci;

--
-- Дамп данных таблицы `b_module`
--

INSERT INTO `b_module` (`ID`, `DATE_ACTIVE`) VALUES
('b24connector', '2019-01-18 12:20:54'),
('bitrix.sitecorporate', '2019-01-18 12:20:57'),
('bitrixcloud', '2019-01-18 12:21:00'),
('clouds', '2019-01-18 12:21:03'),
('compression', '2019-01-18 12:21:06'),
('fileman', '2019-01-18 12:21:09'),
('highloadblock', '2019-01-18 12:21:12'),
('iblock', '2019-01-18 12:21:15'),
('intec.startshop', '2019-01-18 12:23:14'),
('intec.unimagazinlite', '2019-01-18 12:23:20'),
('landing', '2019-01-18 12:21:18'),
('main', '2019-01-18 12:20:51'),
('messageservice', '2019-01-18 12:21:21'),
('perfmon', '2019-01-18 12:21:24'),
('rest', '2019-01-18 12:21:27'),
('search', '2019-01-18 12:21:30'),
('seo', '2019-01-18 12:21:33'),
('socialservices', '2019-01-18 12:21:36'),
('translate', '2019-01-18 12:21:39'),
('ui', '2019-01-18 12:21:42');

-- --------------------------------------------------------

--
-- Структура таблицы `b_module_group`
--

CREATE TABLE `b_module_group` (
  `ID` int(11) NOT NULL,
  `MODULE_ID` varchar(50) COLLATE utf8_unicode_ci NOT NULL,
  `GROUP_ID` int(11) NOT NULL,
  `G_ACCESS` varchar(255) COLLATE utf8_unicode_ci NOT NULL,
  `SITE_ID` char(2) COLLATE utf8_unicode_ci DEFAULT NULL
) ENGINE=InnoDB DEFAULT CHARSET=utf8 COLLATE=utf8_unicode_ci;

--
-- Дамп данных таблицы `b_module_group`
--

INSERT INTO `b_module_group` (`ID`, `MODULE_ID`, `GROUP_ID`, `G_ACCESS`, `SITE_ID`) VALUES
(1, 'form', 5, 'W', NULL),
(2, 'sale', 5, 'U', NULL),
(3, 'scale', 5, 'U', NULL),
(5, 'main', 5, 'R', NULL),
(6, 'mobileapp', 5, 'R', NULL),
(9, 'fileman', 5, 'W', NULL),
(13, 'fileman', 6, 'D', NULL),
(14, 'main', 6, 'D', NULL),
(19, 'perfmon', 6, 'D', NULL),
(31, 'clouds', 5, 'F', NULL),
(35, 'seo', 5, 'W', NULL),
(49, 'b24connector', 5, 'W', NULL),
(50, 'bitrix.sitecorporate', 5, 'R', NULL),
(51, 'intec.unimagazinlite', 5, 'R', NULL),
(52, 'landing', 5, 'W', NULL),
(53, 'messageservice', 5, 'R', NULL),
(54, 'perfmon', 5, 'W', NULL),
(55, 'translate', 5, 'W', NULL);

-- --------------------------------------------------------

--
-- Структура таблицы `b_module_to_module`
--

CREATE TABLE `b_module_to_module` (
  `ID` int(11) NOT NULL,
  `TIMESTAMP_X` timestamp NOT NULL DEFAULT CURRENT_TIMESTAMP ON UPDATE CURRENT_TIMESTAMP,
  `SORT` int(18) NOT NULL DEFAULT '100',
  `FROM_MODULE_ID` varchar(50) COLLATE utf8_unicode_ci NOT NULL,
  `MESSAGE_ID` varchar(255) COLLATE utf8_unicode_ci NOT NULL,
  `TO_MODULE_ID` varchar(50) COLLATE utf8_unicode_ci NOT NULL,
  `TO_PATH` varchar(255) COLLATE utf8_unicode_ci DEFAULT NULL,
  `TO_CLASS` varchar(255) COLLATE utf8_unicode_ci DEFAULT NULL,
  `TO_METHOD` varchar(255) COLLATE utf8_unicode_ci DEFAULT NULL,
  `TO_METHOD_ARG` varchar(255) COLLATE utf8_unicode_ci DEFAULT NULL,
  `VERSION` int(18) DEFAULT NULL
) ENGINE=InnoDB DEFAULT CHARSET=utf8 COLLATE=utf8_unicode_ci;

--
-- Дамп данных таблицы `b_module_to_module`
--

INSERT INTO `b_module_to_module` (`ID`, `TIMESTAMP_X`, `SORT`, `FROM_MODULE_ID`, `MESSAGE_ID`, `TO_MODULE_ID`, `TO_PATH`, `TO_CLASS`, `TO_METHOD`, `TO_METHOD_ARG`, `VERSION`) VALUES
(1, '2019-01-18 12:20:51', 100, 'iblock', 'OnIBlockPropertyBuildList', 'main', '/modules/main/tools/prop_userid.php', 'CIBlockPropertyUserID', 'GetUserTypeDescription', '', 1),
(2, '2019-01-18 12:20:51', 100, 'main', 'OnUserDelete', 'main', '/modules/main/classes/mysql/favorites.php', 'CFavorites', 'OnUserDelete', '', 1),
(3, '2019-01-18 12:20:51', 100, 'main', 'OnLanguageDelete', 'main', '/modules/main/classes/mysql/favorites.php', 'CFavorites', 'OnLanguageDelete', '', 1),
(4, '2019-01-18 12:20:51', 100, 'main', 'OnUserDelete', 'main', '', 'CUserOptions', 'OnUserDelete', '', 1),
(5, '2019-01-18 12:20:51', 100, 'main', 'OnChangeFile', 'main', '', 'CMain', 'OnChangeFileComponent', '', 1),
(6, '2019-01-18 12:20:51', 100, 'main', 'OnUserTypeRightsCheck', 'main', '', 'CUser', 'UserTypeRightsCheck', '', 1),
(7, '2019-01-18 12:20:51', 100, 'main', 'OnUserLogin', 'main', '', 'UpdateTools', 'CheckUpdates', '', 1),
(8, '2019-01-18 12:20:51', 100, 'main', 'OnModuleUpdate', 'main', '', 'UpdateTools', 'SetUpdateResult', '', 1),
(9, '2019-01-18 12:20:51', 100, 'main', 'OnUpdateCheck', 'main', '', 'UpdateTools', 'SetUpdateError', '', 1),
(10, '2019-01-18 12:20:51', 100, 'main', 'OnPanelCreate', 'main', '', 'CUndo', 'CheckNotifyMessage', '', 1),
(11, '2019-01-18 12:20:51', 100, 'main', 'OnAfterAddRating', 'main', '', 'CRatingsComponentsMain', 'OnAfterAddRating', '', 1),
(12, '2019-01-18 12:20:51', 100, 'main', 'OnAfterUpdateRating', 'main', '', 'CRatingsComponentsMain', 'OnAfterUpdateRating', '', 1),
(13, '2019-01-18 12:20:51', 100, 'main', 'OnSetRatingsConfigs', 'main', '', 'CRatingsComponentsMain', 'OnSetRatingConfigs', '', 1),
(14, '2019-01-18 12:20:51', 100, 'main', 'OnGetRatingsConfigs', 'main', '', 'CRatingsComponentsMain', 'OnGetRatingConfigs', '', 1),
(15, '2019-01-18 12:20:51', 100, 'main', 'OnGetRatingsObjects', 'main', '', 'CRatingsComponentsMain', 'OnGetRatingObject', '', 1),
(16, '2019-01-18 12:20:51', 100, 'main', 'OnGetRatingContentOwner', 'main', '', 'CRatingsComponentsMain', 'OnGetRatingContentOwner', '', 1),
(17, '2019-01-18 12:20:51', 100, 'main', 'OnAfterAddRatingRule', 'main', '', 'CRatingRulesMain', 'OnAfterAddRatingRule', '', 1),
(18, '2019-01-18 12:20:51', 100, 'main', 'OnAfterUpdateRatingRule', 'main', '', 'CRatingRulesMain', 'OnAfterUpdateRatingRule', '', 1),
(19, '2019-01-18 12:20:51', 100, 'main', 'OnGetRatingRuleObjects', 'main', '', 'CRatingRulesMain', 'OnGetRatingRuleObjects', '', 1),
(20, '2019-01-18 12:20:51', 100, 'main', 'OnGetRatingRuleConfigs', 'main', '', 'CRatingRulesMain', 'OnGetRatingRuleConfigs', '', 1),
(21, '2019-01-18 12:20:51', 100, 'main', 'OnAfterUserAdd', 'main', '', 'CRatings', 'OnAfterUserRegister', '', 1),
(22, '2019-01-18 12:20:51', 100, 'main', 'OnUserDelete', 'main', '', 'CRatings', 'OnUserDelete', '', 1),
(23, '2019-01-18 12:20:51', 100, 'main', 'OnUserDelete', 'main', '', 'CAccess', 'OnUserDelete', '', 1),
(24, '2019-01-18 12:20:51', 100, 'main', 'OnAfterGroupAdd', 'main', '', 'CGroupAuthProvider', 'OnAfterGroupAdd', '', 1),
(25, '2019-01-18 12:20:51', 100, 'main', 'OnBeforeGroupUpdate', 'main', '', 'CGroupAuthProvider', 'OnBeforeGroupUpdate', '', 1),
(26, '2019-01-18 12:20:51', 100, 'main', 'OnBeforeGroupDelete', 'main', '', 'CGroupAuthProvider', 'OnBeforeGroupDelete', '', 1),
(27, '2019-01-18 12:20:51', 100, 'main', 'OnAfterSetUserGroup', 'main', '', 'CGroupAuthProvider', 'OnAfterSetUserGroup', '', 1),
(28, '2019-01-18 12:20:51', 100, 'main', 'OnUserLogin', 'main', '', 'CGroupAuthProvider', 'OnUserLogin', '', 1),
(29, '2019-01-18 12:20:51', 100, 'main', 'OnEventLogGetAuditTypes', 'main', '', 'CEventMain', 'GetAuditTypes', '', 1),
(30, '2019-01-18 12:20:51', 100, 'main', 'OnEventLogGetAuditHandlers', 'main', '', 'CEventMain', 'MakeMainObject', '', 1),
(31, '2019-01-18 12:20:51', 100, 'perfmon', 'OnGetTableSchema', 'main', '', 'CTableSchema', 'OnGetTableSchema', '', 1),
(32, '2019-01-18 12:20:51', 100, 'sender', 'OnConnectorList', 'main', '', '\\Bitrix\\Main\\SenderEventHandler', 'onConnectorListUser', '', 1),
(33, '2019-01-18 12:20:51', 110, 'main', 'OnUserTypeBuildList', 'main', '', 'CUserTypeString', 'GetUserTypeDescription', '', 1),
(34, '2019-01-18 12:20:51', 120, 'main', 'OnUserTypeBuildList', 'main', '', 'CUserTypeInteger', 'GetUserTypeDescription', '', 1),
(35, '2019-01-18 12:20:51', 130, 'main', 'OnUserTypeBuildList', 'main', '', 'CUserTypeDouble', 'GetUserTypeDescription', '', 1),
(36, '2019-01-18 12:20:51', 140, 'main', 'OnUserTypeBuildList', 'main', '', 'CUserTypeDateTime', 'GetUserTypeDescription', '', 1),
(37, '2019-01-18 12:20:51', 145, 'main', 'OnUserTypeBuildList', 'main', '', 'CUserTypeDate', 'GetUserTypeDescription', '', 1),
(38, '2019-01-18 12:20:51', 150, 'main', 'OnUserTypeBuildList', 'main', '', 'CUserTypeBoolean', 'GetUserTypeDescription', '', 1),
(39, '2019-01-18 12:20:51', 155, 'main', 'OnUserTypeBuildList', 'main', '', 'CUserTypeUrl', 'GetUserTypeDescription', '', 1),
(40, '2019-01-18 12:20:51', 160, 'main', 'OnUserTypeBuildList', 'main', '', 'CUserTypeFile', 'GetUserTypeDescription', '', 1),
(41, '2019-01-18 12:20:51', 170, 'main', 'OnUserTypeBuildList', 'main', '', 'CUserTypeEnum', 'GetUserTypeDescription', '', 1),
(42, '2019-01-18 12:20:51', 180, 'main', 'OnUserTypeBuildList', 'main', '', 'CUserTypeIBlockSection', 'GetUserTypeDescription', '', 1),
(43, '2019-01-18 12:20:51', 190, 'main', 'OnUserTypeBuildList', 'main', '', 'CUserTypeIBlockElement', 'GetUserTypeDescription', '', 1),
(44, '2019-01-18 12:20:51', 200, 'main', 'OnUserTypeBuildList', 'main', '', 'CUserTypeStringFormatted', 'GetUserTypeDescription', '', 1),
(45, '2019-01-18 12:20:51', 210, 'main', 'OnUserTypeBuildList', 'main', '', '\\Bitrix\\Main\\UrlPreview\\UrlPreviewUserType', 'getUserTypeDescription', '', 1),
(46, '2019-01-18 12:20:51', 100, 'main', 'OnBeforeEndBufferContent', 'main', '', '\\Bitrix\\Main\\Analytics\\Counter', 'onBeforeEndBufferContent', '', 1),
(47, '2019-01-18 12:20:51', 100, 'main', 'OnBeforeRestartBuffer', 'main', '', '\\Bitrix\\Main\\Analytics\\Counter', 'onBeforeRestartBuffer', '', 1),
(48, '2019-01-18 12:20:51', 100, 'disk', 'onAfterAjaxActionCreateFolderWithSharing', 'main', '', '\\Bitrix\\Main\\FinderDestTable', 'onAfterDiskAjaxAction', '', 1),
(49, '2019-01-18 12:20:51', 100, 'disk', 'onAfterAjaxActionAppendSharing', 'main', '', '\\Bitrix\\Main\\FinderDestTable', 'onAfterDiskAjaxAction', '', 1),
(50, '2019-01-18 12:20:51', 100, 'disk', 'onAfterAjaxActionChangeSharingAndRights', 'main', '', '\\Bitrix\\Main\\FinderDestTable', 'onAfterDiskAjaxAction', '', 1),
(51, '2019-01-18 12:20:51', 100, 'socialnetwork', 'OnSocNetLogDelete', 'main', '', 'CUserCounter', 'OnSocNetLogDelete', '', 1),
(52, '2019-01-18 12:20:51', 100, 'socialnetwork', 'OnSocNetLogCommentDelete', 'main', '', 'CUserCounter', 'OnSocNetLogCommentDelete', '', 1),
(53, '2019-01-18 12:20:51', 100, 'main', 'OnAdminInformerInsertItems', 'main', '', 'CMpNotifications', 'OnAdminInformerInsertItemsHandlerMP', '', 1),
(54, '2019-01-18 12:20:51', 100, 'rest', 'OnRestServiceBuildDescription', 'main', '', '\\Bitrix\\Main\\Rest\\Handlers', 'onRestServiceBuildDescription', '', 1),
(55, '2019-01-18 12:20:51', 100, 'sale', 'OnSaleBasketItemSaved', 'main', '', '\\Bitrix\\Main\\Analytics\\Catalog', 'catchCatalogBasket', '', 2),
(56, '2019-01-18 12:20:51', 100, 'sale', 'OnSaleOrderSaved', 'main', '', '\\Bitrix\\Main\\Analytics\\Catalog', 'catchCatalogOrder', '', 2),
(57, '2019-01-18 12:20:51', 100, 'sale', 'OnSaleOrderPaid', 'main', '', '\\Bitrix\\Main\\Analytics\\Catalog', 'catchCatalogOrderPayment', '', 2),
(58, '2019-01-18 12:20:51', 1000, 'sale', 'onBuildDiscountConditionInterfaceControls', 'main', '', '\\Bitrix\\Main\\Discount\\UserConditionControl', 'onBuildDiscountConditionInterfaceControls', '', 1),
(59, '2019-01-18 12:20:51', 100, 'main', 'OnBeforePhpMail', 'main', '', '\\Bitrix\\Main\\Mail\\Sender', 'applyCustomSmtp', '', 2),
(60, '2019-01-18 12:20:54', 100, 'main', 'OnBuildGlobalMenu', 'b24connector', '', '\\Bitrix\\B24Connector\\Helper', 'onBuildGlobalMenu', '', 1),
(61, '2019-01-18 12:20:54', 100, 'main', 'OnBeforeProlog', 'b24connector', '', '\\Bitrix\\B24Connector\\Helper', 'onBeforeProlog', '', 1),
(62, '2019-01-18 12:20:57', 100, 'main', 'OnBeforeProlog', 'bitrix.sitecorporate', '', 'CSiteCorporate', 'ShowPanel', '', 1),
(63, '2019-01-18 12:21:00', 100, 'main', 'OnAdminInformerInsertItems', 'bitrixcloud', '', 'CBitrixCloudBackup', 'OnAdminInformerInsertItems', '', 1),
(64, '2019-01-18 12:21:00', 100, 'mobileapp', 'OnBeforeAdminMobileMenuBuild', 'bitrixcloud', '', 'CBitrixCloudMobile', 'OnBeforeAdminMobileMenuBuild', '', 1),
(65, '2019-01-18 12:21:03', 100, 'main', 'OnEventLogGetAuditTypes', 'clouds', '', 'CCloudStorage', 'GetAuditTypes', '', 1),
(66, '2019-01-18 12:21:03', 90, 'main', 'OnBeforeProlog', 'clouds', '', 'CCloudStorage', 'OnBeforeProlog', '', 1),
(67, '2019-01-18 12:21:03', 100, 'main', 'OnAdminListDisplay', 'clouds', '', 'CCloudStorage', 'OnAdminListDisplay', '', 1),
(68, '2019-01-18 12:21:03', 100, 'main', 'OnBuildGlobalMenu', 'clouds', '', 'CCloudStorage', 'OnBuildGlobalMenu', '', 1),
(69, '2019-01-18 12:21:03', 100, 'main', 'OnFileSave', 'clouds', '', 'CCloudStorage', 'OnFileSave', '', 1),
(70, '2019-01-18 12:21:03', 100, 'main', 'OnGetFileSRC', 'clouds', '', 'CCloudStorage', 'OnGetFileSRC', '', 1),
(71, '2019-01-18 12:21:03', 100, 'main', 'OnFileCopy', 'clouds', '', 'CCloudStorage', 'OnFileCopy', '', 1),
(72, '2019-01-18 12:21:03', 100, 'main', 'OnFileDelete', 'clouds', '', 'CCloudStorage', 'OnFileDelete', '', 1),
(73, '2019-01-18 12:21:03', 100, 'main', 'OnMakeFileArray', 'clouds', '', 'CCloudStorage', 'OnMakeFileArray', '', 1),
(74, '2019-01-18 12:21:03', 100, 'main', 'OnBeforeResizeImage', 'clouds', '', 'CCloudStorage', 'OnBeforeResizeImage', '', 1),
(75, '2019-01-18 12:21:03', 100, 'main', 'OnAfterResizeImage', 'clouds', '', 'CCloudStorage', 'OnAfterResizeImage', '', 1),
(76, '2019-01-18 12:21:03', 100, 'clouds', 'OnGetStorageService', 'clouds', '', 'CCloudStorageService_AmazonS3', 'GetObjectInstance', '', 1),
(77, '2019-01-18 12:21:03', 100, 'clouds', 'OnGetStorageService', 'clouds', '', 'CCloudStorageService_GoogleStorage', 'GetObjectInstance', '', 1),
(78, '2019-01-18 12:21:03', 100, 'clouds', 'OnGetStorageService', 'clouds', '', 'CCloudStorageService_OpenStackStorage', 'GetObjectInstance', '', 1),
(79, '2019-01-18 12:21:03', 100, 'clouds', 'OnGetStorageService', 'clouds', '', 'CCloudStorageService_RackSpaceCloudFiles', 'GetObjectInstance', '', 1),
(80, '2019-01-18 12:21:03', 100, 'clouds', 'OnGetStorageService', 'clouds', '', 'CCloudStorageService_ClodoRU', 'GetObjectInstance', '', 1),
(81, '2019-01-18 12:21:03', 100, 'clouds', 'OnGetStorageService', 'clouds', '', 'CCloudStorageService_Selectel', 'GetObjectInstance', '', 1),
(82, '2019-01-18 12:21:03', 100, 'clouds', 'OnGetStorageService', 'clouds', '', 'CCloudStorageService_HotBox', 'GetObjectInstance', '', 1),
(83, '2019-01-18 12:21:06', 1, 'main', 'OnPageStart', 'compression', '', 'CCompress', 'OnPageStart', '', 1),
(84, '2019-01-18 12:21:06', 10000, 'main', 'OnAfterEpilog', 'compression', '', 'CCompress', 'OnAfterEpilog', '', 1),
(85, '2019-01-18 12:21:09', 100, 'main', 'OnGroupDelete', 'fileman', '', 'CFileman', 'OnGroupDelete', '', 1),
(86, '2019-01-18 12:21:09', 100, 'main', 'OnPanelCreate', 'fileman', '', 'CFileman', 'OnPanelCreate', '', 1),
(87, '2019-01-18 12:21:09', 100, 'main', 'OnModuleUpdate', 'fileman', '', 'CFileman', 'OnModuleUpdate', '', 1),
(88, '2019-01-18 12:21:09', 100, 'main', 'OnModuleInstalled', 'fileman', '', 'CFileman', 'ClearComponentsListCache', '', 1),
(89, '2019-01-18 12:21:09', 100, 'iblock', 'OnIBlockPropertyBuildList', 'fileman', '', 'CIBlockPropertyMapGoogle', 'GetUserTypeDescription', '', 1),
(90, '2019-01-18 12:21:09', 100, 'iblock', 'OnIBlockPropertyBuildList', 'fileman', '', 'CIBlockPropertyMapYandex', 'GetUserTypeDescription', '', 1),
(91, '2019-01-18 12:21:09', 100, 'iblock', 'OnIBlockPropertyBuildList', 'fileman', '', 'CIBlockPropertyVideo', 'GetUserTypeDescription', '', 1),
(92, '2019-01-18 12:21:09', 100, 'main', 'OnUserTypeBuildList', 'fileman', '', 'CUserTypeVideo', 'GetUserTypeDescription', '', 1),
(93, '2019-01-18 12:21:09', 100, 'main', 'OnEventLogGetAuditTypes', 'fileman', '', 'CEventFileman', 'GetAuditTypes', '', 1),
(94, '2019-01-18 12:21:09', 100, 'main', 'OnEventLogGetAuditHandlers', 'fileman', '', 'CEventFileman', 'MakeFilemanObject', '', 1),
(95, '2019-01-18 12:21:09', 154, 'main', 'OnUserTypeBuildList', 'fileman', '', '\\Bitrix\\Fileman\\UserField\\Address', 'getUserTypeDescription', '', 1),
(96, '2019-01-18 12:21:12', 100, 'main', 'OnBeforeUserTypeAdd', 'highloadblock', '', '\\Bitrix\\Highloadblock\\HighloadBlockTable', 'OnBeforeUserTypeAdd', '', 1),
(97, '2019-01-18 12:21:12', 100, 'main', 'OnAfterUserTypeAdd', 'highloadblock', '', '\\Bitrix\\Highloadblock\\HighloadBlockTable', 'onAfterUserTypeAdd', '', 1),
(98, '2019-01-18 12:21:12', 100, 'main', 'OnBeforeUserTypeDelete', 'highloadblock', '', '\\Bitrix\\Highloadblock\\HighloadBlockTable', 'OnBeforeUserTypeDelete', '', 1),
(99, '2019-01-18 12:21:12', 100, 'main', 'OnUserTypeBuildList', 'highloadblock', '', 'CUserTypeHlblock', 'GetUserTypeDescription', '', 1),
(100, '2019-01-18 12:21:12', 100, 'iblock', 'OnIBlockPropertyBuildList', 'highloadblock', '', 'CIBlockPropertyDirectory', 'GetUserTypeDescription', '', 1),
(101, '2019-01-18 12:21:15', 100, 'main', 'OnGroupDelete', 'iblock', '', 'CIBlock', 'OnGroupDelete', '', 1),
(102, '2019-01-18 12:21:15', 100, 'main', 'OnBeforeLangDelete', 'iblock', '', 'CIBlock', 'OnBeforeLangDelete', '', 1),
(103, '2019-01-18 12:21:15', 100, 'main', 'OnLangDelete', 'iblock', '', 'CIBlock', 'OnLangDelete', '', 1),
(104, '2019-01-18 12:21:15', 100, 'main', 'OnUserTypeRightsCheck', 'iblock', '', 'CIBlockSection', 'UserTypeRightsCheck', '', 1),
(105, '2019-01-18 12:21:15', 100, 'search', 'OnReindex', 'iblock', '', 'CIBlock', 'OnSearchReindex', '', 1),
(106, '2019-01-18 12:21:15', 100, 'search', 'OnSearchGetURL', 'iblock', '', 'CIBlock', 'OnSearchGetURL', '', 1),
(107, '2019-01-18 12:21:15', 100, 'main', 'OnEventLogGetAuditTypes', 'iblock', '', 'CIBlock', 'GetAuditTypes', '', 1),
(108, '2019-01-18 12:21:15', 100, 'main', 'OnEventLogGetAuditHandlers', 'iblock', '', 'CEventIBlock', 'MakeIBlockObject', '', 1),
(109, '2019-01-18 12:21:15', 200, 'main', 'OnGetRatingContentOwner', 'iblock', '', 'CRatingsComponentsIBlock', 'OnGetRatingContentOwner', '', 1),
(110, '2019-01-18 12:21:15', 100, 'main', 'OnTaskOperationsChanged', 'iblock', '', 'CIBlockRightsStorage', 'OnTaskOperationsChanged', '', 1),
(111, '2019-01-18 12:21:15', 100, 'main', 'OnGroupDelete', 'iblock', '', 'CIBlockRightsStorage', 'OnGroupDelete', '', 1),
(112, '2019-01-18 12:21:15', 100, 'main', 'OnUserDelete', 'iblock', '', 'CIBlockRightsStorage', 'OnUserDelete', '', 1),
(113, '2019-01-18 12:21:15', 100, 'perfmon', 'OnGetTableSchema', 'iblock', '', 'iblock', 'OnGetTableSchema', '', 1),
(114, '2019-01-18 12:21:15', 100, 'sender', 'OnConnectorList', 'iblock', '', '\\Bitrix\\Iblock\\SenderEventHandler', 'onConnectorListIblock', '', 1),
(115, '2019-01-18 12:21:15', 10, 'iblock', 'OnIBlockPropertyBuildList', 'iblock', '', 'CIBlockPropertyDate', 'GetUserTypeDescription', '', 1),
(116, '2019-01-18 12:21:15', 20, 'iblock', 'OnIBlockPropertyBuildList', 'iblock', '', 'CIBlockPropertyDateTime', 'GetUserTypeDescription', '', 1),
(117, '2019-01-18 12:21:15', 30, 'iblock', 'OnIBlockPropertyBuildList', 'iblock', '', 'CIBlockPropertyXmlID', 'GetUserTypeDescription', '', 1),
(118, '2019-01-18 12:21:15', 40, 'iblock', 'OnIBlockPropertyBuildList', 'iblock', '', 'CIBlockPropertyFileMan', 'GetUserTypeDescription', '', 1),
(119, '2019-01-18 12:21:15', 50, 'iblock', 'OnIBlockPropertyBuildList', 'iblock', '', 'CIBlockPropertyHTML', 'GetUserTypeDescription', '', 1),
(120, '2019-01-18 12:21:15', 60, 'iblock', 'OnIBlockPropertyBuildList', 'iblock', '', 'CIBlockPropertyElementList', 'GetUserTypeDescription', '', 1),
(121, '2019-01-18 12:21:15', 70, 'iblock', 'OnIBlockPropertyBuildList', 'iblock', '', 'CIBlockPropertySequence', 'GetUserTypeDescription', '', 1),
(122, '2019-01-18 12:21:15', 80, 'iblock', 'OnIBlockPropertyBuildList', 'iblock', '', 'CIBlockPropertyElementAutoComplete', 'GetUserTypeDescription', '', 1),
(123, '2019-01-18 12:21:15', 90, 'iblock', 'OnIBlockPropertyBuildList', 'iblock', '', 'CIBlockPropertySKU', 'GetUserTypeDescription', '', 1),
(124, '2019-01-18 12:21:15', 100, 'iblock', 'OnIBlockPropertyBuildList', 'iblock', '', 'CIBlockPropertySectionAutoComplete', 'GetUserTypeDescription', '', 1),
(125, '2019-01-18 12:21:18', 100, 'rest', 'OnRestServiceBuildDescription', 'landing', '', '\\Bitrix\\Landing\\Publicaction', 'restBase', '', 2),
(126, '2019-01-18 12:21:18', 100, 'rest', 'OnRestAppDelete', 'landing', '', '\\Bitrix\\Landing\\Publicaction', 'restApplicationDelete', '', 2),
(127, '2019-01-18 12:21:18', 100, 'main', 'OnPanelCreate', 'landing', '', '\\Bitrix\\Landing\\Manager', 'addPanelButtons', '', 2),
(128, '2019-01-18 12:21:18', 100, 'main', 'OnBeforeSiteDelete', 'landing', '', '\\Bitrix\\Landing\\Site', 'onBeforeMainSiteDelete', '', 2),
(129, '2019-01-18 12:21:18', 100, 'main', 'OnSiteDelete', 'landing', '', '\\Bitrix\\Landing\\Site', 'onMainSiteDelete', '', 2),
(130, '2019-01-18 12:21:21', 100, 'main', 'OnAfterEpilog', 'messageservice', '', '\\Bitrix\\MessageService\\Queue', 'run', '', 1),
(131, '2019-01-18 12:21:21', 100, 'rest', 'OnRestServiceBuildDescription', 'messageservice', '', '\\Bitrix\\MessageService\\RestService', 'onRestServiceBuildDescription', '', 1),
(132, '2019-01-18 12:21:21', 100, 'rest', 'OnRestAppDelete', 'messageservice', '', '\\Bitrix\\MessageService\\RestService', 'onRestAppDelete', '', 1),
(133, '2019-01-18 12:21:21', 100, 'rest', 'OnRestAppUpdate', 'messageservice', '', '\\Bitrix\\MessageService\\RestService', 'onRestAppUpdate', '', 1),
(134, '2019-01-18 12:21:24', 100, 'perfmon', 'OnGetTableSchema', 'perfmon', '', 'perfmon', 'OnGetTableSchema', '', 1),
(135, '2019-01-18 12:21:27', 49, 'main', 'OnBeforeProlog', 'rest', '', 'CRestEventHandlers', 'OnBeforeProlog', '', 2),
(136, '2019-01-18 12:21:27', 100, 'rest', 'OnRestServiceBuildDescription', 'rest', '', 'CBitrixRestEntity', 'OnRestServiceBuildDescription', '', 2),
(137, '2019-01-18 12:21:27', 100, 'rest', 'OnRestServiceBuildDescription', 'rest', '', '\\Bitrix\\Rest\\Api\\User', 'onRestServiceBuildDescription', '', 2),
(138, '2019-01-18 12:21:27', 100, 'rest', 'OnRestServiceBuildDescription', 'rest', '', '\\Bitrix\\Rest\\Api\\Placement', 'onRestServiceBuildDescription', '', 2),
(139, '2019-01-18 12:21:27', 100, 'rest', 'OnRestServiceBuildDescription', 'rest', '', '\\Bitrix\\Rest\\Api\\Event', 'onRestServiceBuildDescription', '', 2),
(140, '2019-01-18 12:21:27', 100, 'rest', 'OnRestServiceBuildDescription', 'rest', '', '\\Bitrix\\Rest\\Api\\UserFieldType', 'onRestServiceBuildDescription', '', 2),
(141, '2019-01-18 12:21:27', 100, 'main', 'OnApplicationsBuildList', 'main', 'modules/rest/lib/apauth/application.php', '\\Bitrix\\Rest\\APAuth\\Application', 'onApplicationsBuildList', '', 2),
(142, '2019-01-18 12:21:27', 100, 'im', 'OnAfterConfirmNotify', 'rest', '', '\\Bitrix\\Rest\\NotifyIm', 'receive', '', 2),
(143, '2019-01-18 12:21:27', 100, 'rest', '\\Bitrix\\Rest\\APAuth\\Password::OnDelete', 'rest', '', '\\Bitrix\\Rest\\APAuth\\PermissionTable', 'onPasswordDelete', '', 2),
(144, '2019-01-18 12:21:27', 100, 'rest', 'OnRestServiceBuildDescription', 'rest', '', '\\Bitrix\\Rest\\Engine\\RestManager', 'OnRestServiceBuildDescription', '', 2),
(145, '2019-01-18 12:21:27', 100, 'rest', 'onRestCheckAuth', 'rest', '', '\\Bitrix\\Rest\\OAuth\\Auth', 'onRestCheckAuth', '', 2),
(146, '2019-01-18 12:21:27', 100, 'rest', 'onRestCheckAuth', 'rest', '', '\\Bitrix\\Rest\\APAuth\\Auth', 'onRestCheckAuth', '', 2),
(147, '2019-01-18 12:21:27', 100, 'rest', 'onRestCheckAuth', 'rest', '', '\\Bitrix\\Rest\\SessionAuth\\Auth', 'onRestCheckAuth', '', 2),
(148, '2019-01-18 12:21:30', 100, 'main', 'OnChangePermissions', 'search', '', 'CSearch', 'OnChangeFilePermissions', '', 1),
(149, '2019-01-18 12:21:30', 100, 'main', 'OnChangeFile', 'search', '', 'CSearch', 'OnChangeFile', '', 1),
(150, '2019-01-18 12:21:30', 100, 'main', 'OnGroupDelete', 'search', '', 'CSearch', 'OnGroupDelete', '', 1),
(151, '2019-01-18 12:21:30', 100, 'main', 'OnLangDelete', 'search', '', 'CSearch', 'OnLangDelete', '', 1),
(152, '2019-01-18 12:21:30', 100, 'main', 'OnAfterUserUpdate', 'search', '', 'CSearchUser', 'OnAfterUserUpdate', '', 1),
(153, '2019-01-18 12:21:30', 100, 'main', 'OnUserDelete', 'search', '', 'CSearchUser', 'DeleteByUserID', '', 1),
(154, '2019-01-18 12:21:30', 100, 'cluster', 'OnGetTableList', 'search', '', 'search', 'OnGetTableList', '', 1),
(155, '2019-01-18 12:21:30', 100, 'perfmon', 'OnGetTableSchema', 'search', '', 'search', 'OnGetTableSchema', '', 1),
(156, '2019-01-18 12:21:30', 90, 'main', 'OnEpilog', 'search', '', 'CSearchStatistic', 'OnEpilog', '', 1),
(157, '2019-01-18 12:21:33', 100, 'main', 'OnPanelCreate', 'seo', '', 'CSeoEventHandlers', 'SeoOnPanelCreate', '', 2),
(158, '2019-01-18 12:21:33', 100, 'fileman', 'OnIncludeHTMLEditorScript', 'seo', '', 'CSeoEventHandlers', 'OnIncludeHTMLEditorScript', '', 2),
(159, '2019-01-18 12:21:33', 100, 'fileman', 'OnBeforeHTMLEditorScriptRuns', 'seo', '', 'CSeoEventHandlers', 'OnBeforeHTMLEditorScriptRuns', '', 2),
(160, '2019-01-18 12:21:33', 100, 'iblock', 'OnAfterIBlockSectionAdd', 'seo', '', '\\Bitrix\\Seo\\SitemapIblock', 'addSection', '', 2),
(161, '2019-01-18 12:21:33', 100, 'iblock', 'OnAfterIBlockElementAdd', 'seo', '', '\\Bitrix\\Seo\\SitemapIblock', 'addElement', '', 2),
(162, '2019-01-18 12:21:33', 100, 'iblock', 'OnBeforeIBlockSectionDelete', 'seo', '', '\\Bitrix\\Seo\\SitemapIblock', 'beforeDeleteSection', '', 2),
(163, '2019-01-18 12:21:33', 100, 'iblock', 'OnBeforeIBlockElementDelete', 'seo', '', '\\Bitrix\\Seo\\SitemapIblock', 'beforeDeleteElement', '', 2),
(164, '2019-01-18 12:21:33', 100, 'iblock', 'OnAfterIBlockSectionDelete', 'seo', '', '\\Bitrix\\Seo\\SitemapIblock', 'deleteSection', '', 2),
(165, '2019-01-18 12:21:33', 100, 'iblock', 'OnAfterIBlockElementDelete', 'seo', '', '\\Bitrix\\Seo\\SitemapIblock', 'deleteElement', '', 2),
(166, '2019-01-18 12:21:33', 100, 'iblock', 'OnBeforeIBlockSectionUpdate', 'seo', '', '\\Bitrix\\Seo\\SitemapIblock', 'beforeUpdateSection', '', 2),
(167, '2019-01-18 12:21:33', 100, 'iblock', 'OnBeforeIBlockElementUpdate', 'seo', '', '\\Bitrix\\Seo\\SitemapIblock', 'beforeUpdateElement', '', 2),
(168, '2019-01-18 12:21:33', 100, 'iblock', 'OnAfterIBlockSectionUpdate', 'seo', '', '\\Bitrix\\Seo\\SitemapIblock', 'updateSection', '', 2),
(169, '2019-01-18 12:21:33', 100, 'iblock', 'OnAfterIBlockElementUpdate', 'seo', '', '\\Bitrix\\Seo\\SitemapIblock', 'updateElement', '', 2),
(170, '2019-01-18 12:21:33', 100, 'forum', 'onAfterTopicAdd', 'seo', '', '\\Bitrix\\Seo\\SitemapForum', 'addTopic', '', 2),
(171, '2019-01-18 12:21:33', 100, 'forum', 'onAfterTopicUpdate', 'seo', '', '\\Bitrix\\Seo\\SitemapForum', 'updateTopic', '', 2),
(172, '2019-01-18 12:21:33', 100, 'forum', 'onAfterTopicDelete', 'seo', '', '\\Bitrix\\Seo\\SitemapForum', 'deleteTopic', '', 2),
(173, '2019-01-18 12:21:33', 100, 'main', 'OnAdminIBlockElementEdit', 'seo', '', '\\Bitrix\\Seo\\AdvTabEngine', 'eventHandler', '', 2),
(174, '2019-01-18 12:21:33', 100, 'main', 'OnBeforeProlog', 'seo', '', '\\Bitrix\\Seo\\AdvSession', 'checkSession', '', 2),
(175, '2019-01-18 12:21:33', 100, 'sale', 'OnOrderSave', 'seo', '', '\\Bitrix\\Seo\\AdvSession', 'onOrderSave', '', 2),
(176, '2019-01-18 12:21:33', 100, 'sale', 'OnBasketOrder', 'seo', '', '\\Bitrix\\Seo\\AdvSession', 'onBasketOrder', '', 2),
(177, '2019-01-18 12:21:33', 100, 'sale', 'onSalePayOrder', 'seo', '', '\\Bitrix\\Seo\\AdvSession', 'onSalePayOrder', '', 2),
(178, '2019-01-18 12:21:33', 100, 'sale', 'onSaleDeductOrder', 'seo', '', '\\Bitrix\\Seo\\AdvSession', 'onSaleDeductOrder', '', 2),
(179, '2019-01-18 12:21:33', 100, 'sale', 'onSaleDeliveryOrder', 'seo', '', '\\Bitrix\\Seo\\AdvSession', 'onSaleDeliveryOrder', '', 2),
(180, '2019-01-18 12:21:33', 100, 'sale', 'onSaleStatusOrder', 'seo', '', '\\Bitrix\\Seo\\AdvSession', 'onSaleStatusOrder', '', 2),
(181, '2019-01-18 12:21:33', 100, 'conversion', 'OnSetDayContextAttributes', 'seo', '', '\\Bitrix\\Seo\\ConversionHandler', 'onSetDayContextAttributes', '', 2),
(182, '2019-01-18 12:21:33', 100, 'conversion', 'OnGetAttributeTypes', 'seo', '', '\\Bitrix\\Seo\\ConversionHandler', 'onGetAttributeTypes', '', 2),
(183, '2019-01-18 12:21:33', 100, 'catalog', 'OnProductUpdate', 'seo', '', '\\Bitrix\\Seo\\Adv\\Auto', 'checkQuantity', '', 2),
(184, '2019-01-18 12:21:33', 100, 'catalog', 'OnProductSetAvailableUpdate', 'seo', '', '\\Bitrix\\Seo\\Adv\\Auto', 'checkQuantity', '', 2),
(185, '2019-01-18 12:21:36', 100, 'main', 'OnUserDelete', 'socialservices', '', 'CSocServAuthDB', 'OnUserDelete', '', 1),
(186, '2019-01-18 12:21:36', 100, 'timeman', 'OnAfterTMReportDailyAdd', 'socialservices', '', 'CSocServAuthDB', 'OnAfterTMReportDailyAdd', '', 1),
(187, '2019-01-18 12:21:36', 100, 'timeman', 'OnAfterTMDayStart', 'socialservices', '', 'CSocServAuthDB', 'OnAfterTMDayStart', '', 1),
(188, '2019-01-18 12:21:36', 100, 'timeman', 'OnTimeManShow', 'socialservices', '', 'CSocServEventHandlers', 'OnTimeManShow', '', 1),
(189, '2019-01-18 12:21:36', 100, 'main', 'OnFindExternalUser', 'socialservices', '', 'CSocServAuthDB', 'OnFindExternalUser', '', 1),
(190, '2019-01-18 12:21:36', 100, 'socialservices', 'OnFindSocialservicesUser', 'socialservices', '', 'CSocServAuthManager', 'checkOldUser', '', 1),
(191, '2019-01-18 12:21:36', 100, 'socialservices', 'OnFindSocialservicesUser', 'socialservices', '', 'CSocServAuthManager', 'checkAbandonedUser', '', 1),
(192, '2019-01-18 12:21:39', 100, 'main', 'OnPanelCreate', 'translate', '', 'CTranslateEventHandlers', 'TranslatOnPanelCreate', '', 1),
(193, '2019-01-18 12:21:53', 100, 'main', 'OnBeforeProlog', 'main', '/modules/main/install/wizard_sol/panel_button.php', 'CWizardSolPanel', 'ShowPanel', '', 1),
(194, '2020-02-26 06:55:28', 100, 'main', 'OnEpilog', 'main', '', '\\Bitrix\\Main\\Composite\\Engine', 'onEpilog', '', 2),
(195, '2020-02-26 06:55:28', 100, 'main', 'OnLocalRedirect', 'main', '', '\\Bitrix\\Main\\Composite\\Engine', 'onEpilog', '', 2),
(196, '2020-02-26 06:55:28', 100, 'main', 'OnChangeFile', 'main', '', '\\Bitrix\\Main\\Composite\\Engine', 'onChangeFile', '', 2);

-- --------------------------------------------------------

--
-- Структура таблицы `b_numerator`
--

CREATE TABLE `b_numerator` (
  `ID` int(10) UNSIGNED NOT NULL,
  `NAME` varchar(255) COLLATE utf8_unicode_ci DEFAULT NULL,
  `TEMPLATE` varchar(255) COLLATE utf8_unicode_ci DEFAULT NULL,
  `TYPE` varchar(50) COLLATE utf8_unicode_ci DEFAULT NULL,
  `SETTINGS` text COLLATE utf8_unicode_ci,
  `CREATED_AT` datetime DEFAULT NULL,
  `CREATED_BY` int(11) DEFAULT NULL,
  `UPDATED_AT` datetime DEFAULT NULL,
  `UPDATED_BY` int(11) DEFAULT NULL
) ENGINE=InnoDB DEFAULT CHARSET=utf8 COLLATE=utf8_unicode_ci;

-- --------------------------------------------------------

--
-- Структура таблицы `b_numerator_sequence`
--

CREATE TABLE `b_numerator_sequence` (
  `NUMERATOR_ID` int(11) NOT NULL DEFAULT '0',
  `KEY` varchar(32) COLLATE utf8_unicode_ci NOT NULL DEFAULT '0',
  `TEXT_KEY` varchar(50) COLLATE utf8_unicode_ci DEFAULT NULL,
  `NEXT_NUMBER` int(11) DEFAULT NULL,
  `LAST_INVOCATION_TIME` int(11) DEFAULT NULL
) ENGINE=InnoDB DEFAULT CHARSET=utf8 COLLATE=utf8_unicode_ci;

-- --------------------------------------------------------

--
-- Структура таблицы `b_operation`
--

CREATE TABLE `b_operation` (
  `ID` int(18) NOT NULL,
  `NAME` varchar(50) COLLATE utf8_unicode_ci NOT NULL,
  `MODULE_ID` varchar(50) COLLATE utf8_unicode_ci NOT NULL,
  `DESCRIPTION` varchar(255) COLLATE utf8_unicode_ci DEFAULT NULL,
  `BINDING` varchar(50) COLLATE utf8_unicode_ci DEFAULT 'module'
) ENGINE=InnoDB DEFAULT CHARSET=utf8 COLLATE=utf8_unicode_ci;

--
-- Дамп данных таблицы `b_operation`
--

INSERT INTO `b_operation` (`ID`, `NAME`, `MODULE_ID`, `DESCRIPTION`, `BINDING`) VALUES
(1, 'edit_php', 'main', NULL, 'module'),
(2, 'view_own_profile', 'main', NULL, 'module'),
(3, 'edit_own_profile', 'main', NULL, 'module'),
(4, 'view_all_users', 'main', NULL, 'module'),
(5, 'view_groups', 'main', NULL, 'module'),
(6, 'view_tasks', 'main', NULL, 'module'),
(7, 'view_other_settings', 'main', NULL, 'module'),
(8, 'view_subordinate_users', 'main', NULL, 'module'),
(9, 'edit_subordinate_users', 'main', NULL, 'module'),
(10, 'edit_all_users', 'main', NULL, 'module'),
(11, 'edit_groups', 'main', NULL, 'module'),
(12, 'edit_tasks', 'main', NULL, 'module'),
(13, 'edit_other_settings', 'main', NULL, 'module'),
(14, 'cache_control', 'main', NULL, 'module'),
(15, 'lpa_template_edit', 'main', NULL, 'module'),
(16, 'view_event_log', 'main', NULL, 'module'),
(17, 'edit_ratings', 'main', NULL, 'module'),
(18, 'manage_short_uri', 'main', NULL, 'module'),
(19, 'fm_view_permission', 'main', NULL, 'file'),
(20, 'fm_view_file', 'main', NULL, 'file'),
(21, 'fm_view_listing', 'main', NULL, 'file'),
(22, 'fm_edit_existent_folder', 'main', NULL, 'file'),
(23, 'fm_create_new_file', 'main', NULL, 'file'),
(24, 'fm_edit_existent_file', 'main', NULL, 'file'),
(25, 'fm_create_new_folder', 'main', NULL, 'file'),
(26, 'fm_delete_file', 'main', NULL, 'file'),
(27, 'fm_delete_folder', 'main', NULL, 'file'),
(28, 'fm_edit_in_workflow', 'main', NULL, 'file'),
(29, 'fm_rename_file', 'main', NULL, 'file'),
(30, 'fm_rename_folder', 'main', NULL, 'file'),
(31, 'fm_upload_file', 'main', NULL, 'file'),
(32, 'fm_add_to_menu', 'main', NULL, 'file'),
(33, 'fm_download_file', 'main', NULL, 'file'),
(34, 'fm_lpa', 'main', NULL, 'file'),
(35, 'fm_edit_permission', 'main', NULL, 'file'),
(36, 'bitrixcloud_monitoring', 'bitrixcloud', NULL, 'module'),
(37, 'bitrixcloud_backup', 'bitrixcloud', NULL, 'module'),
(38, 'bitrixcloud_cdn', 'bitrixcloud', NULL, 'module'),
(39, 'clouds_browse', 'clouds', NULL, 'module'),
(40, 'clouds_upload', 'clouds', NULL, 'module'),
(41, 'clouds_config', 'clouds', NULL, 'module'),
(42, 'fileman_view_all_settings', 'fileman', '', 'module'),
(43, 'fileman_edit_menu_types', 'fileman', '', 'module'),
(44, 'fileman_add_element_to_menu', 'fileman', '', 'module'),
(45, 'fileman_edit_menu_elements', 'fileman', '', 'module'),
(46, 'fileman_edit_existent_files', 'fileman', '', 'module'),
(47, 'fileman_edit_existent_folders', 'fileman', '', 'module'),
(48, 'fileman_admin_files', 'fileman', '', 'module'),
(49, 'fileman_admin_folders', 'fileman', '', 'module'),
(50, 'fileman_view_permissions', 'fileman', '', 'module'),
(51, 'fileman_edit_all_settings', 'fileman', '', 'module'),
(52, 'fileman_upload_files', 'fileman', '', 'module'),
(53, 'fileman_view_file_structure', 'fileman', '', 'module'),
(54, 'fileman_install_control', 'fileman', '', 'module'),
(55, 'medialib_view_collection', 'fileman', '', 'medialib'),
(56, 'medialib_new_collection', 'fileman', '', 'medialib'),
(57, 'medialib_edit_collection', 'fileman', '', 'medialib'),
(58, 'medialib_del_collection', 'fileman', '', 'medialib'),
(59, 'medialib_access', 'fileman', '', 'medialib'),
(60, 'medialib_new_item', 'fileman', '', 'medialib'),
(61, 'medialib_edit_item', 'fileman', '', 'medialib'),
(62, 'medialib_del_item', 'fileman', '', 'medialib'),
(63, 'sticker_view', 'fileman', '', 'stickers'),
(64, 'sticker_edit', 'fileman', '', 'stickers'),
(65, 'sticker_new', 'fileman', '', 'stickers'),
(66, 'sticker_del', 'fileman', '', 'stickers'),
(67, 'hl_element_read', 'highloadblock', NULL, 'module'),
(68, 'hl_element_write', 'highloadblock', NULL, 'module'),
(69, 'hl_element_delete', 'highloadblock', NULL, 'module'),
(70, 'section_read', 'iblock', NULL, 'iblock'),
(71, 'element_read', 'iblock', NULL, 'iblock'),
(72, 'section_element_bind', 'iblock', NULL, 'iblock'),
(73, 'iblock_admin_display', 'iblock', NULL, 'iblock'),
(74, 'element_edit', 'iblock', NULL, 'iblock'),
(75, 'element_edit_price', 'iblock', NULL, 'iblock'),
(76, 'element_delete', 'iblock', NULL, 'iblock'),
(77, 'element_bizproc_start', 'iblock', NULL, 'iblock'),
(78, 'section_edit', 'iblock', NULL, 'iblock'),
(79, 'section_delete', 'iblock', NULL, 'iblock'),
(80, 'section_section_bind', 'iblock', NULL, 'iblock'),
(81, 'element_edit_any_wf_status', 'iblock', NULL, 'iblock'),
(82, 'iblock_edit', 'iblock', NULL, 'iblock'),
(83, 'iblock_delete', 'iblock', NULL, 'iblock'),
(84, 'iblock_rights_edit', 'iblock', NULL, 'iblock'),
(85, 'iblock_export', 'iblock', NULL, 'iblock'),
(86, 'section_rights_edit', 'iblock', NULL, 'iblock'),
(87, 'element_rights_edit', 'iblock', NULL, 'iblock'),
(88, 'seo_settings', 'seo', '', 'module'),
(89, 'seo_tools', 'seo', '', 'module');

-- --------------------------------------------------------

--
-- Структура таблицы `b_option`
--

CREATE TABLE `b_option` (
  `MODULE_ID` varchar(50) COLLATE utf8_unicode_ci DEFAULT NULL,
  `NAME` varchar(50) COLLATE utf8_unicode_ci NOT NULL,
  `VALUE` text COLLATE utf8_unicode_ci,
  `DESCRIPTION` varchar(255) COLLATE utf8_unicode_ci DEFAULT NULL,
  `SITE_ID` char(2) COLLATE utf8_unicode_ci DEFAULT NULL
) ENGINE=InnoDB DEFAULT CHARSET=utf8 COLLATE=utf8_unicode_ci;

--
-- Дамп данных таблицы `b_option`
--

INSERT INTO `b_option` (`MODULE_ID`, `NAME`, `VALUE`, `DESCRIPTION`, `SITE_ID`) VALUES
('main', '~ft_b_user', 'a:3:{s:19:\"SEARCH_USER_CONTENT\";b:1;s:25:\"SEARCH_DEPARTMENT_CONTENT\";b:1;s:20:\"SEARCH_ADMIN_CONTENT\";b:1;}', NULL, NULL),
('main', 'rating_authority_rating', '2', NULL, NULL),
('main', 'rating_assign_rating_group_add', '1', NULL, NULL),
('main', 'rating_assign_rating_group_delete', '1', NULL, NULL),
('main', 'rating_assign_rating_group', '3', NULL, NULL),
('main', 'rating_assign_authority_group_add', '2', NULL, NULL),
('main', 'rating_assign_authority_group_delete', '2', NULL, NULL),
('main', 'rating_assign_authority_group', '4', NULL, NULL),
('main', 'rating_community_size', '1', NULL, NULL),
('main', 'rating_community_authority', '30', NULL, NULL),
('main', 'rating_vote_weight', '10', NULL, NULL),
('main', 'rating_normalization_type', 'auto', NULL, NULL),
('main', 'rating_normalization', '10', NULL, NULL),
('main', 'rating_count_vote', '10', NULL, NULL),
('main', 'rating_authority_weight_formula', 'Y', NULL, NULL),
('main', 'rating_community_last_visit', '90', NULL, NULL),
('main', 'rating_text_like_y', 'Нравится', NULL, NULL),
('main', 'rating_text_like_n', 'Не нравится', NULL, NULL),
('main', 'rating_text_like_d', 'Это нравится', NULL, NULL),
('main', 'rating_assign_type', 'auto', NULL, NULL),
('main', 'rating_vote_type', 'like', NULL, NULL),
('main', 'rating_self_vote', 'Y', NULL, NULL),
('main', 'rating_vote_show', 'Y', NULL, NULL),
('main', 'rating_vote_template', 'like', NULL, NULL),
('main', 'rating_start_authority', '3', NULL, NULL),
('main', 'PARAM_MAX_SITES', '2', NULL, NULL),
('main', 'PARAM_MAX_USERS', '0', NULL, NULL),
('main', 'distributive6', 'Y', NULL, NULL),
('main', '~new_license11_sign', 'Y', NULL, NULL),
('main', 'GROUP_DEFAULT_TASK', '1', NULL, NULL),
('main', 'vendor', '1c_bitrix', NULL, NULL),
('main', 'admin_lid', 'ru', NULL, NULL),
('main', 'update_site', 'www.bitrixsoft.com', NULL, NULL),
('main', 'update_site_ns', 'Y', NULL, NULL),
('main', 'optimize_css_files', 'Y', NULL, NULL),
('main', 'optimize_js_files', 'Y', NULL, NULL),
('main', 'server_uniq_id', '317ab37d808c3d252a74d0de6116092e', NULL, NULL),
('fileman', 'use_editor_3', 'Y', NULL, NULL),
('landing', 'disabled_namespaces', 'bitrix', NULL, NULL),
('landing', 'block_vendor_bitrix', 'https://repo.bitrix24.site/rest/1/w1uqy3swvyp50bso/', NULL, NULL),
('landing', 'pub_path_s1', '/lp/', NULL, NULL),
('messageservice', 'clean_up_period', '14', NULL, NULL),
('rest', 'server_path', '/rest', NULL, NULL),
('rest', 'entity_iblock_type', 'rest_entity', NULL, NULL),
('search', 'version', 'v2.0', NULL, NULL),
('search', 'dbnode_id', 'N', NULL, NULL),
('search', 'dbnode_status', 'ok', NULL, NULL),
('socialservices', 'bitrix24net_domain', 'http://technocomfort68.ru', NULL, NULL),
('socialservices', 'bitrix24net_id', 'ext.5c41c4d06e05d2.66559040', NULL, NULL),
('socialservices', 'bitrix24net_secret', 'OzMshvEYNu2krSgvC5B4qv2VgNjwvCdWJPBxZDBfYCrg6CpBUw', NULL, NULL),
('main', 'email_from', 'noreply@baton-tmb.ru', NULL, NULL),
('main', '~update_autocheck_result', 'a:4:{s:10:\"check_date\";i:1547814152;s:6:\"result\";b:0;s:5:\"error\";s:92:\"[LICENSE_NOT_ACTIVE_A] Закончился срок получения обновлений\";s:7:\"modules\";a:0:{}}', NULL, NULL),
('fileman', 'stickers_use_hotkeys', 'N', NULL, NULL),
('main', 'last_mp_modules_result', 'a:4:{s:10:\"check_date\";i:1549273451;s:13:\"update_module\";a:0:{}s:10:\"end_update\";a:0:{}s:10:\"new_module\";a:0:{}}', NULL, NULL),
('main', 'mp_modules_date', 'a:2:{i:0;a:3:{s:2:\"ID\";s:15:\"intec.startshop\";s:4:\"NAME\";s:15:\"Старт SHOP\";s:3:\"TMS\";i:1547814194;}i:1;a:3:{s:2:\"ID\";s:20:\"intec.unimagazinlite\";s:4:\"NAME\";s:16:\"Uni Magazin Lite\";s:3:\"TMS\";i:1547814199;}}', NULL, NULL),
('intec.startshop', 'MAIL_CLIENT_ORDER_CREATE_EVENT', 'STARTSHOP_NEW_ORDER', NULL, 's1'),
('intec.startshop', 'MAIL_ADMIN_ORDER_CREATE_EVENT', 'STARTSHOP_NEW_ORDER_ADMIN', NULL, 's1'),
('intec.startshop', 'MAIL_ADMIN_ORDER_PAY_EVENT', 'STARTSHOP_PAY_ORDER_ADMIN', NULL, 's1'),
('fileman', 'different_set', 'Y', NULL, NULL),
('fileman', 'menutypes', 'a:3:{s:4:\\\"left\\\";s:19:\\\"Левое меню\\\";s:3:\\\"top\\\";s:23:\\\"Верхнее меню\\\";s:6:\\\"bottom\\\";s:21:\\\"Нижнее меню\\\";}', NULL, 's1'),
('intec.unimagazinlite', 'SHOW_PANEL_SETTING', 'Y', NULL, 's1'),
('intec.unimagazinlite', 'TYPE_MAIN_PAGE', 'landing', NULL, 's1'),
('intec.unimagazinlite', 'HIDE_MAIN_BANNER', 'Y', NULL, 's1'),
('intec.unimagazinlite', 'TYPE_PHONE', 'header', NULL, 's1'),
('intec.unimagazinlite', 'TYPE_BASKET', 'header', NULL, 's1'),
('intec.unimagazinlite', 'TYPE_TOP_MENU', 'solid', NULL, 's1'),
('intec.unimagazinlite', 'MENU_WIDTH_SIZE', 'Y', NULL, 's1'),
('intec.unimagazinlite', 'POSITION_TOP_MENU', 'top', NULL, 's1'),
('intec.unimagazinlite', 'HEADER_WIDTH_SIZE', 'Y', NULL, 's1'),
('intec.unimagazinlite', 'SHOW_BUTTON_TOP', 'Y', NULL, 's1'),
('intec.unimagazinlite', 'ADAPTIV', 'Y', NULL, 's1'),
('intec.unimagazinlite', 'CATALOG_VIEW', 'tile', NULL, 's1'),
('intec.unimagazinlite', 'CATALOG_SECTION_DEFAULT_VIEW', 'text', NULL, 's1'),
('intec.unimagazinlite', 'CATALOG_PRODUCT_VIEW', 'WITH_TABS', NULL, 's1'),
('intec.unimagazinlite', 'CATALOG_PRODUCT_MENU', 'N', NULL, 's1'),
('intec.unimagazinlite', 'CATALOG_PRODUCT_MIN_PROPERTIES', 'N', NULL, 's1'),
('intec.unimagazinlite', 'SERVICES_VIEW', 'LANDING', NULL, 's1'),
('intec.unimagazinlite', 'SERVICES_CATALOG_DEFAULT_VIEW', 'TILE', NULL, 's1'),
('intec.unimagazinlite', 'SERVICES_SECTION_DEFAULT_VIEW', 'tile', NULL, 's1'),
('intec.unimagazinlite', 'COLOR_THEME', 'ORANGE-RED', NULL, 's1'),
('iblock', 'combined_list_mode', 'Y', NULL, NULL),
('main', 'wizard_firstnimagazinlite_s1', 'Y', NULL, NULL),
('main', 'wizard_solution', 'eshopintec_unimagazinlite', NULL, 's1'),
('main', 'site_checker_success', '', NULL, NULL),
('main', '~ft_b_user_index', 'a:3:{s:19:\"SEARCH_USER_CONTENT\";b:1;s:25:\"SEARCH_DEPARTMENT_CONTENT\";b:1;s:20:\"SEARCH_ADMIN_CONTENT\";b:1;}', NULL, NULL),
('main', 'signer_default_key', '168c2cc25d6b45b618d84bd5e9f6db8df06d3bd95f0e30f5bb45e1dbec5ed260d993ea67ec4c04cd8b8f8c56a46f84796856e19023262efea771b22d97b552c4', NULL, NULL),
('intec.unimagazinlite', 'CUSTOM_COLOR', 'ORANGE-RED', NULL, 's1'),
('intec.unimagazinlite', 'MENU_CATALOG_SECTION', 'with_subsection', NULL, 's1'),
('intec.unimagazinlite', 'CATALOG_PRODUCT_IMAGE_VIEW', 'WITH_FANCY', NULL, 's1'),
('main', 'site_stopped', 'N', NULL, NULL),
('main', 'site_name', 'Супермаркет Батон', NULL, NULL),
('main', 'server_name', 'baton-tmb.ru', NULL, NULL),
('main', 'cookie_name', 'BITRIX_SM', NULL, NULL),
('main', 'ALLOW_SPREAD_COOKIE', 'Y', NULL, NULL),
('main', 'header_200', 'N', NULL, NULL),
('main', 'error_reporting', '85', NULL, NULL),
('main', 'use_hot_keys', 'Y', NULL, NULL),
('main', 'smile_gallery_id', '1', NULL, NULL),
('main', 'all_bcc', 'a.ev@internet.su', NULL, NULL),
('main', 'send_mid', 'N', NULL, NULL),
('main', 'fill_to_mail', 'N', NULL, NULL),
('main', 'CONVERT_UNIX_NEWLINE_2_WINDOWS', 'N', NULL, NULL),
('main', 'convert_mail_header', 'Y', NULL, NULL),
('main', 'attach_images', 'N', NULL, NULL),
('main', 'mail_gen_text_version', 'Y', NULL, NULL),
('main', 'max_file_size', '0', NULL, NULL),
('main', 'mail_event_period', '14', NULL, NULL),
('main', 'mail_event_bulk', '5', NULL, NULL),
('main', 'mail_additional_parameters', '', NULL, NULL),
('main', 'mail_link_protocol', '', NULL, NULL),
('main', 'disk_space', '', NULL, NULL),
('main', 'upload_dir', 'upload', NULL, NULL),
('main', 'save_original_file_name', 'N', NULL, NULL),
('main', 'translit_original_file_name', 'N', NULL, NULL),
('main', 'convert_original_file_name', 'Y', NULL, NULL),
('main', 'image_resize_quality', '95', NULL, NULL),
('main', 'bx_fast_download', 'N', NULL, NULL),
('main', 'profile_image_width', '', NULL, NULL),
('main', 'profile_image_height', '', NULL, NULL),
('main', 'profile_image_size', '', NULL, NULL),
('main', 'use_minified_assets', 'Y', NULL, NULL),
('main', 'move_js_to_body', 'N', NULL, NULL),
('main', 'compres_css_js_files', 'N', NULL, NULL),
('main', 'translate_key_yandex', '', NULL, NULL),
('main', 'use_time_zones', 'N', NULL, NULL),
('main', 'auto_time_zone', 'N', NULL, NULL),
('main', 'phone_number_default_country', '1', NULL, NULL),
('main', 'gather_catalog_stat', 'Y', NULL, NULL),
('main', 'map_top_menu_type', 'top', NULL, NULL),
('main', 'map_left_menu_type', 'left', NULL, NULL),
('main', 'url_preview_enable', 'N', NULL, NULL),
('main', 'url_preview_save_images', 'N', NULL, NULL),
('main', 'imageeditor_proxy_enabled', 'N', NULL, NULL),
('main', 'update_devsrv', 'N', NULL, NULL),
('main', 'update_site_proxy_addr', '', NULL, NULL),
('main', 'update_site_proxy_port', '', NULL, NULL),
('main', 'update_site_proxy_user', '', NULL, NULL),
('main', 'update_site_proxy_pass', '', NULL, NULL),
('main', 'strong_update_check', 'Y', NULL, NULL),
('main', 'stable_versions_only', 'Y', NULL, NULL),
('main', 'update_autocheck', '', NULL, NULL),
('main', 'update_stop_autocheck', 'N', NULL, NULL),
('main', 'update_is_gzip_installed', 'Y', NULL, NULL),
('main', 'update_load_timeout', '30', NULL, NULL),
('main', 'store_password', 'Y', NULL, NULL),
('main', 'use_secure_password_cookies', 'N', NULL, NULL),
('main', 'auth_multisite', 'N', NULL, NULL),
('main', 'allow_socserv_authorization', 'Y', NULL, NULL),
('main', 'use_digest_auth', 'N', NULL, NULL),
('main', 'custom_register_page', '', NULL, NULL),
('main', 'auth_components_template', '', NULL, NULL),
('main', 'captcha_restoring_password', 'N', NULL, NULL),
('main', 'use_encrypted_auth', 'N', NULL, NULL),
('main', 'new_user_registration', 'Y', NULL, NULL),
('main', 'captcha_registration', 'N', NULL, NULL),
('main', 'new_user_email_required', 'Y', NULL, NULL),
('main', 'new_user_registration_email_confirmation', 'N', NULL, NULL),
('main', 'new_user_registration_cleanup_days', '7', NULL, NULL),
('main', 'new_user_email_uniq_check', 'N', NULL, NULL),
('main', 'session_expand', 'Y', NULL, NULL),
('main', 'session_auth_only', 'Y', NULL, NULL),
('main', 'session_show_message', 'Y', NULL, NULL),
('main', 'event_log_cleanup_days', '7', NULL, NULL),
('main', 'event_log_logout', 'N', NULL, NULL),
('main', 'event_log_login_success', 'N', NULL, NULL),
('main', 'event_log_login_fail', 'N', NULL, NULL),
('main', 'event_log_register', 'N', NULL, NULL),
('main', 'event_log_register_fail', 'N', NULL, NULL),
('main', 'event_log_password_request', 'N', NULL, NULL),
('main', 'event_log_password_change', 'N', NULL, NULL),
('main', 'event_log_user_edit', 'N', NULL, NULL),
('main', 'event_log_user_delete', 'N', NULL, NULL),
('main', 'event_log_user_groups', 'N', NULL, NULL),
('main', 'event_log_group_policy', 'N', NULL, NULL),
('main', 'event_log_module_access', 'N', NULL, NULL),
('main', 'event_log_file_access', 'N', NULL, NULL),
('main', 'event_log_task', 'N', NULL, NULL),
('main', 'event_log_marketplace', 'Y', NULL, NULL),
('main', 'user_profile_history', 'N', NULL, NULL),
('main', 'auth_controller_sso', 'N', NULL, NULL),
('main', 'show_panel_for_users', 'N;', NULL, NULL),
('main', 'hide_panel_for_users', 'N;', NULL, NULL),
('main', 'imageeditor_proxy_white_list', 'N;', NULL, NULL),
('main', 'GROUP_DEFAULT_RIGHT', 'D', NULL, NULL),
('fileman', 'GROUP_DEFAULT_TASK', '18', NULL, NULL),
('intec.startshop', 'ORDER_REGISTER_NEW_USER', 'N', NULL, 's1'),
('intec.startshop', 'ORDER_REGISTER_NEW_USER_GROUP', '', NULL, 's1'),
('intec.startshop', 'COLOR', '#1f44fc', NULL, 's1'),
('intec.startshop', 'COLOR_DARK', '#292929', NULL, 's1'),
('intec.startshop', 'COLOR_INPUT_TEXT_STANDARD_COLOR', '#1a1a1a', NULL, 's1'),
('intec.startshop', 'COLOR_INPUT_TEXT_STANDARD_BACKGROUND', '#e9e9e9', NULL, 's1'),
('intec.startshop', 'DELIVERY_USE', 'Y', NULL, 's1'),
('intec.startshop', 'PAYMENT_USE', 'Y', NULL, 's1'),
('intec.startshop', 'PAYMENT_ORDER_STATUS', '', NULL, 's1'),
('intec.startshop', 'MAIL_USE', 'Y', NULL, 's1'),
('intec.startshop', 'MAIL_MAIL', 'bastrykind@gmail.com', NULL, 's1'),
('intec.startshop', 'MAIL_ORDER_PROPERTY', '3', NULL, 's1'),
('intec.startshop', 'MAIL_ADMIN_ORDER_CREATE', 'Y', NULL, 's1'),
('intec.startshop', 'MAIL_ADMIN_ORDER_PAY', 'Y', NULL, 's1'),
('intec.startshop', 'MAIL_CLIENT_ORDER_CREATE', 'Y', NULL, 's1'),
('main', 'dump_bucket_id', '0', NULL, NULL),
('main', 'dump_encrypt', '0', NULL, NULL),
('main', 'dump_use_compression', '1', NULL, NULL),
('main', 'dump_max_exec_time', '20', NULL, NULL),
('main', 'dump_max_exec_time_sleep', '1', NULL, NULL),
('main', 'dump_archive_size_limit', '104857600', NULL, NULL),
('main', 'dump_integrity_check', '1', NULL, NULL),
('main', 'dump_max_file_size', '0', NULL, NULL),
('main', 'dump_file_public', '1', NULL, NULL),
('main', 'dump_file_kernel', '1', NULL, NULL),
('main', 'dump_base', '1', NULL, NULL),
('main', 'dump_base_skip_stat', '0', NULL, NULL),
('main', 'dump_base_skip_search', '0', NULL, NULL),
('main', 'dump_base_skip_log', '0', NULL, NULL),
('main', 'skip_symlinks', '0', NULL, NULL),
('main', 'skip_mask', '0', NULL, NULL),
('main', 'dump_site_id', 'a:0:{}', NULL, NULL),
('perfmon', 'tables_show_time', '0', NULL, NULL),
('perfmon', 'bitrix_optimal', 'N', NULL, NULL),
('perfmon', 'total_mark_value', '2.16', NULL, NULL),
('perfmon', 'total_mark_duration', '60', NULL, NULL),
('perfmon', 'mark_php_page_rate', '55.11', NULL, NULL),
('perfmon', 'mark_php_page_time', '0.0181', NULL, NULL),
('perfmon', 'mark_php_cpu_value', '20.9', NULL, NULL),
('perfmon', 'mark_php_files_value', '6 166.8', NULL, NULL),
('perfmon', 'mark_php_mail_value', '0.0373', NULL, NULL),
('perfmon', 'mark_php_session_time_value', '0.0001', NULL, NULL),
('perfmon', 'mark_php_is_good', 'Y', NULL, NULL),
('perfmon', 'mark_db_insert_value', '7 182', NULL, NULL),
('perfmon', 'mark_db_read_value', '14 300', NULL, NULL),
('perfmon', 'mark_db_update_value', '5 866', NULL, NULL),
('perfmon', 'mark_php_page_date', '11.03.2020 09:19:24', NULL, NULL),
('perfmon', 'end_time', '1583907627', NULL, NULL),
('perfmon', 'total_mark_hits', '1', NULL, NULL),
('perfmon', 'total_mark_time', '11.03.2020 09:20:28', NULL, NULL),
('main', '~support_finish_date', '2020-01-18', NULL, NULL),
('main', '~PARAM_FINISH_DATE', 'e0cb99c3b2b42924eba97d5f27955f6eaed2bd4804d5b22824d5c9050ba6cb54.2020-01-18', NULL, NULL),
('main', '~PARAM_MAX_USERS', 'cee2495d02b4aa09b39318f0c84f88fbad037ac19cf9959d70f691c2f2272ec3.0', NULL, NULL),
('main', '~PARAM_MAX_SERVERS', '2', NULL, NULL),
('main', '~PARAM_COMPOSITE', 'N', NULL, NULL),
('main', '~PARAM_PHONE_SIP', 'N', NULL, NULL),
('main', '~PARAM_PARTNER_ID', '323837', NULL, NULL),
('main', 'update_system_check', '08.05.2020 09:30:39', NULL, NULL),
('intec.startshop', '1C_EXCHANGE_ALLOW', 'Y', NULL, NULL),
('intec.startshop', '1C_EXCHANGE_FILE_SIZE', '1048576', NULL, NULL),
('intec.startshop', '1C_EXCHANGE_IBLOCK_TYPE', 'catalog', NULL, NULL),
('intec.startshop', '1C_EXCHANGE_IBLOCK_SYNCHRONIZE_NAME', 'Y', NULL, NULL),
('intec.startshop', '1C_EXCHANGE_IBLOCK_SECTION_SYNCHRONIZE_NAME', 'Y', NULL, NULL),
('intec.startshop', '1C_EXCHANGE_IBLOCK_SECTION_ACTION', '0', NULL, NULL),
('intec.startshop', '1C_EXCHANGE_IBLOCK_PROPERTY_SYNCHRONIZE_NAME', 'Y', NULL, NULL),
('intec.startshop', '1C_EXCHANGE_IBLOCK_PROPERTY_ACTION', '0', NULL, NULL),
('intec.startshop', '1C_EXCHANGE_IBLOCK_ELEMENT_SYNCHRONIZE_NAME', 'Y', NULL, NULL),
('intec.startshop', '1C_EXCHANGE_IBLOCK_ELEMENT_ACTION', '0', NULL, NULL),
('intec.startshop', '1C_EXCHANGE_IBLOCK_ELEMENT_IMPORT_LENGTH', '100', NULL, NULL),
('main', 'site_checker_access', 'Y', NULL, NULL);

-- --------------------------------------------------------

--
-- Структура таблицы `b_perf_cache`
--

