CREATE TABLE `b_search_suggest` (
  `ID` int(11) NOT NULL,
  `SITE_ID` char(2) COLLATE utf8_unicode_ci NOT NULL,
  `FILTER_MD5` varchar(32) COLLATE utf8_unicode_ci NOT NULL,
  `PHRASE` varchar(250) COLLATE utf8_unicode_ci NOT NULL,
  `RATE` float NOT NULL,
  `TIMESTAMP_X` datetime NOT NULL,
  `RESULT_COUNT` int(11) NOT NULL
) ENGINE=InnoDB DEFAULT CHARSET=utf8 COLLATE=utf8_unicode_ci;

-- --------------------------------------------------------

--
-- Структура таблицы `b_search_tags`
--

CREATE TABLE `b_search_tags` (
  `SEARCH_CONTENT_ID` int(11) NOT NULL,
  `SITE_ID` char(2) COLLATE utf8_unicode_ci NOT NULL,
  `NAME` varchar(255) CHARACTER SET utf8 COLLATE utf8_bin NOT NULL
) ENGINE=InnoDB DEFAULT CHARSET=utf8 COLLATE=utf8_unicode_ci DELAY_KEY_WRITE=1;

--
-- Дамп данных таблицы `b_search_tags`
--

INSERT INTO `b_search_tags` (`SEARCH_CONTENT_ID`, `SITE_ID`, `NAME`) VALUES
(300, 's1', 'доставка'),
(300, 's1', 'доставка еды'),
(300, 's1', 'продукты в Тамбове');

-- --------------------------------------------------------

--
-- Структура таблицы `b_search_user_right`
--

CREATE TABLE `b_search_user_right` (
  `USER_ID` int(11) NOT NULL,
  `GROUP_CODE` varchar(100) COLLATE utf8_unicode_ci NOT NULL
) ENGINE=InnoDB DEFAULT CHARSET=utf8 COLLATE=utf8_unicode_ci;

-- --------------------------------------------------------

--
-- Структура таблицы `b_seo_adv_autolog`
--

CREATE TABLE `b_seo_adv_autolog` (
  `ID` int(11) NOT NULL,
  `ENGINE_ID` int(11) NOT NULL,
  `TIMESTAMP_X` timestamp NOT NULL DEFAULT CURRENT_TIMESTAMP ON UPDATE CURRENT_TIMESTAMP,
  `CAMPAIGN_ID` int(11) NOT NULL,
  `CAMPAIGN_XML_ID` varchar(255) COLLATE utf8_unicode_ci NOT NULL,
  `BANNER_ID` int(11) NOT NULL,
  `BANNER_XML_ID` varchar(255) COLLATE utf8_unicode_ci NOT NULL,
  `CAUSE_CODE` int(11) DEFAULT '0',
  `SUCCESS` char(1) COLLATE utf8_unicode_ci DEFAULT 'Y'
) ENGINE=InnoDB DEFAULT CHARSET=utf8 COLLATE=utf8_unicode_ci;

-- --------------------------------------------------------

--
-- Структура таблицы `b_seo_adv_banner`
--

CREATE TABLE `b_seo_adv_banner` (
  `ID` int(11) NOT NULL,
  `ENGINE_ID` int(11) NOT NULL,
  `OWNER_ID` varchar(255) COLLATE utf8_unicode_ci NOT NULL,
  `OWNER_NAME` varchar(255) COLLATE utf8_unicode_ci NOT NULL,
  `ACTIVE` char(1) COLLATE utf8_unicode_ci DEFAULT 'Y',
  `XML_ID` varchar(255) COLLATE utf8_unicode_ci NOT NULL,
  `LAST_UPDATE` timestamp NULL DEFAULT NULL,
  `NAME` varchar(255) COLLATE utf8_unicode_ci NOT NULL,
  `SETTINGS` text COLLATE utf8_unicode_ci,
  `CAMPAIGN_ID` int(11) NOT NULL,
  `GROUP_ID` int(11) DEFAULT NULL,
  `AUTO_QUANTITY_OFF` char(1) COLLATE utf8_unicode_ci DEFAULT 'N',
  `AUTO_QUANTITY_ON` char(1) COLLATE utf8_unicode_ci DEFAULT 'N'
) ENGINE=InnoDB DEFAULT CHARSET=utf8 COLLATE=utf8_unicode_ci;

-- --------------------------------------------------------

--
-- Структура таблицы `b_seo_adv_campaign`
--

CREATE TABLE `b_seo_adv_campaign` (
  `ID` int(11) NOT NULL,
  `ENGINE_ID` int(11) NOT NULL,
  `ACTIVE` char(1) COLLATE utf8_unicode_ci NOT NULL DEFAULT 'Y',
  `OWNER_ID` varchar(255) COLLATE utf8_unicode_ci NOT NULL,
  `OWNER_NAME` varchar(255) COLLATE utf8_unicode_ci NOT NULL,
  `XML_ID` varchar(255) COLLATE utf8_unicode_ci NOT NULL,
  `NAME` varchar(255) COLLATE utf8_unicode_ci NOT NULL,
  `LAST_UPDATE` timestamp NULL DEFAULT NULL,
  `SETTINGS` text COLLATE utf8_unicode_ci
) ENGINE=InnoDB DEFAULT CHARSET=utf8 COLLATE=utf8_unicode_ci;

-- --------------------------------------------------------

--
-- Структура таблицы `b_seo_adv_group`
--

CREATE TABLE `b_seo_adv_group` (
  `ID` int(11) NOT NULL,
  `ENGINE_ID` int(11) NOT NULL,
  `OWNER_ID` varchar(255) COLLATE utf8_unicode_ci NOT NULL,
  `OWNER_NAME` varchar(255) COLLATE utf8_unicode_ci NOT NULL,
  `ACTIVE` char(1) COLLATE utf8_unicode_ci DEFAULT 'Y',
  `XML_ID` varchar(255) COLLATE utf8_unicode_ci NOT NULL,
  `LAST_UPDATE` timestamp NULL DEFAULT NULL,
  `NAME` varchar(255) COLLATE utf8_unicode_ci NOT NULL,
  `SETTINGS` text COLLATE utf8_unicode_ci,
  `CAMPAIGN_ID` int(11) NOT NULL
) ENGINE=InnoDB DEFAULT CHARSET=utf8 COLLATE=utf8_unicode_ci;

-- --------------------------------------------------------

--
-- Структура таблицы `b_seo_adv_link`
--

CREATE TABLE `b_seo_adv_link` (
  `LINK_TYPE` char(1) COLLATE utf8_unicode_ci NOT NULL,
  `LINK_ID` int(18) NOT NULL,
  `BANNER_ID` int(11) NOT NULL
) ENGINE=InnoDB DEFAULT CHARSET=utf8 COLLATE=utf8_unicode_ci;

-- --------------------------------------------------------

--
-- Структура таблицы `b_seo_adv_log`
--

CREATE TABLE `b_seo_adv_log` (
  `ID` int(11) NOT NULL,
  `ENGINE_ID` int(11) NOT NULL,
  `TIMESTAMP_X` timestamp NOT NULL DEFAULT CURRENT_TIMESTAMP ON UPDATE CURRENT_TIMESTAMP,
  `REQUEST_URI` varchar(100) COLLATE utf8_unicode_ci NOT NULL,
  `REQUEST_DATA` text COLLATE utf8_unicode_ci,
  `RESPONSE_TIME` float NOT NULL,
  `RESPONSE_STATUS` int(5) DEFAULT NULL,
  `RESPONSE_DATA` text COLLATE utf8_unicode_ci
) ENGINE=InnoDB DEFAULT CHARSET=utf8 COLLATE=utf8_unicode_ci;

-- --------------------------------------------------------

--
-- Структура таблицы `b_seo_adv_order`
--

CREATE TABLE `b_seo_adv_order` (
  `ID` int(11) NOT NULL,
  `ENGINE_ID` int(11) NOT NULL,
  `TIMESTAMP_X` timestamp NOT NULL DEFAULT CURRENT_TIMESTAMP ON UPDATE CURRENT_TIMESTAMP,
  `CAMPAIGN_ID` int(11) NOT NULL,
  `BANNER_ID` int(11) NOT NULL,
  `ORDER_ID` int(11) NOT NULL,
  `SUM` float DEFAULT '0',
  `PROCESSED` char(1) COLLATE utf8_unicode_ci DEFAULT 'N'
) ENGINE=InnoDB DEFAULT CHARSET=utf8 COLLATE=utf8_unicode_ci;

-- --------------------------------------------------------

--
-- Структура таблицы `b_seo_adv_region`
--

CREATE TABLE `b_seo_adv_region` (
  `ID` int(11) NOT NULL,
  `ENGINE_ID` int(11) NOT NULL,
  `OWNER_ID` varchar(255) COLLATE utf8_unicode_ci NOT NULL,
  `OWNER_NAME` varchar(255) COLLATE utf8_unicode_ci NOT NULL,
  `ACTIVE` char(1) COLLATE utf8_unicode_ci DEFAULT 'Y',
  `XML_ID` varchar(255) COLLATE utf8_unicode_ci NOT NULL,
  `LAST_UPDATE` timestamp NULL DEFAULT NULL,
  `NAME` varchar(255) COLLATE utf8_unicode_ci NOT NULL,
  `SETTINGS` text COLLATE utf8_unicode_ci,
  `PARENT_ID` int(11) NOT NULL
) ENGINE=InnoDB DEFAULT CHARSET=utf8 COLLATE=utf8_unicode_ci;

-- --------------------------------------------------------

--
-- Структура таблицы `b_seo_keywords`
--

CREATE TABLE `b_seo_keywords` (
  `ID` int(11) NOT NULL,
  `SITE_ID` char(2) COLLATE utf8_unicode_ci NOT NULL,
  `URL` varchar(255) COLLATE utf8_unicode_ci DEFAULT NULL,
  `KEYWORDS` text COLLATE utf8_unicode_ci
) ENGINE=InnoDB DEFAULT CHARSET=utf8 COLLATE=utf8_unicode_ci;

-- --------------------------------------------------------

--
-- Структура таблицы `b_seo_search_engine`
--

CREATE TABLE `b_seo_search_engine` (
  `ID` int(11) NOT NULL,
  `CODE` varchar(50) COLLATE utf8_unicode_ci NOT NULL,
  `ACTIVE` char(1) COLLATE utf8_unicode_ci DEFAULT 'Y',
  `SORT` int(5) DEFAULT '100',
  `NAME` varchar(255) COLLATE utf8_unicode_ci NOT NULL,
  `CLIENT_ID` varchar(255) COLLATE utf8_unicode_ci DEFAULT NULL,
  `CLIENT_SECRET` varchar(255) COLLATE utf8_unicode_ci DEFAULT NULL,
  `REDIRECT_URI` varchar(255) COLLATE utf8_unicode_ci DEFAULT NULL,
  `SETTINGS` text COLLATE utf8_unicode_ci
) ENGINE=InnoDB DEFAULT CHARSET=utf8 COLLATE=utf8_unicode_ci;

--
-- Дамп данных таблицы `b_seo_search_engine`
--

INSERT INTO `b_seo_search_engine` (`ID`, `CODE`, `ACTIVE`, `SORT`, `NAME`, `CLIENT_ID`, `CLIENT_SECRET`, `REDIRECT_URI`, `SETTINGS`) VALUES
(1, 'google', 'Y', 200, 'Google', '868942902147-qrrd6ce1ajfkpse8ieq4gkpdeanvtnno.apps.googleusercontent.com', 'EItMlJpZLC2WRPKB6QsA5bV9', 'urn:ietf:wg:oauth:2.0:oob', NULL),
(2, 'yandex', 'Y', 300, 'Yandex', 'f848c7bfc1d34a94ba6d05439f81bbd7', 'da0e73b2d9cc4e809f3170e49cb9df01', 'https://oauth.yandex.ru/verification_code', NULL),
(3, 'yandex_direct', 'Y', 400, 'Yandex.Direct', '', '', 'https://oauth.yandex.ru/verification_code', NULL),
(4, 'bitrix', 'Y', 100, 'Bitrix', 'bx.5e561e790df933.35739450', 'BFllqus7fDKh7b04IgLr4XA12IrNIrrPBoEMFSQTOMUC0CjrLB', 'http://baton-tmb.ru/bitrix/tools/seo_client.php', NULL);

-- --------------------------------------------------------

--
-- Структура таблицы `b_seo_service_log`
--

CREATE TABLE `b_seo_service_log` (
  `ID` int(11) NOT NULL,
  `DATE_INSERT` datetime NOT NULL,
  `TYPE` varchar(20) COLLATE utf8_unicode_ci NOT NULL,
  `CODE` varchar(20) COLLATE utf8_unicode_ci DEFAULT NULL,
  `MESSAGE` varchar(1000) COLLATE utf8_unicode_ci NOT NULL,
  `GROUP_ID` varchar(20) COLLATE utf8_unicode_ci NOT NULL
) ENGINE=InnoDB DEFAULT CHARSET=utf8 COLLATE=utf8_unicode_ci;

-- --------------------------------------------------------

--
-- Структура таблицы `b_seo_service_rtg_queue`
--

CREATE TABLE `b_seo_service_rtg_queue` (
  `ID` int(11) NOT NULL,
  `DATE_INSERT` datetime DEFAULT NULL,
  `TYPE` varchar(20) COLLATE utf8_unicode_ci NOT NULL,
  `ACCOUNT_ID` varchar(50) COLLATE utf8_unicode_ci DEFAULT NULL,
  `AUDIENCE_ID` varchar(50) COLLATE utf8_unicode_ci NOT NULL,
  `CONTACT_TYPE` varchar(15) COLLATE utf8_unicode_ci NOT NULL,
  `VALUE` varchar(255) COLLATE utf8_unicode_ci NOT NULL,
  `ACTION` char(3) COLLATE utf8_unicode_ci NOT NULL,
  `DATE_AUTO_REMOVE` datetime DEFAULT NULL
) ENGINE=InnoDB DEFAULT CHARSET=utf8 COLLATE=utf8_unicode_ci;

-- --------------------------------------------------------

--
-- Структура таблицы `b_seo_service_subscription`
--

CREATE TABLE `b_seo_service_subscription` (
  `ID` int(11) NOT NULL,
  `DATE_INSERT` datetime DEFAULT NULL,
  `TYPE` varchar(20) COLLATE utf8_unicode_ci NOT NULL,
  `GROUP_ID` varchar(50) COLLATE utf8_unicode_ci NOT NULL,
  `CALLBACK_SERVER_ID` varchar(50) COLLATE utf8_unicode_ci DEFAULT NULL,
  `HAS_AUTH` char(1) COLLATE utf8_unicode_ci NOT NULL DEFAULT 'N'
) ENGINE=InnoDB DEFAULT CHARSET=utf8 COLLATE=utf8_unicode_ci;

-- --------------------------------------------------------

--
-- Структура таблицы `b_seo_service_webhook`
--

CREATE TABLE `b_seo_service_webhook` (
  `ID` int(11) NOT NULL,
  `DATE_INSERT` datetime DEFAULT NULL,
  `TYPE` varchar(20) COLLATE utf8_unicode_ci NOT NULL,
  `EXTERNAL_ID` varchar(50) COLLATE utf8_unicode_ci NOT NULL,
  `SECURITY_CODE` varchar(32) COLLATE utf8_unicode_ci NOT NULL
) ENGINE=InnoDB DEFAULT CHARSET=utf8 COLLATE=utf8_unicode_ci;

-- --------------------------------------------------------

--
-- Структура таблицы `b_seo_sitemap`
--

CREATE TABLE `b_seo_sitemap` (
  `ID` int(11) NOT NULL,
  `TIMESTAMP_X` timestamp NOT NULL DEFAULT CURRENT_TIMESTAMP ON UPDATE CURRENT_TIMESTAMP,
  `SITE_ID` char(2) COLLATE utf8_unicode_ci NOT NULL,
  `ACTIVE` char(1) COLLATE utf8_unicode_ci DEFAULT 'Y',
  `NAME` varchar(255) COLLATE utf8_unicode_ci DEFAULT '',
  `DATE_RUN` datetime DEFAULT NULL,
  `SETTINGS` longtext COLLATE utf8_unicode_ci
) ENGINE=InnoDB DEFAULT CHARSET=utf8 COLLATE=utf8_unicode_ci;

-- --------------------------------------------------------

--
-- Структура таблицы `b_seo_sitemap_entity`
--

CREATE TABLE `b_seo_sitemap_entity` (
  `ID` int(11) NOT NULL,
  `ENTITY_TYPE` varchar(255) COLLATE utf8_unicode_ci NOT NULL,
  `ENTITY_ID` int(11) NOT NULL,
  `SITEMAP_ID` int(11) NOT NULL
) ENGINE=InnoDB DEFAULT CHARSET=utf8 COLLATE=utf8_unicode_ci;

-- --------------------------------------------------------

--
-- Структура таблицы `b_seo_sitemap_iblock`
--

CREATE TABLE `b_seo_sitemap_iblock` (
  `ID` int(11) NOT NULL,
  `IBLOCK_ID` int(11) NOT NULL,
  `SITEMAP_ID` int(11) NOT NULL
) ENGINE=InnoDB DEFAULT CHARSET=utf8 COLLATE=utf8_unicode_ci;

-- --------------------------------------------------------

--
-- Структура таблицы `b_seo_sitemap_runtime`
--

CREATE TABLE `b_seo_sitemap_runtime` (
  `ID` int(11) NOT NULL,
  `PID` int(11) NOT NULL,
  `PROCESSED` char(1) COLLATE utf8_unicode_ci NOT NULL DEFAULT 'N',
  `ITEM_PATH` varchar(700) COLLATE utf8_unicode_ci DEFAULT NULL,
  `ITEM_ID` int(11) DEFAULT NULL,
  `ITEM_TYPE` char(1) COLLATE utf8_unicode_ci NOT NULL DEFAULT 'D',
  `ACTIVE` char(1) COLLATE utf8_unicode_ci DEFAULT 'Y',
  `ACTIVE_ELEMENT` char(1) COLLATE utf8_unicode_ci DEFAULT 'Y'
) ENGINE=InnoDB DEFAULT CHARSET=utf8 COLLATE=utf8_unicode_ci;

-- --------------------------------------------------------

--
-- Структура таблицы `b_seo_yandex_direct_stat`
--

CREATE TABLE `b_seo_yandex_direct_stat` (
  `ID` int(18) NOT NULL,
  `CAMPAIGN_ID` int(11) NOT NULL,
  `BANNER_ID` int(11) NOT NULL,
  `DATE_DAY` date NOT NULL,
  `CURRENCY` char(3) COLLATE utf8_unicode_ci DEFAULT NULL,
  `SUM` float DEFAULT '0',
  `SUM_SEARCH` float DEFAULT '0',
  `SUM_CONTEXT` float DEFAULT '0',
  `CLICKS` int(7) DEFAULT '0',
  `CLICKS_SEARCH` int(7) DEFAULT '0',
  `CLICKS_CONTEXT` int(7) DEFAULT '0',
  `SHOWS` int(7) DEFAULT '0',
  `SHOWS_SEARCH` int(7) DEFAULT '0',
  `SHOWS_CONTEXT` int(7) DEFAULT '0'
) ENGINE=InnoDB DEFAULT CHARSET=utf8 COLLATE=utf8_unicode_ci;

-- --------------------------------------------------------

--
-- Структура таблицы `b_short_uri`
--

CREATE TABLE `b_short_uri` (
  `ID` int(18) NOT NULL,
  `URI` varchar(2000) COLLATE utf8_unicode_ci NOT NULL,
  `URI_CRC` int(18) NOT NULL,
  `SHORT_URI` varbinary(250) NOT NULL,
  `SHORT_URI_CRC` int(18) NOT NULL,
  `STATUS` int(18) NOT NULL DEFAULT '301',
  `MODIFIED` datetime NOT NULL,
  `LAST_USED` datetime DEFAULT NULL,
  `NUMBER_USED` int(18) NOT NULL DEFAULT '0'
) ENGINE=InnoDB DEFAULT CHARSET=utf8 COLLATE=utf8_unicode_ci;

-- --------------------------------------------------------

--
-- Структура таблицы `b_site_template`
--

CREATE TABLE `b_site_template` (
  `ID` int(11) NOT NULL,
  `SITE_ID` char(2) COLLATE utf8_unicode_ci NOT NULL,
  `CONDITION` varchar(255) COLLATE utf8_unicode_ci DEFAULT NULL,
  `SORT` int(11) NOT NULL DEFAULT '500',
  `TEMPLATE` varchar(255) COLLATE utf8_unicode_ci NOT NULL
) ENGINE=InnoDB DEFAULT CHARSET=utf8 COLLATE=utf8_unicode_ci;

--
-- Дамп данных таблицы `b_site_template`
--

INSERT INTO `b_site_template` (`ID`, `SITE_ID`, `CONDITION`, `SORT`, `TEMPLATE`) VALUES
(5, 's1', '', 150, 'unimagazinlite_s1');

-- --------------------------------------------------------

--
-- Структура таблицы `b_smile`
--

CREATE TABLE `b_smile` (
  `ID` int(18) NOT NULL,
  `TYPE` char(1) COLLATE utf8_unicode_ci NOT NULL DEFAULT 'S',
  `SET_ID` int(18) NOT NULL DEFAULT '0',
  `SORT` int(10) NOT NULL DEFAULT '150',
  `TYPING` varchar(100) COLLATE utf8_unicode_ci DEFAULT NULL,
  `CLICKABLE` char(1) COLLATE utf8_unicode_ci NOT NULL DEFAULT 'Y',
  `HIDDEN` char(1) COLLATE utf8_unicode_ci NOT NULL DEFAULT 'N',
  `IMAGE` varchar(255) COLLATE utf8_unicode_ci NOT NULL,
  `IMAGE_DEFINITION` varchar(10) COLLATE utf8_unicode_ci NOT NULL DEFAULT 'SD',
  `IMAGE_WIDTH` int(11) NOT NULL DEFAULT '0',
  `IMAGE_HEIGHT` int(11) NOT NULL DEFAULT '0'
) ENGINE=InnoDB DEFAULT CHARSET=utf8 COLLATE=utf8_unicode_ci;

--
-- Дамп данных таблицы `b_smile`
--

INSERT INTO `b_smile` (`ID`, `TYPE`, `SET_ID`, `SORT`, `TYPING`, `CLICKABLE`, `HIDDEN`, `IMAGE`, `IMAGE_DEFINITION`, `IMAGE_WIDTH`, `IMAGE_HEIGHT`) VALUES
(1, 'S', 2, 100, ':) :-)', 'Y', 'N', 'bx_smile_smile.png', 'UHD', 20, 20),
(2, 'S', 2, 105, ';) ;-)', 'Y', 'N', 'bx_smile_wink.png', 'UHD', 20, 20),
(3, 'S', 2, 110, ':D :-D', 'Y', 'N', 'bx_smile_biggrin.png', 'UHD', 20, 20),
(4, 'S', 2, 115, '8) 8-)', 'Y', 'N', 'bx_smile_cool.png', 'UHD', 20, 20),
(5, 'S', 2, 120, ':facepalm:', 'Y', 'N', 'bx_smile_facepalm.png', 'UHD', 20, 20),
(6, 'S', 2, 125, ':{} :-{}', 'Y', 'N', 'bx_smile_kiss.png', 'UHD', 20, 20),
(7, 'S', 2, 130, ':( :-(', 'Y', 'N', 'bx_smile_sad.png', 'UHD', 20, 20),
(8, 'S', 2, 135, ':| :-|', 'Y', 'N', 'bx_smile_neutral.png', 'UHD', 20, 20),
(9, 'S', 2, 140, ':oops:', 'Y', 'N', 'bx_smile_redface.png', 'UHD', 20, 20),
(10, 'S', 2, 145, ':cry: :~(', 'Y', 'N', 'bx_smile_cry.png', 'UHD', 20, 20),
(11, 'S', 2, 150, ':evil: >:-<', 'Y', 'N', 'bx_smile_evil.png', 'UHD', 20, 20),
(12, 'S', 2, 155, ':o :-o :shock:', 'Y', 'N', 'bx_smile_eek.png', 'UHD', 20, 20),
(13, 'S', 2, 160, ':/ :-/', 'Y', 'N', 'bx_smile_confuse.png', 'UHD', 20, 20),
(14, 'S', 2, 165, ':idea:', 'Y', 'N', 'bx_smile_idea.png', 'UHD', 20, 20),
(15, 'S', 2, 170, ':?:', 'Y', 'N', 'bx_smile_question.png', 'UHD', 20, 20),
(16, 'S', 2, 175, ':!:', 'Y', 'N', 'bx_smile_exclaim.png', 'UHD', 20, 20),
(17, 'S', 2, 180, ':like:', 'Y', 'N', 'bx_smile_like.png', 'UHD', 20, 20),
(18, 'I', 2, 175, 'ICON_NOTE', 'Y', 'N', 'bx_icon_1.gif', 'SD', 15, 15),
(19, 'I', 2, 180, 'ICON_DIRRECTION', 'Y', 'N', 'bx_icon_2.gif', 'SD', 15, 15),
(20, 'I', 2, 185, 'ICON_IDEA', 'Y', 'N', 'bx_icon_3.gif', 'SD', 15, 15),
(21, 'I', 2, 190, 'ICON_ATTANSION', 'Y', 'N', 'bx_icon_4.gif', 'SD', 15, 15),
(22, 'I', 2, 195, 'ICON_QUESTION', 'Y', 'N', 'bx_icon_5.gif', 'SD', 15, 15),
(23, 'I', 2, 200, 'ICON_BAD', 'Y', 'N', 'bx_icon_6.gif', 'SD', 15, 15),
(24, 'I', 2, 205, 'ICON_GOOD', 'Y', 'N', 'bx_icon_7.gif', 'SD', 15, 15);

-- --------------------------------------------------------

--
-- Структура таблицы `b_smile_lang`
--

CREATE TABLE `b_smile_lang` (
  `ID` int(18) NOT NULL,
  `TYPE` char(1) COLLATE utf8_unicode_ci NOT NULL DEFAULT 'S',
  `SID` int(11) NOT NULL,
  `LID` char(2) COLLATE utf8_unicode_ci NOT NULL,
  `NAME` varchar(255) COLLATE utf8_unicode_ci NOT NULL
) ENGINE=InnoDB DEFAULT CHARSET=utf8 COLLATE=utf8_unicode_ci;

--
-- Дамп данных таблицы `b_smile_lang`
--

INSERT INTO `b_smile_lang` (`ID`, `TYPE`, `SID`, `LID`, `NAME`) VALUES
(1, 'P', 1, 'ru', 'Стандартная галерея'),
(2, 'P', 1, 'en', 'Standard gallery'),
(3, 'G', 2, 'ru', 'Основной набор'),
(4, 'G', 2, 'en', 'Default pack'),
(5, 'S', 1, 'ru', 'С улыбкой'),
(6, 'S', 1, 'en', 'Smile'),
(7, 'S', 2, 'ru', 'Шутливо'),
(8, 'S', 2, 'en', 'Wink'),
(9, 'S', 3, 'ru', 'Широкая улыбка'),
(10, 'S', 3, 'en', 'Big grin'),
(11, 'S', 4, 'ru', 'Здорово'),
(12, 'S', 4, 'en', 'Cool'),
(13, 'S', 5, 'ru', 'Разочарование'),
(14, 'S', 5, 'en', 'Facepalm'),
(15, 'S', 6, 'ru', 'Поцелуй'),
(16, 'S', 6, 'en', 'Kiss'),
(17, 'S', 7, 'ru', 'Печально'),
(18, 'S', 7, 'en', 'Sad'),
(19, 'S', 8, 'ru', 'Скептически'),
(20, 'S', 8, 'en', 'Skeptic'),
(21, 'S', 9, 'ru', 'Смущенный'),
(22, 'S', 9, 'en', 'Embarrassed'),
(23, 'S', 10, 'ru', 'Очень грустно'),
(24, 'S', 10, 'en', 'Crying'),
(25, 'S', 11, 'ru', 'Со злостью'),
(26, 'S', 11, 'en', 'Angry'),
(27, 'S', 12, 'ru', 'Удивленно'),
(28, 'S', 12, 'en', 'Surprised'),
(29, 'S', 13, 'ru', 'Смущенно'),
(30, 'S', 13, 'en', 'Confused'),
(31, 'S', 14, 'ru', 'Идея'),
(32, 'S', 14, 'en', 'Idea'),
(33, 'S', 15, 'ru', 'Вопрос'),
(34, 'S', 15, 'en', 'Question'),
(35, 'S', 16, 'ru', 'Восклицание'),
(36, 'S', 16, 'en', 'Exclamation'),
(37, 'S', 17, 'ru', 'Нравится'),
(38, 'S', 17, 'en', 'Like');

-- --------------------------------------------------------

--
-- Структура таблицы `b_smile_set`
--

CREATE TABLE `b_smile_set` (
  `ID` int(18) NOT NULL,
  `TYPE` char(1) COLLATE utf8_unicode_ci NOT NULL DEFAULT 'G',
  `PARENT_ID` int(18) NOT NULL DEFAULT '0',
  `STRING_ID` varchar(255) COLLATE utf8_unicode_ci DEFAULT NULL,
  `SORT` int(10) NOT NULL DEFAULT '150'
) ENGINE=InnoDB DEFAULT CHARSET=utf8 COLLATE=utf8_unicode_ci;

--
-- Дамп данных таблицы `b_smile_set`
--

INSERT INTO `b_smile_set` (`ID`, `TYPE`, `PARENT_ID`, `STRING_ID`, `SORT`) VALUES
(1, 'P', 0, 'bitrix', 150),
(2, 'G', 1, 'bitrix_main', 150);

-- --------------------------------------------------------

--
-- Структура таблицы `b_socialservices_ap`
--

CREATE TABLE `b_socialservices_ap` (
  `ID` int(11) NOT NULL,
  `TIMESTAMP_X` timestamp NULL DEFAULT CURRENT_TIMESTAMP,
  `USER_ID` int(11) NOT NULL,
  `DOMAIN` varchar(255) COLLATE utf8_unicode_ci NOT NULL,
  `ENDPOINT` varchar(255) COLLATE utf8_unicode_ci DEFAULT NULL,
  `LOGIN` varchar(50) COLLATE utf8_unicode_ci DEFAULT NULL,
  `PASSWORD` varchar(50) COLLATE utf8_unicode_ci DEFAULT NULL,
  `LAST_AUTHORIZE` datetime DEFAULT NULL,
  `SETTINGS` varchar(1000) COLLATE utf8_unicode_ci DEFAULT NULL
) ENGINE=InnoDB DEFAULT CHARSET=utf8 COLLATE=utf8_unicode_ci;

-- --------------------------------------------------------

--
-- Структура таблицы `b_socialservices_contact`
--

CREATE TABLE `b_socialservices_contact` (
  `ID` int(11) NOT NULL,
  `TIMESTAMP_X` timestamp NULL DEFAULT CURRENT_TIMESTAMP,
  `USER_ID` int(11) NOT NULL,
  `CONTACT_USER_ID` int(11) DEFAULT NULL,
  `CONTACT_XML_ID` int(11) DEFAULT NULL,
  `CONTACT_NAME` varchar(255) COLLATE utf8_unicode_ci DEFAULT NULL,
  `CONTACT_LAST_NAME` varchar(255) COLLATE utf8_unicode_ci DEFAULT NULL,
  `CONTACT_PHOTO` varchar(255) COLLATE utf8_unicode_ci DEFAULT NULL,
  `LAST_AUTHORIZE` datetime DEFAULT NULL,
  `NOTIFY` char(1) COLLATE utf8_unicode_ci DEFAULT 'N'
) ENGINE=InnoDB DEFAULT CHARSET=utf8 COLLATE=utf8_unicode_ci;

-- --------------------------------------------------------

--
-- Структура таблицы `b_socialservices_contact_connect`
--

CREATE TABLE `b_socialservices_contact_connect` (
  `ID` int(11) NOT NULL,
  `TIMESTAMP_X` timestamp NULL DEFAULT CURRENT_TIMESTAMP,
  `CONTACT_ID` int(11) DEFAULT NULL,
  `LINK_ID` int(11) DEFAULT NULL,
  `CONTACT_PROFILE_ID` int(11) NOT NULL,
  `CONTACT_PORTAL` varchar(255) COLLATE utf8_unicode_ci NOT NULL,
  `CONNECT_TYPE` char(1) COLLATE utf8_unicode_ci DEFAULT 'P',
  `LAST_AUTHORIZE` datetime DEFAULT NULL
) ENGINE=InnoDB DEFAULT CHARSET=utf8 COLLATE=utf8_unicode_ci;

-- --------------------------------------------------------

--
-- Структура таблицы `b_socialservices_message`
--

CREATE TABLE `b_socialservices_message` (
  `ID` int(11) NOT NULL,
  `USER_ID` int(11) NOT NULL,
  `SOCSERV_USER_ID` int(11) NOT NULL,
  `PROVIDER` varchar(100) COLLATE utf8_unicode_ci NOT NULL,
  `MESSAGE` varchar(1000) COLLATE utf8_unicode_ci DEFAULT NULL,
  `INSERT_DATE` datetime DEFAULT NULL,
  `SUCCES_SENT` char(1) COLLATE utf8_unicode_ci NOT NULL DEFAULT 'N'
) ENGINE=InnoDB DEFAULT CHARSET=utf8 COLLATE=utf8_unicode_ci;

-- --------------------------------------------------------

--
-- Структура таблицы `b_socialservices_user`
--

CREATE TABLE `b_socialservices_user` (
  `ID` int(11) NOT NULL,
  `LOGIN` varchar(100) COLLATE utf8_unicode_ci NOT NULL,
  `NAME` varchar(100) COLLATE utf8_unicode_ci DEFAULT NULL,
  `LAST_NAME` varchar(100) COLLATE utf8_unicode_ci DEFAULT NULL,
  `EMAIL` varchar(100) COLLATE utf8_unicode_ci DEFAULT NULL,
  `PERSONAL_PHOTO` int(11) DEFAULT NULL,
  `EXTERNAL_AUTH_ID` varchar(100) COLLATE utf8_unicode_ci NOT NULL,
  `USER_ID` int(11) NOT NULL,
  `XML_ID` varchar(100) COLLATE utf8_unicode_ci NOT NULL,
  `CAN_DELETE` char(1) COLLATE utf8_unicode_ci NOT NULL DEFAULT 'Y',
  `PERSONAL_WWW` varchar(100) COLLATE utf8_unicode_ci DEFAULT NULL,
  `PERMISSIONS` varchar(555) COLLATE utf8_unicode_ci DEFAULT NULL,
  `OATOKEN` varchar(3000) COLLATE utf8_unicode_ci DEFAULT NULL,
  `OATOKEN_EXPIRES` int(11) DEFAULT NULL,
  `OASECRET` varchar(250) COLLATE utf8_unicode_ci DEFAULT NULL,
  `REFRESH_TOKEN` varchar(1000) COLLATE utf8_unicode_ci DEFAULT NULL,
  `SEND_ACTIVITY` char(1) COLLATE utf8_unicode_ci DEFAULT 'Y',
  `SITE_ID` varchar(50) COLLATE utf8_unicode_ci DEFAULT NULL,
  `INITIALIZED` char(1) COLLATE utf8_unicode_ci DEFAULT 'N'
) ENGINE=InnoDB DEFAULT CHARSET=utf8 COLLATE=utf8_unicode_ci;

-- --------------------------------------------------------

--
-- Структура таблицы `b_socialservices_user_link`
--

CREATE TABLE `b_socialservices_user_link` (
  `ID` int(11) NOT NULL,
  `USER_ID` int(11) NOT NULL,
  `SOCSERV_USER_ID` int(11) NOT NULL,
  `LINK_USER_ID` int(11) DEFAULT NULL,
  `LINK_UID` varchar(100) COLLATE utf8_unicode_ci NOT NULL,
  `LINK_NAME` varchar(255) COLLATE utf8_unicode_ci DEFAULT NULL,
  `LINK_LAST_NAME` varchar(255) COLLATE utf8_unicode_ci DEFAULT NULL,
  `LINK_PICTURE` varchar(255) COLLATE utf8_unicode_ci DEFAULT NULL,
  `LINK_EMAIL` varchar(255) COLLATE utf8_unicode_ci DEFAULT NULL,
  `TIMESTAMP_X` timestamp NULL DEFAULT NULL
) ENGINE=InnoDB DEFAULT CHARSET=utf8 COLLATE=utf8_unicode_ci;

-- --------------------------------------------------------

--
-- Структура таблицы `b_sticker`
--

CREATE TABLE `b_sticker` (
  `ID` int(11) NOT NULL,
  `SITE_ID` char(2) COLLATE utf8_unicode_ci DEFAULT NULL,
  `PAGE_URL` varchar(255) COLLATE utf8_unicode_ci NOT NULL,
  `PAGE_TITLE` varchar(255) COLLATE utf8_unicode_ci NOT NULL,
  `DATE_CREATE` datetime NOT NULL,
  `DATE_UPDATE` datetime NOT NULL,
  `MODIFIED_BY` int(18) NOT NULL,
  `CREATED_BY` int(18) NOT NULL,
  `PERSONAL` char(1) COLLATE utf8_unicode_ci NOT NULL DEFAULT 'N',
  `CONTENT` text COLLATE utf8_unicode_ci,
  `POS_TOP` int(11) DEFAULT NULL,
  `POS_LEFT` int(11) DEFAULT NULL,
  `WIDTH` int(11) DEFAULT NULL,
  `HEIGHT` int(11) DEFAULT NULL,
  `COLOR` int(11) DEFAULT NULL,
  `COLLAPSED` char(1) COLLATE utf8_unicode_ci NOT NULL DEFAULT 'N',
  `COMPLETED` char(1) COLLATE utf8_unicode_ci NOT NULL DEFAULT 'N',
  `CLOSED` char(1) COLLATE utf8_unicode_ci NOT NULL DEFAULT 'N',
  `DELETED` char(1) COLLATE utf8_unicode_ci NOT NULL DEFAULT 'N',
  `MARKER_TOP` int(11) DEFAULT NULL,
  `MARKER_LEFT` int(11) DEFAULT NULL,
  `MARKER_WIDTH` int(11) DEFAULT NULL,
  `MARKER_HEIGHT` int(11) DEFAULT NULL,
  `MARKER_ADJUST` text COLLATE utf8_unicode_ci
) ENGINE=InnoDB DEFAULT CHARSET=utf8 COLLATE=utf8_unicode_ci;

-- --------------------------------------------------------

--
-- Структура таблицы `b_sticker_group_task`
--

CREATE TABLE `b_sticker_group_task` (
  `GROUP_ID` int(11) NOT NULL,
  `TASK_ID` int(11) NOT NULL
) ENGINE=InnoDB DEFAULT CHARSET=utf8 COLLATE=utf8_unicode_ci;

-- --------------------------------------------------------

--
-- Структура таблицы `b_task`
--

CREATE TABLE `b_task` (
  `ID` int(18) NOT NULL,
  `NAME` varchar(100) COLLATE utf8_unicode_ci NOT NULL,
  `LETTER` char(1) COLLATE utf8_unicode_ci DEFAULT NULL,
  `MODULE_ID` varchar(50) COLLATE utf8_unicode_ci NOT NULL,
  `SYS` char(1) COLLATE utf8_unicode_ci NOT NULL,
  `DESCRIPTION` varchar(255) COLLATE utf8_unicode_ci DEFAULT NULL,
  `BINDING` varchar(50) COLLATE utf8_unicode_ci DEFAULT 'module'
) ENGINE=InnoDB DEFAULT CHARSET=utf8 COLLATE=utf8_unicode_ci;

--
-- Дамп данных таблицы `b_task`
--

INSERT INTO `b_task` (`ID`, `NAME`, `LETTER`, `MODULE_ID`, `SYS`, `DESCRIPTION`, `BINDING`) VALUES
(1, 'main_denied', 'D', 'main', 'Y', NULL, 'module'),
(2, 'main_change_profile', 'P', 'main', 'Y', NULL, 'module'),
(3, 'main_view_all_settings', 'R', 'main', 'Y', NULL, 'module'),
(4, 'main_view_all_settings_change_profile', 'T', 'main', 'Y', NULL, 'module'),
(5, 'main_edit_subordinate_users', 'V', 'main', 'Y', NULL, 'module'),
(6, 'main_full_access', 'W', 'main', 'Y', NULL, 'module'),
(7, 'fm_folder_access_denied', 'D', 'main', 'Y', NULL, 'file'),
(8, 'fm_folder_access_read', 'R', 'main', 'Y', NULL, 'file'),
(9, 'fm_folder_access_write', 'W', 'main', 'Y', NULL, 'file'),
(10, 'fm_folder_access_full', 'X', 'main', 'Y', NULL, 'file'),
(11, 'fm_folder_access_workflow', 'U', 'main', 'Y', NULL, 'file'),
(12, 'bitrixcloud_deny', 'D', 'bitrixcloud', 'Y', NULL, 'module'),
(13, 'bitrixcloud_control', 'W', 'bitrixcloud', 'Y', NULL, 'module'),
(14, 'clouds_denied', 'D', 'clouds', 'Y', NULL, 'module'),
(15, 'clouds_browse', 'F', 'clouds', 'Y', NULL, 'module'),
(16, 'clouds_upload', 'U', 'clouds', 'Y', NULL, 'module'),
(17, 'clouds_full_access', 'W', 'clouds', 'Y', NULL, 'module'),
(18, 'fileman_denied', 'D', 'fileman', 'Y', '', 'module'),
(19, 'fileman_allowed_folders', 'F', 'fileman', 'Y', '', 'module'),
(20, 'fileman_full_access', 'W', 'fileman', 'Y', '', 'module'),
(21, 'medialib_denied', 'D', 'fileman', 'Y', '', 'medialib'),
(22, 'medialib_view', 'F', 'fileman', 'Y', '', 'medialib'),
(23, 'medialib_only_new', 'R', 'fileman', 'Y', '', 'medialib'),
(24, 'medialib_edit_items', 'V', 'fileman', 'Y', '', 'medialib'),
(25, 'medialib_editor', 'W', 'fileman', 'Y', '', 'medialib'),
(26, 'medialib_full', 'X', 'fileman', 'Y', '', 'medialib'),
(27, 'stickers_denied', 'D', 'fileman', 'Y', '', 'stickers'),
(28, 'stickers_read', 'R', 'fileman', 'Y', '', 'stickers'),
(29, 'stickers_edit', 'W', 'fileman', 'Y', '', 'stickers'),
(30, 'hblock_denied', 'D', 'highloadblock', 'Y', NULL, 'module'),
(31, 'hblock_read', 'R', 'highloadblock', 'Y', NULL, 'module'),
(32, 'hblock_write', 'W', 'highloadblock', 'Y', NULL, 'module'),
(33, 'iblock_deny', 'D', 'iblock', 'Y', NULL, 'iblock'),
(34, 'iblock_read', 'R', 'iblock', 'Y', NULL, 'iblock'),
(35, 'iblock_element_add', 'E', 'iblock', 'Y', NULL, 'iblock'),
(36, 'iblock_admin_read', 'S', 'iblock', 'Y', NULL, 'iblock'),
(37, 'iblock_admin_add', 'T', 'iblock', 'Y', NULL, 'iblock'),
(38, 'iblock_limited_edit', 'U', 'iblock', 'Y', NULL, 'iblock'),
(39, 'iblock_full_edit', 'W', 'iblock', 'Y', NULL, 'iblock'),
(40, 'iblock_full', 'X', 'iblock', 'Y', NULL, 'iblock'),
(41, 'seo_denied', 'D', 'seo', 'Y', '', 'module'),
(42, 'seo_edit', 'F', 'seo', 'Y', '', 'module'),
(43, 'seo_full_access', 'W', 'seo', 'Y', '', 'module');

-- --------------------------------------------------------

--
-- Структура таблицы `b_task_operation`
--

CREATE TABLE `b_task_operation` (
  `TASK_ID` int(18) NOT NULL,
  `OPERATION_ID` int(18) NOT NULL
) ENGINE=InnoDB DEFAULT CHARSET=utf8 COLLATE=utf8_unicode_ci;

--
-- Дамп данных таблицы `b_task_operation`
--

INSERT INTO `b_task_operation` (`TASK_ID`, `OPERATION_ID`) VALUES
(2, 2),
(2, 3),
(3, 2),
(3, 4),
(3, 5),
(3, 6),
(3, 7),
(4, 2),
(4, 3),
(4, 4),
(4, 5),
(4, 6),
(4, 7),
(5, 2),
(5, 3),
(5, 5),
(5, 6),
(5, 7),
(5, 8),
(5, 9),
(6, 2),
(6, 3),
(6, 4),
(6, 5),
(6, 6),
(6, 7),
(6, 10),
(6, 11),
(6, 12),
(6, 13),
(6, 14),
(6, 15),
(6, 16),
(6, 17),
(6, 18),
(8, 19),
(8, 20),
(8, 21),
(9, 19),
(9, 20),
(9, 21),
(9, 22),
(9, 23),
(9, 24),
(9, 25),
(9, 26),
(9, 27),
(9, 28),
(9, 29),
(9, 30),
(9, 31),
(9, 32),
(9, 33),
(9, 34),
(10, 19),
(10, 20),
(10, 21),
(10, 22),
(10, 23),
(10, 24),
(10, 25),
(10, 26),
(10, 27),
(10, 28),
(10, 29),
(10, 30),
(10, 31),
(10, 32),
(10, 33),
(10, 34),
(10, 35),
(11, 19),
(11, 20),
(11, 21),
(11, 24),
(11, 28),
(13, 36),
(13, 37),
(13, 38),
(15, 39),
(16, 39),
(16, 40),
(17, 39),
(17, 40),
(17, 41),
(19, 44),
(19, 45),
(19, 46),
(19, 47),
(19, 48),
(19, 49),
(19, 50),
(19, 52),
(19, 53),
(20, 42),
(20, 43),
(20, 44),
(20, 45),
(20, 46),
(20, 47),
(20, 48),
(20, 49),
(20, 50),
(20, 51),
(20, 52),
(20, 53),
(20, 54),
(22, 55),
(23, 55),
(23, 56),
(23, 60),
(24, 55),
(24, 60),
(24, 61),
(24, 62),
(25, 55),
(25, 56),
(25, 57),
(25, 58),
(25, 60),
(25, 61),
(25, 62),
(26, 55),
(26, 56),
(26, 57),
(26, 58),
(26, 59),
(26, 60),
(26, 61),
(26, 62),
(28, 63),
(29, 63),
(29, 64),
(29, 65),
(29, 66),
(31, 67),
(32, 68),
(32, 69),
(34, 70),
(34, 71),
(35, 72),
(36, 70),
(36, 71),
(36, 73),
(37, 70),
(37, 71),
(37, 72),
(37, 73),
(38, 70),
(38, 71),
(38, 72),
(38, 73),
(38, 74),
(38, 75),
(38, 76),
(38, 77),
(39, 70),
(39, 71),
(39, 72),
(39, 73),
(39, 74),
(39, 75),
(39, 76),
(39, 77),
(39, 78),
(39, 79),
(39, 80),
(39, 81),
(40, 70),
(40, 71),
(40, 72),
(40, 73),
(40, 74),
(40, 75),
(40, 76),
(40, 77),
(40, 78),
(40, 79),
(40, 80),
(40, 81),
(40, 82),
(40, 83),
(40, 84),
(40, 85),
(40, 86),
(40, 87),
(42, 89),
(43, 88),
(43, 89);

-- --------------------------------------------------------

--
-- Структура таблицы `b_undo`
--

CREATE TABLE `b_undo` (
  `ID` varchar(255) COLLATE utf8_unicode_ci NOT NULL,
  `MODULE_ID` varchar(50) COLLATE utf8_unicode_ci DEFAULT NULL,
  `UNDO_TYPE` varchar(50) COLLATE utf8_unicode_ci DEFAULT NULL,
  `UNDO_HANDLER` varchar(255) COLLATE utf8_unicode_ci DEFAULT NULL,
  `CONTENT` mediumtext COLLATE utf8_unicode_ci,
  `USER_ID` int(11) DEFAULT NULL,
  `TIMESTAMP_X` int(11) DEFAULT NULL
) ENGINE=InnoDB DEFAULT CHARSET=utf8 COLLATE=utf8_unicode_ci;

-- --------------------------------------------------------

--
-- Структура таблицы `b_urlpreview_metadata`
--

CREATE TABLE `b_urlpreview_metadata` (
  `ID` int(11) NOT NULL,
  `URL` varchar(2000) COLLATE utf8_unicode_ci NOT NULL,
  `TYPE` char(1) COLLATE utf8_unicode_ci NOT NULL DEFAULT 'S',
  `DATE_INSERT` datetime NOT NULL,
  `DATE_EXPIRE` datetime DEFAULT NULL,
  `TITLE` varchar(200) COLLATE utf8_unicode_ci DEFAULT NULL,
  `DESCRIPTION` text COLLATE utf8_unicode_ci,
  `IMAGE_ID` int(11) DEFAULT NULL,
  `IMAGE` varchar(2000) COLLATE utf8_unicode_ci DEFAULT NULL,
  `EMBED` mediumtext COLLATE utf8_unicode_ci,
  `EXTRA` text COLLATE utf8_unicode_ci
) ENGINE=InnoDB DEFAULT CHARSET=utf8 COLLATE=utf8_unicode_ci;

-- --------------------------------------------------------

--
-- Структура таблицы `b_urlpreview_route`
--

CREATE TABLE `b_urlpreview_route` (
  `ID` int(11) NOT NULL,
  `ROUTE` varchar(2000) COLLATE utf8_unicode_ci NOT NULL,
  `MODULE` varchar(50) COLLATE utf8_unicode_ci NOT NULL,
  `CLASS` varchar(150) COLLATE utf8_unicode_ci NOT NULL,
  `PARAMETERS` mediumtext COLLATE utf8_unicode_ci
) ENGINE=InnoDB DEFAULT CHARSET=utf8 COLLATE=utf8_unicode_ci;

-- --------------------------------------------------------

--
-- Структура таблицы `b_user`
--

CREATE TABLE `b_user` (
  `ID` int(18) NOT NULL,
  `TIMESTAMP_X` timestamp NOT NULL DEFAULT CURRENT_TIMESTAMP ON UPDATE CURRENT_TIMESTAMP,
  `LOGIN` varchar(50) COLLATE utf8_unicode_ci NOT NULL,
  `PASSWORD` varchar(50) COLLATE utf8_unicode_ci NOT NULL,
  `CHECKWORD` varchar(50) COLLATE utf8_unicode_ci DEFAULT NULL,
  `ACTIVE` char(1) COLLATE utf8_unicode_ci NOT NULL DEFAULT 'Y',
  `NAME` varchar(50) COLLATE utf8_unicode_ci DEFAULT NULL,
  `LAST_NAME` varchar(50) COLLATE utf8_unicode_ci DEFAULT NULL,
  `EMAIL` varchar(255) COLLATE utf8_unicode_ci DEFAULT NULL,
  `LAST_LOGIN` datetime DEFAULT NULL,
  `DATE_REGISTER` datetime NOT NULL,
  `LID` char(2) COLLATE utf8_unicode_ci DEFAULT NULL,
  `PERSONAL_PROFESSION` varchar(255) COLLATE utf8_unicode_ci DEFAULT NULL,
  `PERSONAL_WWW` varchar(255) COLLATE utf8_unicode_ci DEFAULT NULL,
  `PERSONAL_ICQ` varchar(255) COLLATE utf8_unicode_ci DEFAULT NULL,
  `PERSONAL_GENDER` char(1) COLLATE utf8_unicode_ci DEFAULT NULL,
  `PERSONAL_BIRTHDATE` varchar(50) COLLATE utf8_unicode_ci DEFAULT NULL,
  `PERSONAL_PHOTO` int(18) DEFAULT NULL,
  `PERSONAL_PHONE` varchar(255) COLLATE utf8_unicode_ci DEFAULT NULL,
  `PERSONAL_FAX` varchar(255) COLLATE utf8_unicode_ci DEFAULT NULL,
  `PERSONAL_MOBILE` varchar(255) COLLATE utf8_unicode_ci DEFAULT NULL,
  `PERSONAL_PAGER` varchar(255) COLLATE utf8_unicode_ci DEFAULT NULL,
  `PERSONAL_STREET` text COLLATE utf8_unicode_ci,
  `PERSONAL_MAILBOX` varchar(255) COLLATE utf8_unicode_ci DEFAULT NULL,
  `PERSONAL_CITY` varchar(255) COLLATE utf8_unicode_ci DEFAULT NULL,
  `PERSONAL_STATE` varchar(255) COLLATE utf8_unicode_ci DEFAULT NULL,
  `PERSONAL_ZIP` varchar(255) COLLATE utf8_unicode_ci DEFAULT NULL,
  `PERSONAL_COUNTRY` varchar(255) COLLATE utf8_unicode_ci DEFAULT NULL,
  `PERSONAL_NOTES` text COLLATE utf8_unicode_ci,
  `WORK_COMPANY` varchar(255) COLLATE utf8_unicode_ci DEFAULT NULL,
  `WORK_DEPARTMENT` varchar(255) COLLATE utf8_unicode_ci DEFAULT NULL,
  `WORK_POSITION` varchar(255) COLLATE utf8_unicode_ci DEFAULT NULL,
  `WORK_WWW` varchar(255) COLLATE utf8_unicode_ci DEFAULT NULL,
  `WORK_PHONE` varchar(255) COLLATE utf8_unicode_ci DEFAULT NULL,
  `WORK_FAX` varchar(255) COLLATE utf8_unicode_ci DEFAULT NULL,
  `WORK_PAGER` varchar(255) COLLATE utf8_unicode_ci DEFAULT NULL,
  `WORK_STREET` text COLLATE utf8_unicode_ci,
  `WORK_MAILBOX` varchar(255) COLLATE utf8_unicode_ci DEFAULT NULL,
  `WORK_CITY` varchar(255) COLLATE utf8_unicode_ci DEFAULT NULL,
  `WORK_STATE` varchar(255) COLLATE utf8_unicode_ci DEFAULT NULL,
  `WORK_ZIP` varchar(255) COLLATE utf8_unicode_ci DEFAULT NULL,
  `WORK_COUNTRY` varchar(255) COLLATE utf8_unicode_ci DEFAULT NULL,
  `WORK_PROFILE` text COLLATE utf8_unicode_ci,
  `WORK_LOGO` int(18) DEFAULT NULL,
  `WORK_NOTES` text COLLATE utf8_unicode_ci,
  `ADMIN_NOTES` text COLLATE utf8_unicode_ci,
  `STORED_HASH` varchar(32) COLLATE utf8_unicode_ci DEFAULT NULL,
  `XML_ID` varchar(255) COLLATE utf8_unicode_ci DEFAULT NULL,
  `PERSONAL_BIRTHDAY` date DEFAULT NULL,
  `EXTERNAL_AUTH_ID` varchar(255) COLLATE utf8_unicode_ci DEFAULT NULL,
  `CHECKWORD_TIME` datetime DEFAULT NULL,
  `SECOND_NAME` varchar(50) COLLATE utf8_unicode_ci DEFAULT NULL,
  `CONFIRM_CODE` varchar(8) COLLATE utf8_unicode_ci DEFAULT NULL,
  `LOGIN_ATTEMPTS` int(18) DEFAULT NULL,
  `LAST_ACTIVITY_DATE` datetime DEFAULT NULL,
  `AUTO_TIME_ZONE` char(1) COLLATE utf8_unicode_ci DEFAULT NULL,
  `TIME_ZONE` varchar(50) COLLATE utf8_unicode_ci DEFAULT NULL,
  `TIME_ZONE_OFFSET` int(18) DEFAULT NULL,
  `TITLE` varchar(255) COLLATE utf8_unicode_ci DEFAULT NULL,
  `BX_USER_ID` varchar(32) COLLATE utf8_unicode_ci DEFAULT NULL,
  `LANGUAGE_ID` char(2) COLLATE utf8_unicode_ci DEFAULT NULL
) ENGINE=InnoDB DEFAULT CHARSET=utf8 COLLATE=utf8_unicode_ci;

--
-- Дамп данных таблицы `b_user`
--

INSERT INTO `b_user` (`ID`, `TIMESTAMP_X`, `LOGIN`, `PASSWORD`, `CHECKWORD`, `ACTIVE`, `NAME`, `LAST_NAME`, `EMAIL`, `LAST_LOGIN`, `DATE_REGISTER`, `LID`, `PERSONAL_PROFESSION`, `PERSONAL_WWW`, `PERSONAL_ICQ`, `PERSONAL_GENDER`, `PERSONAL_BIRTHDATE`, `PERSONAL_PHOTO`, `PERSONAL_PHONE`, `PERSONAL_FAX`, `PERSONAL_MOBILE`, `PERSONAL_PAGER`, `PERSONAL_STREET`, `PERSONAL_MAILBOX`, `PERSONAL_CITY`, `PERSONAL_STATE`, `PERSONAL_ZIP`, `PERSONAL_COUNTRY`, `PERSONAL_NOTES`, `WORK_COMPANY`, `WORK_DEPARTMENT`, `WORK_POSITION`, `WORK_WWW`, `WORK_PHONE`, `WORK_FAX`, `WORK_PAGER`, `WORK_STREET`, `WORK_MAILBOX`, `WORK_CITY`, `WORK_STATE`, `WORK_ZIP`, `WORK_COUNTRY`, `WORK_PROFILE`, `WORK_LOGO`, `WORK_NOTES`, `ADMIN_NOTES`, `STORED_HASH`, `XML_ID`, `PERSONAL_BIRTHDAY`, `EXTERNAL_AUTH_ID`, `CHECKWORD_TIME`, `SECOND_NAME`, `CONFIRM_CODE`, `LOGIN_ATTEMPTS`, `LAST_ACTIVITY_DATE`, `AUTO_TIME_ZONE`, `TIME_ZONE`, `TIME_ZONE_OFFSET`, `TITLE`, `BX_USER_ID`, `LANGUAGE_ID`) VALUES
(1, '2020-02-25 19:58:18', 'admin', '7\\FwsP7$d658c93ee71aa9619eab6335a7e145f9', 'KEiMdG871489ea6a32d02d5dca8a136209513827', 'Y', '', '', 'milana-23.12@mail.ru', '2020-05-08 09:30:30', '2019-01-18 15:21:53', 's1', '', '', '', '', NULL, NULL, '', '', '', '', '', '', '', '', '', '0', '', '', '', '', '', '', '', '', '', '', '', '', '', '0', '', NULL, '', '', NULL, '', NULL, NULL, '2020-02-25 22:58:18', '', NULL, 355, NULL, '', NULL, NULL, '', 'a5b2fe477f611b8c657c85710a239be8', '');

-- --------------------------------------------------------

--
-- Структура таблицы `b_user_access`
--

CREATE TABLE `b_user_access` (
  `USER_ID` int(11) DEFAULT NULL,
  `PROVIDER_ID` varchar(50) COLLATE utf8_unicode_ci DEFAULT NULL,
  `ACCESS_CODE` varchar(100) COLLATE utf8_unicode_ci DEFAULT NULL
) ENGINE=InnoDB DEFAULT CHARSET=utf8 COLLATE=utf8_unicode_ci;

--
-- Дамп данных таблицы `b_user_access`
--

INSERT INTO `b_user_access` (`USER_ID`, `PROVIDER_ID`, `ACCESS_CODE`) VALUES
(0, 'group', 'G2'),
(1, 'user', 'U1'),
(1, 'group', 'G1'),
(1, 'group', 'G3'),
(1, 'group', 'G4'),
(1, 'group', 'G2');

-- --------------------------------------------------------

--
-- Структура таблицы `b_user_access_check`
--

CREATE TABLE `b_user_access_check` (
  `USER_ID` int(11) DEFAULT NULL,
  `PROVIDER_ID` varchar(50) COLLATE utf8_unicode_ci DEFAULT NULL
) ENGINE=InnoDB DEFAULT CHARSET=utf8 COLLATE=utf8_unicode_ci;

--
-- Дамп данных таблицы `b_user_access_check`
--

INSERT INTO `b_user_access_check` (`USER_ID`, `PROVIDER_ID`) VALUES
(1, 'group'),
(1, 'user');

-- --------------------------------------------------------

--
-- Структура таблицы `b_user_auth_action`
--

CREATE TABLE `b_user_auth_action` (
  `ID` int(11) NOT NULL,
  `USER_ID` int(11) NOT NULL,
  `PRIORITY` int(11) NOT NULL DEFAULT '100',
  `ACTION` varchar(20) COLLATE utf8_unicode_ci DEFAULT NULL,
  `ACTION_DATE` datetime NOT NULL
) ENGINE=InnoDB DEFAULT CHARSET=utf8 COLLATE=utf8_unicode_ci;

-- --------------------------------------------------------

--
-- Структура таблицы `b_user_counter`
--

CREATE TABLE `b_user_counter` (
  `USER_ID` int(18) NOT NULL,
  `SITE_ID` char(2) COLLATE utf8_unicode_ci NOT NULL DEFAULT '**',
  `CODE` varchar(50) COLLATE utf8_unicode_ci NOT NULL,
  `CNT` int(18) NOT NULL DEFAULT '0',
  `LAST_DATE` datetime DEFAULT NULL,
  `TIMESTAMP_X` datetime NOT NULL DEFAULT '3000-01-01 00:00:00',
  `TAG` varchar(255) COLLATE utf8_unicode_ci DEFAULT NULL,
  `PARAMS` text COLLATE utf8_unicode_ci,
  `SENT` char(1) COLLATE utf8_unicode_ci DEFAULT '0'
) ENGINE=InnoDB DEFAULT CHARSET=utf8 COLLATE=utf8_unicode_ci;

-- --------------------------------------------------------

--
-- Структура таблицы `b_user_digest`
--

CREATE TABLE `b_user_digest` (
  `USER_ID` int(11) NOT NULL,
  `DIGEST_HA1` varchar(32) COLLATE utf8_unicode_ci NOT NULL
) ENGINE=InnoDB DEFAULT CHARSET=utf8 COLLATE=utf8_unicode_ci;

-- --------------------------------------------------------

--
-- Структура таблицы `b_user_field`
--

CREATE TABLE `b_user_field` (
  `ID` int(11) NOT NULL,
  `ENTITY_ID` varchar(20) COLLATE utf8_unicode_ci DEFAULT NULL,
  `FIELD_NAME` varchar(20) COLLATE utf8_unicode_ci DEFAULT NULL,
  `USER_TYPE_ID` varchar(50) COLLATE utf8_unicode_ci DEFAULT NULL,
  `XML_ID` varchar(255) COLLATE utf8_unicode_ci DEFAULT NULL,
  `SORT` int(11) DEFAULT NULL,
  `MULTIPLE` char(1) COLLATE utf8_unicode_ci NOT NULL DEFAULT 'N',
  `MANDATORY` char(1) COLLATE utf8_unicode_ci NOT NULL DEFAULT 'N',
  `SHOW_FILTER` char(1) COLLATE utf8_unicode_ci NOT NULL DEFAULT 'N',
  `SHOW_IN_LIST` char(1) COLLATE utf8_unicode_ci NOT NULL DEFAULT 'Y',
  `EDIT_IN_LIST` char(1) COLLATE utf8_unicode_ci NOT NULL DEFAULT 'Y',
  `IS_SEARCHABLE` char(1) COLLATE utf8_unicode_ci NOT NULL DEFAULT 'N',
  `SETTINGS` text COLLATE utf8_unicode_ci
) ENGINE=InnoDB DEFAULT CHARSET=utf8 COLLATE=utf8_unicode_ci;

--
-- Дамп данных таблицы `b_user_field`
--

INSERT INTO `b_user_field` (`ID`, `ENTITY_ID`, `FIELD_NAME`, `USER_TYPE_ID`, `XML_ID`, `SORT`, `MULTIPLE`, `MANDATORY`, `SHOW_FILTER`, `SHOW_IN_LIST`, `EDIT_IN_LIST`, `IS_SEARCHABLE`, `SETTINGS`) VALUES
(1, 'HLBLOCK_1', 'UF_NAME', 'string', 'UF_COLOR_NAME', 100, 'N', 'N', 'N', 'Y', 'Y', 'Y', 'a:6:{s:4:\"SIZE\";i:20;s:4:\"ROWS\";i:1;s:6:\"REGEXP\";N;s:10:\"MIN_LENGTH\";i:0;s:10:\"MAX_LENGTH\";i:0;s:13:\"DEFAULT_VALUE\";N;}'),
(2, 'HLBLOCK_1', 'UF_FILE', 'file', 'UF_COLOR_FILE', 200, 'N', 'N', 'N', 'Y', 'Y', 'Y', 'a:6:{s:4:\"SIZE\";i:20;s:10:\"LIST_WIDTH\";i:0;s:11:\"LIST_HEIGHT\";i:0;s:13:\"MAX_SHOW_SIZE\";i:0;s:16:\"MAX_ALLOWED_SIZE\";i:0;s:10:\"EXTENSIONS\";a:0:{}}'),
(3, 'HLBLOCK_1', 'UF_LINK', 'string', 'UF_COLOR_LINK', 300, 'N', 'N', 'N', 'Y', 'Y', 'Y', 'a:6:{s:4:\"SIZE\";i:20;s:4:\"ROWS\";i:1;s:6:\"REGEXP\";N;s:10:\"MIN_LENGTH\";i:0;s:10:\"MAX_LENGTH\";i:0;s:13:\"DEFAULT_VALUE\";N;}'),
(4, 'HLBLOCK_1', 'UF_SORT', 'double', 'UF_COLOR_SORT', 400, 'N', 'N', 'N', 'Y', 'Y', 'N', 'a:5:{s:9:\"PRECISION\";i:0;s:4:\"SIZE\";i:20;s:9:\"MIN_VALUE\";d:0;s:9:\"MAX_VALUE\";d:0;s:13:\"DEFAULT_VALUE\";s:0:\"\";}'),
(5, 'HLBLOCK_1', 'UF_DEF', 'boolean', 'UF_COLOR_DEF', 500, 'N', 'N', 'N', 'Y', 'Y', 'N', 'a:4:{s:13:\"DEFAULT_VALUE\";i:0;s:7:\"DISPLAY\";s:8:\"CHECKBOX\";s:5:\"LABEL\";a:2:{i:0;N;i:1;N;}s:14:\"LABEL_CHECKBOX\";N;}'),
(6, 'HLBLOCK_1', 'UF_XML_ID', 'string', 'UF_XML_ID', 600, 'N', 'Y', 'N', 'Y', 'Y', 'N', 'a:6:{s:4:\"SIZE\";i:20;s:4:\"ROWS\";i:1;s:6:\"REGEXP\";N;s:10:\"MIN_LENGTH\";i:0;s:10:\"MAX_LENGTH\";i:0;s:13:\"DEFAULT_VALUE\";N;}');

-- --------------------------------------------------------

--
-- Структура таблицы `b_user_field_confirm`
--

CREATE TABLE `b_user_field_confirm` (
  `ID` int(18) NOT NULL,
  `USER_ID` int(18) NOT NULL,
  `DATE_CHANGE` timestamp NOT NULL DEFAULT CURRENT_TIMESTAMP ON UPDATE CURRENT_TIMESTAMP,
  `FIELD` varchar(255) COLLATE utf8_unicode_ci NOT NULL,
  `FIELD_VALUE` varchar(255) COLLATE utf8_unicode_ci NOT NULL,
  `CONFIRM_CODE` varchar(32) COLLATE utf8_unicode_ci NOT NULL
) ENGINE=InnoDB DEFAULT CHARSET=utf8 COLLATE=utf8_unicode_ci;

-- --------------------------------------------------------

--
-- Структура таблицы `b_user_field_enum`
--

CREATE TABLE `b_user_field_enum` (
  `ID` int(11) NOT NULL,
  `USER_FIELD_ID` int(11) DEFAULT NULL,
  `VALUE` varchar(255) COLLATE utf8_unicode_ci NOT NULL,
  `DEF` char(1) COLLATE utf8_unicode_ci NOT NULL DEFAULT 'N',
  `SORT` int(11) NOT NULL DEFAULT '500',
  `XML_ID` varchar(255) COLLATE utf8_unicode_ci NOT NULL
) ENGINE=InnoDB DEFAULT CHARSET=utf8 COLLATE=utf8_unicode_ci;

-- --------------------------------------------------------

--
-- Структура таблицы `b_user_field_lang`
--

CREATE TABLE `b_user_field_lang` (
  `USER_FIELD_ID` int(11) NOT NULL,
  `LANGUAGE_ID` char(2) COLLATE utf8_unicode_ci NOT NULL,
  `EDIT_FORM_LABEL` varchar(255) COLLATE utf8_unicode_ci DEFAULT NULL,
  `LIST_COLUMN_LABEL` varchar(255) COLLATE utf8_unicode_ci DEFAULT NULL,
  `LIST_FILTER_LABEL` varchar(255) COLLATE utf8_unicode_ci DEFAULT NULL,
  `ERROR_MESSAGE` varchar(255) COLLATE utf8_unicode_ci DEFAULT NULL,
  `HELP_MESSAGE` varchar(255) COLLATE utf8_unicode_ci DEFAULT NULL
) ENGINE=InnoDB DEFAULT CHARSET=utf8 COLLATE=utf8_unicode_ci;

--
-- Дамп данных таблицы `b_user_field_lang`
--

INSERT INTO `b_user_field_lang` (`USER_FIELD_ID`, `LANGUAGE_ID`, `EDIT_FORM_LABEL`, `LIST_COLUMN_LABEL`, `LIST_FILTER_LABEL`, `ERROR_MESSAGE`, `HELP_MESSAGE`) VALUES
(1, 'en', 'Название', 'Название', 'Название', NULL, NULL),
(1, 'ru', 'Название', 'Название', 'Название', NULL, NULL),
(2, 'en', 'Файл', 'Файл', 'Файл', NULL, NULL),
(2, 'ru', 'Файл', 'Файл', 'Файл', NULL, NULL),
(3, 'en', 'Ссылка', 'Ссылка', 'Ссылка', NULL, NULL),
(3, 'ru', 'Ссылка', 'Ссылка', 'Ссылка', NULL, NULL),
(4, 'en', 'Сортировка', 'Сортировка', 'Сортировка', NULL, NULL),
(4, 'ru', 'Сортировка', 'Сортировка', 'Сортировка', NULL, NULL),
(5, 'en', 'По умолчанию', 'По умолчанию', 'По умолчанию', NULL, NULL),
(5, 'ru', 'По умолчанию', 'По умолчанию', 'По умолчанию', NULL, NULL),
(6, 'en', 'XML_ID', 'XML_ID', 'XML_ID', NULL, NULL),
(6, 'ru', 'XML_ID', 'XML_ID', 'XML_ID', NULL, NULL);

-- --------------------------------------------------------

--
-- Структура таблицы `b_user_group`
--

CREATE TABLE `b_user_group` (
  `USER_ID` int(18) NOT NULL,
  `GROUP_ID` int(18) NOT NULL,
  `DATE_ACTIVE_FROM` datetime DEFAULT NULL,
  `DATE_ACTIVE_TO` datetime DEFAULT NULL
) ENGINE=InnoDB DEFAULT CHARSET=utf8 COLLATE=utf8_unicode_ci;

--
-- Дамп данных таблицы `b_user_group`
--

INSERT INTO `b_user_group` (`USER_ID`, `GROUP_ID`, `DATE_ACTIVE_FROM`, `DATE_ACTIVE_TO`) VALUES
(1, 1, NULL, NULL),
(1, 3, NULL, NULL),
(1, 4, NULL, NULL);

-- --------------------------------------------------------

--
-- Структура таблицы `b_user_hit_auth`
--

CREATE TABLE `b_user_hit_auth` (
  `ID` int(18) NOT NULL,
  `USER_ID` int(18) NOT NULL,
  `HASH` varchar(32) COLLATE utf8_unicode_ci NOT NULL,
  `URL` varchar(255) COLLATE utf8_unicode_ci NOT NULL,
  `SITE_ID` char(2) COLLATE utf8_unicode_ci DEFAULT NULL,
  `TIMESTAMP_X` timestamp NOT NULL DEFAULT CURRENT_TIMESTAMP ON UPDATE CURRENT_TIMESTAMP
) ENGINE=InnoDB DEFAULT CHARSET=utf8 COLLATE=utf8_unicode_ci;

-- --------------------------------------------------------

--
-- Структура таблицы `b_user_index`
--

CREATE TABLE `b_user_index` (
  `USER_ID` int(11) NOT NULL,
  `SEARCH_USER_CONTENT` text COLLATE utf8_unicode_ci,
  `SEARCH_DEPARTMENT_CONTENT` text COLLATE utf8_unicode_ci,
  `SEARCH_ADMIN_CONTENT` text COLLATE utf8_unicode_ci,
  `NAME` varchar(50) COLLATE utf8_unicode_ci DEFAULT NULL,
  `LAST_NAME` varchar(50) COLLATE utf8_unicode_ci DEFAULT NULL,
  `SECOND_NAME` varchar(50) COLLATE utf8_unicode_ci DEFAULT NULL,
  `WORK_POSITION` varchar(255) COLLATE utf8_unicode_ci DEFAULT NULL,
  `UF_DEPARTMENT_NAME` varchar(255) COLLATE utf8_unicode_ci DEFAULT NULL
) ENGINE=InnoDB DEFAULT CHARSET=utf8 COLLATE=utf8_unicode_ci;

--
-- Дамп данных таблицы `b_user_index`
--

INSERT INTO `b_user_index` (`USER_ID`, `SEARCH_USER_CONTENT`, `SEARCH_DEPARTMENT_CONTENT`, `SEARCH_ADMIN_CONTENT`, `NAME`, `LAST_NAME`, `SECOND_NAME`, `WORK_POSITION`, `UF_DEPARTMENT_NAME`) VALUES
(1, '001', '', '001 zvynan znvy zvynan-23.12@znvy.eh nqzva', '', '', '', '', '');

-- --------------------------------------------------------

--
-- Структура таблицы `b_user_option`
--

CREATE TABLE `b_user_option` (
  `ID` int(11) NOT NULL,
  `USER_ID` int(11) NOT NULL,
  `CATEGORY` varchar(50) COLLATE utf8_unicode_ci NOT NULL,
  `NAME` varchar(255) COLLATE utf8_unicode_ci NOT NULL,
  `VALUE` mediumtext COLLATE utf8_unicode_ci,
  `COMMON` char(1) COLLATE utf8_unicode_ci NOT NULL DEFAULT 'N'
) ENGINE=InnoDB DEFAULT CHARSET=utf8 COLLATE=utf8_unicode_ci;

--
-- Дамп данных таблицы `b_user_option`
--

INSERT INTO `b_user_option` (`ID`, `USER_ID`, `CATEGORY`, `NAME`, `VALUE`, `COMMON`) VALUES
(1, 0, 'intranet', '~gadgets_admin_index', 'a:1:{i:0;a:1:{s:7:\"GADGETS\";a:8:{s:20:\"ADMIN_INFO@333333333\";a:3:{s:6:\"COLUMN\";i:0;s:3:\"ROW\";i:0;s:4:\"HIDE\";s:1:\"N\";}s:19:\"HTML_AREA@444444444\";a:5:{s:6:\"COLUMN\";i:0;s:3:\"ROW\";i:1;s:4:\"HIDE\";s:1:\"N\";s:8:\"USERDATA\";a:1:{s:7:\"content\";s:797:\"<table class=\"bx-gadgets-info-site-table\" cellspacing=\"0\"><tr>	<td class=\"bx-gadget-gray\">Создатель сайта:</td>	<td>Группа компаний &laquo;1С-Битрикс&raquo;.</td>	<td class=\"bx-gadgets-info-site-logo\" rowspan=\"5\"><img src=\"/bitrix/components/bitrix/desktop/templates/admin/images/site_logo.png\"></td></tr><tr>	<td class=\"bx-gadget-gray\">Адрес сайта:</td>	<td><a href=\"http://www.1c-bitrix.ru\">www.1c-bitrix.ru</a></td></tr><tr>	<td class=\"bx-gadget-gray\">Сайт сдан:</td>	<td>12 декабря 2010 г.</td></tr><tr>	<td class=\"bx-gadget-gray\">Ответственное лицо:</td>	<td>Иван Иванов</td></tr><tr>	<td class=\"bx-gadget-gray\">E-mail:</td>	<td><a href=\"mailto:info@1c-bitrix.ru\">info@1c-bitrix.ru</a></td></tr></table>\";}s:8:\"SETTINGS\";a:1:{s:9:\"TITLE_STD\";s:34:\"Информация о сайте\";}}s:25:\"ADMIN_CHECKLIST@777888999\";a:3:{s:6:\"COLUMN\";i:0;s:3:\"ROW\";i:2;s:4:\"HIDE\";s:1:\"N\";}s:19:\"RSSREADER@777777777\";a:4:{s:6:\"COLUMN\";i:1;s:3:\"ROW\";i:3;s:4:\"HIDE\";s:1:\"N\";s:8:\"SETTINGS\";a:3:{s:9:\"TITLE_STD\";s:33:\"Новости 1С-Битрикс\";s:3:\"CNT\";i:10;s:7:\"RSS_URL\";s:45:\"https://www.1c-bitrix.ru/about/life/news/rss/\";}}s:24:\"ADMIN_SECURITY@555555555\";a:3:{s:6:\"COLUMN\";i:1;s:3:\"ROW\";i:0;s:4:\"HIDE\";s:1:\"N\";}s:25:\"ADMIN_SITESPEED@666666777\";a:3:{s:6:\"COLUMN\";i:1;s:3:\"ROW\";i:1;s:4:\"HIDE\";s:1:\"N\";}s:23:\"ADMIN_PERFMON@666666666\";a:3:{s:6:\"COLUMN\";i:1;s:3:\"ROW\";i:2;s:4:\"HIDE\";s:1:\"N\";}s:23:\"ADMIN_MARKETPALCE@22549\";a:3:{s:6:\"COLUMN\";i:1;s:3:\"ROW\";i:3;s:4:\"HIDE\";s:1:\"N\";}}}}', 'Y'),
(2, 1, 'hot_keys', 'user_defined', 'b:1;', 'N'),
(3, 1, 'favorite', 'favorite_menu', 'a:1:{s:5:\"stick\";s:1:\"N\";}', 'N'),
(4, 1, 'socialservices', 'networkPopup', 'a:1:{s:9:\"showcount\";s:3:\"156\";}', 'N'),
(7, 1, 'admin_panel', 'settings', 'a:1:{s:4:\"edit\";s:3:\"off\";}', 'N'),
(15, 1, 'admin_menu', 'pos', 'a:3:{s:8:\"sections\";s:878:\"menu_iblock_%2Fcontent%2F3,menu_iblock_%2Fcontent%2F25,menu_site,menu_iblock_%2Ffeedback%2F4,menu_iblock_%2Fcontent%2F10,menu_iblock_%2Fcontent%2F2,menu_iblock_%2Fcontent%2F22,menu_iblock_%2Fcatalog%2F12,menu_iblock_%2Fcontent%2F9,menu_iblock_%2Fcontent%2F8,menu_fileman,intec_startshop_settings,iblock_redirect,menu_smile,menu_rating,intec_startshop,menu_b24connector,seo_search_adv,menu_lang,interface,menu_landing,iblock_import,iblock_export,menu_perfmon_index_list,menu_search_stat,menu_iblock_%2Fcatalog%2F20,menu_fileman_site_s1_,menu_iblock_%2Fcontent%2F5,menu_iblock_%2Fcatalog%2F13,menu_templates,menu_update_section_2,menu_perfmon,menu_util,diag,menu_system,menu_search,menu_translate,menu_bitrixcloud,menu_iblock_/content,menu_iblock_/catalog,menu_iblock_/reviews,menu_iblock_/feedback,menu_iblock,menu_highloadblock,highloadblock_tools,menu_medialib,menu_marketplace\";s:5:\"width\";s:3:\"424\";s:3:\"ver\";s:2:\"on\";}', 'N'),
(16, 1, 'main.ui.filter', 'tbl_iblock_list_30975736bf664b952aec1131b6792500', 'a:6:{s:14:\"use_pin_preset\";b:1;s:15:\"deleted_presets\";a:0:{}s:15:\"default_presets\";a:0:{}s:7:\"default\";s:14:\"default_filter\";s:6:\"filter\";s:14:\"default_filter\";s:7:\"filters\";a:1:{s:10:\"tmp_filter\";a:2:{s:6:\"fields\";a:1:{s:10:\"SECTION_ID\";s:1:\"0\";}s:11:\"filter_rows\";s:10:\"SECTION_ID\";}}}', 'N'),
(20, 1, 'main.interface.grid', 'tbl_iblock_list_30975736bf664b952aec1131b6792500', 'a:3:{s:5:\"views\";a:1:{s:7:\"default\";a:3:{s:7:\"columns\";s:0:\"\";s:13:\"columns_sizes\";a:2:{s:6:\"expand\";i:1;s:7:\"columns\";a:0:{}}s:15:\"sticked_columns\";a:0:{}}}s:7:\"filters\";a:0:{}s:12:\"current_view\";s:7:\"default\";}', 'N'),
(21, 1, 'main.interface.grid', 'tbl_iblock_list_81eebd5662bbbe7794628a1d2e8d8683', 'a:3:{s:5:\"views\";a:1:{s:7:\"default\";a:3:{s:7:\"columns\";s:0:\"\";s:13:\"columns_sizes\";a:2:{s:6:\"expand\";i:1;s:7:\"columns\";a:0:{}}s:15:\"sticked_columns\";a:0:{}}}s:7:\"filters\";a:0:{}s:12:\"current_view\";s:7:\"default\";}', 'N'),
(22, 1, 'main.interface.grid', 'tbl_iblock_list_b7d3215a9c5d7a3446fc85e1a5877fc2', 'a:3:{s:5:\"views\";a:1:{s:7:\"default\";a:3:{s:7:\"columns\";s:0:\"\";s:13:\"columns_sizes\";a:2:{s:6:\"expand\";i:1;s:7:\"columns\";a:0:{}}s:15:\"sticked_columns\";a:0:{}}}s:7:\"filters\";a:0:{}s:12:\"current_view\";s:7:\"default\";}', 'N'),
(23, 1, 'main.interface.grid', 'tbl_iblock_list_edeb69490d234f6bb50511be0ce9e2ff', 'a:3:{s:5:\"views\";a:1:{s:7:\"default\";a:4:{s:7:\"columns\";s:31:\"NAME,ACTIVE,SORT,TIMESTAMP_X,ID\";s:13:\"columns_sizes\";a:2:{s:6:\"expand\";i:1;s:7:\"columns\";a:0:{}}s:15:\"sticked_columns\";a:0:{}s:12:\"custom_names\";N;}}s:7:\"filters\";a:0:{}s:12:\"current_view\";s:7:\"default\";}', 'N'),
(24, 1, 'main.interface.grid', 'tbl_iblock_46f22f2a56ddd091f4b2b2c35c5ca989', 'a:3:{s:5:\"views\";a:1:{s:7:\"default\";a:3:{s:7:\"columns\";s:0:\"\";s:13:\"columns_sizes\";a:2:{s:6:\"expand\";i:1;s:7:\"columns\";a:0:{}}s:15:\"sticked_columns\";a:0:{}}}s:7:\"filters\";a:0:{}s:12:\"current_view\";s:7:\"default\";}', 'N'),
(29, 1, 'main.ui.filter', 'tbl_iblock_list_edeb69490d234f6bb50511be0ce9e2ff', 'a:6:{s:14:\"use_pin_preset\";b:1;s:15:\"deleted_presets\";a:0:{}s:15:\"default_presets\";a:0:{}s:7:\"default\";s:14:\"default_filter\";s:6:\"filter\";s:14:\"default_filter\";s:7:\"filters\";a:2:{s:10:\"tmp_filter\";a:2:{s:6:\"fields\";a:1:{s:10:\"SECTION_ID\";s:2:\"39\";}s:11:\"filter_rows\";s:10:\"SECTION_ID\";}s:14:\"default_filter\";a:2:{s:6:\"fields\";a:0:{}s:11:\"filter_rows\";s:4:\"NAME\";}}}', 'N'),
(33, 1, 'filter', 'tbl_iblock_el_searcheff3185c88cbd4284444cda314b8d07b_filter', 'a:1:{s:4:\"rows\";s:2:\"id\";}', 'N'),
(34, 1, 'filter', 'tbl_iblock_el_search1912c6dfc954b65767c88d8c1b3c5645_filter', 'a:1:{s:4:\"rows\";s:2:\"id\";}', 'N'),
(36, 1, 'filter', 'tbl_iblock_el_searchf1b6d89c12bcab845a559a97a6ac45bb_filter', 'a:1:{s:4:\"rows\";s:2:\"id\";}', 'N'),
(38, 1, 'html_editor', 'type_selector_DETAIL_TEXT20', 'a:1:{s:4:\"type\";s:4:\"html\";}', 'N'),
(43, 1, 'main.interface.grid', 'tbl_iblock_admin_74dcb1cec50854d2f880279f3dd19da9', 'a:3:{s:5:\"views\";a:1:{s:7:\"default\";a:3:{s:7:\"columns\";s:0:\"\";s:13:\"columns_sizes\";a:2:{s:6:\"expand\";i:1;s:7:\"columns\";a:0:{}}s:15:\"sticked_columns\";a:0:{}}}s:7:\"filters\";a:0:{}s:12:\"current_view\";s:7:\"default\";}', 'N'),
(55, 1, 'html_editor', 'type_selector_DESCRIPTION', 'a:1:{s:4:\"type\";s:4:\"html\";}', 'N'),
(69, 1, 'main.ui.filter', 'tbl_iblock_list_83dc7316b54e68bc4c30a3d647e75389', 'a:6:{s:14:\"use_pin_preset\";b:1;s:15:\"deleted_presets\";a:0:{}s:15:\"default_presets\";a:0:{}s:7:\"default\";s:14:\"default_filter\";s:6:\"filter\";s:14:\"default_filter\";s:7:\"filters\";a:2:{s:10:\"tmp_filter\";a:2:{s:6:\"fields\";a:1:{s:10:\"SECTION_ID\";s:1:\"0\";}s:11:\"filter_rows\";s:10:\"SECTION_ID\";}s:14:\"default_filter\";a:2:{s:6:\"fields\";a:0:{}s:11:\"filter_rows\";s:18:\"NAME,ID,SECTION_ID\";}}}', 'N'),
(73, 1, 'main.interface.grid', 'tbl_iblock_list_83dc7316b54e68bc4c30a3d647e75389', 'a:3:{s:5:\"views\";a:1:{s:7:\"default\";a:7:{s:7:\"columns\";s:55:\"NAME,ACTIVE,SORT,TIMESTAMP_X,ID,PROPERTY_24,PROPERTY_31\";s:13:\"columns_sizes\";a:2:{s:6:\"expand\";d:1;s:7:\"columns\";a:7:{s:4:\"NAME\";i:390;s:6:\"ACTIVE\";i:146;s:4:\"SORT\";i:100;s:11:\"TIMESTAMP_X\";i:130;s:2:\"ID\";i:79;s:11:\"PROPERTY_24\";i:147;s:11:\"PROPERTY_31\";i:141;}}s:15:\"sticked_columns\";a:0:{}s:12:\"last_sort_by\";s:4:\"name\";s:15:\"last_sort_order\";s:3:\"asc\";s:9:\"page_size\";i:500;s:12:\"custom_names\";N;}}s:7:\"filters\";a:0:{}s:12:\"current_view\";s:7:\"default\";}', 'N'),
(79, 1, 'main.interface.grid', 'tbl_iblock_74dcb1cec50854d2f880279f3dd19da9', 'a:3:{s:5:\"views\";a:1:{s:7:\"default\";a:3:{s:7:\"columns\";s:0:\"\";s:13:\"columns_sizes\";a:2:{s:6:\"expand\";i:1;s:7:\"columns\";a:0:{}}s:15:\"sticked_columns\";a:0:{}}}s:7:\"filters\";a:0:{}s:12:\"current_view\";s:7:\"default\";}', 'N'),
(86, 1, 'main.ui.filter', 'tbl_iblock_list_e01c4a967e3916f4391673dda663a69f', 'a:6:{s:14:\"use_pin_preset\";b:1;s:15:\"deleted_presets\";a:0:{}s:15:\"default_presets\";a:0:{}s:7:\"default\";s:14:\"default_filter\";s:6:\"filter\";s:14:\"default_filter\";s:7:\"filters\";a:1:{s:10:\"tmp_filter\";a:2:{s:6:\"fields\";a:1:{s:10:\"SECTION_ID\";s:1:\"0\";}s:11:\"filter_rows\";s:10:\"SECTION_ID\";}}}', 'N'),
(90, 1, 'main.interface.grid', 'tbl_iblock_list_e01c4a967e3916f4391673dda663a69f', 'a:3:{s:5:\"views\";a:1:{s:7:\"default\";a:3:{s:7:\"columns\";s:0:\"\";s:13:\"columns_sizes\";a:2:{s:6:\"expand\";i:1;s:7:\"columns\";a:0:{}}s:15:\"sticked_columns\";a:0:{}}}s:7:\"filters\";a:0:{}s:12:\"current_view\";s:7:\"default\";}', 'N'),
(91, 1, 'main.interface.grid', 'tbl_iblock_9a0364b9e99bb480dd25e1f0284c8555', 'a:3:{s:5:\"views\";a:1:{s:7:\"default\";a:3:{s:7:\"columns\";s:0:\"\";s:13:\"columns_sizes\";a:2:{s:6:\"expand\";i:1;s:7:\"columns\";a:0:{}}s:15:\"sticked_columns\";a:0:{}}}s:7:\"filters\";a:0:{}s:12:\"current_view\";s:7:\"default\";}', 'N'),
(95, 1, 'html_editor', 'user_settings_', 'a:3:{s:14:\"split_vertical\";s:1:\"1\";s:4:\"view\";s:5:\"split\";s:13:\"taskbar_shown\";s:1:\"0\";}', 'N'),
(104, 1, 'main.ui.filter', 'tbl_iblock_list_458278f99d467a8b09221a7136f3cd89', 'a:6:{s:14:\"use_pin_preset\";b:1;s:15:\"deleted_presets\";a:0:{}s:15:\"default_presets\";a:0:{}s:7:\"default\";s:14:\"default_filter\";s:6:\"filter\";s:14:\"default_filter\";s:7:\"filters\";a:1:{s:10:\"tmp_filter\";a:2:{s:6:\"fields\";a:1:{s:10:\"SECTION_ID\";s:1:\"0\";}s:11:\"filter_rows\";s:10:\"SECTION_ID\";}}}', 'N'),
(108, 1, 'main.interface.grid', 'tbl_iblock_list_458278f99d467a8b09221a7136f3cd89', 'a:3:{s:5:\"views\";a:1:{s:7:\"default\";a:3:{s:7:\"columns\";s:0:\"\";s:13:\"columns_sizes\";a:2:{s:6:\"expand\";i:1;s:7:\"columns\";a:0:{}}s:15:\"sticked_columns\";a:0:{}}}s:7:\"filters\";a:0:{}s:12:\"current_view\";s:7:\"default\";}', 'N'),
(113, 1, 'main.interface.grid', 'tbl_iblock_admin_9a0364b9e99bb480dd25e1f0284c8555', 'a:3:{s:5:\"views\";a:1:{s:7:\"default\";a:3:{s:7:\"columns\";s:0:\"\";s:13:\"columns_sizes\";a:2:{s:6:\"expand\";i:1;s:7:\"columns\";a:0:{}}s:15:\"sticked_columns\";a:0:{}}}s:7:\"filters\";a:0:{}s:12:\"current_view\";s:7:\"default\";}', 'N'),
(115, 1, 'main.interface.grid', 'tbl_iblock_admin_46f22f2a56ddd091f4b2b2c35c5ca989', 'a:3:{s:5:\"views\";a:1:{s:7:\"default\";a:3:{s:7:\"columns\";s:0:\"\";s:13:\"columns_sizes\";a:2:{s:6:\"expand\";i:1;s:7:\"columns\";a:0:{}}s:15:\"sticked_columns\";a:0:{}}}s:7:\"filters\";a:0:{}s:12:\"current_view\";s:7:\"default\";}', 'N'),
(121, 1, 'main.ui.filter', 'tbl_iblock_list_b3ef987326af755a2538f798acbc126c', 'a:6:{s:14:\"use_pin_preset\";b:1;s:15:\"deleted_presets\";a:0:{}s:15:\"default_presets\";a:0:{}s:7:\"default\";s:14:\"default_filter\";s:6:\"filter\";s:14:\"default_filter\";s:7:\"filters\";a:1:{s:10:\"tmp_filter\";a:2:{s:6:\"fields\";a:1:{s:10:\"SECTION_ID\";s:1:\"0\";}s:11:\"filter_rows\";s:10:\"SECTION_ID\";}}}', 'N'),
(125, 1, 'main.interface.grid', 'tbl_iblock_list_b3ef987326af755a2538f798acbc126c', 'a:3:{s:5:\"views\";a:1:{s:7:\"default\";a:3:{s:7:\"columns\";s:0:\"\";s:13:\"columns_sizes\";a:2:{s:6:\"expand\";i:1;s:7:\"columns\";a:0:{}}s:15:\"sticked_columns\";a:0:{}}}s:7:\"filters\";a:0:{}s:12:\"current_view\";s:7:\"default\";}', 'N'),
(160, 1, 'iblock', 'section_property', 'a:1:{s:4:\"mode\";s:4:\"tree\";}', 'N'),
(185, 1, 'filter', 'element_redirect_filter', 'a:1:{s:4:\"rows\";s:3:\"0,1\";}', 'N'),
(196, 1, 'fileman', 'medialib_def_type', 's:1:\"1\";', 'N'),
(201, 1, 'bx.windowmanager.9.5', 'size_/bitrix/admin/public_file_edit.php', 'a:2:{s:5:\"width\";s:4:\"1360\";s:6:\"height\";s:3:\"659\";}', 'N'),
(205, 1, 'fileman', 'last_pathes', 's:200:\"a:10:{i:0;s:8:\"/catalog\";i:1;s:14:\"/buys/delivery\";i:2;s:5:\"/buys\";i:3;s:13:\"/buys/payment\";i:4;s:5:\"/sale\";i:5;s:7:\"/uslugi\";i:6;s:9:\"/contacts\";i:7;s:8:\"/include\";i:8;s:7:\"/upload\";i:9;s:5:\"/help\";}\";', 'N'),
(217, 1, 'fileman', 'code_editor', 'a:2:{s:5:\"theme\";s:4:\"dark\";s:9:\"highlight\";s:1:\"1\";}', 'N'),
(229, 1, 'main.interface.grid', 'tbl_iblock_list_021ffd6a98913b97863ea104b75fa86a', 'a:3:{s:5:\"views\";a:1:{s:7:\"default\";a:3:{s:7:\"columns\";s:0:\"\";s:13:\"columns_sizes\";a:2:{s:6:\"expand\";i:1;s:7:\"columns\";a:0:{}}s:15:\"sticked_columns\";a:0:{}}}s:7:\"filters\";a:0:{}s:12:\"current_view\";s:7:\"default\";}', 'N'),
(306, 1, 'main.interface.grid', 'tbl_iblock_list_5861fa2d67db16bf1dcab2250c88814c', 'a:3:{s:5:\"views\";a:1:{s:7:\"default\";a:3:{s:7:\"columns\";s:0:\"\";s:13:\"columns_sizes\";a:2:{s:6:\"expand\";i:1;s:7:\"columns\";a:0:{}}s:15:\"sticked_columns\";a:0:{}}}s:7:\"filters\";a:0:{}s:12:\"current_view\";s:7:\"default\";}', 'N'),
(352, 1, 'fileman', 'file_dialog_config', 's:30:\"s1;/buys/payment;list;type;asc\";', 'N'),
(373, 1, 'html_editor', 'type_selector_DETAIL_TEXT12', 'a:1:{s:4:\"type\";s:6:\"editor\";}', 'N'),
(399, 1, 'main.ui.filter', 'tbl_iblock_list_021ffd6a98913b97863ea104b75fa86a', 'a:6:{s:14:\"use_pin_preset\";b:1;s:15:\"deleted_presets\";a:0:{}s:15:\"default_presets\";a:0:{}s:7:\"default\";s:14:\"default_filter\";s:6:\"filter\";s:14:\"default_filter\";s:7:\"filters\";a:1:{s:10:\"tmp_filter\";a:2:{s:6:\"fields\";a:1:{s:10:\"SECTION_ID\";s:1:\"0\";}s:11:\"filter_rows\";s:10:\"SECTION_ID\";}}}', 'N'),
(415, 1, 'main.ui.filter', 'tbl_iblock_list_b095a8c351bd6c9eb4a0aa9a40ca8120', 'a:6:{s:14:\"use_pin_preset\";b:1;s:15:\"deleted_presets\";a:0:{}s:15:\"default_presets\";a:0:{}s:7:\"default\";s:14:\"default_filter\";s:6:\"filter\";s:14:\"default_filter\";s:7:\"filters\";a:1:{s:10:\"tmp_filter\";a:2:{s:6:\"fields\";a:1:{s:10:\"SECTION_ID\";s:1:\"0\";}s:11:\"filter_rows\";s:10:\"SECTION_ID\";}}}', 'N'),
(419, 1, 'main.interface.grid', 'tbl_iblock_list_b095a8c351bd6c9eb4a0aa9a40ca8120', 'a:3:{s:5:\"views\";a:1:{s:7:\"default\";a:3:{s:7:\"columns\";s:0:\"\";s:13:\"columns_sizes\";a:2:{s:6:\"expand\";i:1;s:7:\"columns\";a:0:{}}s:15:\"sticked_columns\";a:0:{}}}s:7:\"filters\";a:0:{}s:12:\"current_view\";s:7:\"default\";}', 'N'),
(436, 1, 'html_editor', 'type_selector_DETAIL_TEXT11', 'a:1:{s:4:\"type\";s:6:\"editor\";}', 'N'),
(474, 1, 'filter', 'tbl_iblock_el_search687be18acae71ecc076aadc7d3e247d4_filter', 'a:1:{s:4:\"rows\";s:9:\"IBLOCK_ID\";}', 'N'),
(475, 1, 'html_editor', 'type_selector_PREVIEW_TEXT12', 'a:1:{s:4:\"type\";s:4:\"text\";}', 'N'),
(480, 1, 'bx.windowmanager.9.5', 'options_undefined', 'a:4:{s:3:\"pin\";s:9:\"undefined\";s:3:\"top\";s:5:\"false\";s:4:\"left\";s:5:\"false\";s:9:\"transform\";s:5:\"false\";}', 'N'),
(502, 1, 'main.ui.filter', 'tbl_iblock_list_166911fde2ffd0dce531867dab03b331', 'a:6:{s:14:\"use_pin_preset\";b:1;s:15:\"deleted_presets\";a:0:{}s:15:\"default_presets\";a:0:{}s:7:\"default\";s:14:\"default_filter\";s:6:\"filter\";s:14:\"default_filter\";s:7:\"filters\";a:1:{s:10:\"tmp_filter\";a:2:{s:6:\"fields\";a:1:{s:10:\"SECTION_ID\";s:1:\"0\";}s:11:\"filter_rows\";s:10:\"SECTION_ID\";}}}', 'N'),
(506, 1, 'main.interface.grid', 'tbl_iblock_list_166911fde2ffd0dce531867dab03b331', 'a:3:{s:5:\"views\";a:1:{s:7:\"default\";a:3:{s:7:\"columns\";s:0:\"\";s:13:\"columns_sizes\";a:2:{s:6:\"expand\";i:1;s:7:\"columns\";a:0:{}}s:15:\"sticked_columns\";a:0:{}}}s:7:\"filters\";a:0:{}s:12:\"current_view\";s:7:\"default\";}', 'N'),
(527, 1, 'main.ui.filter', 'tbl_iblock_list_61530c638bb5a010233a016847c6f075', 'a:6:{s:14:\"use_pin_preset\";b:1;s:15:\"deleted_presets\";a:0:{}s:15:\"default_presets\";a:0:{}s:7:\"default\";s:14:\"default_filter\";s:6:\"filter\";s:14:\"default_filter\";s:7:\"filters\";a:1:{s:10:\"tmp_filter\";a:2:{s:6:\"fields\";a:1:{s:10:\"SECTION_ID\";s:1:\"0\";}s:11:\"filter_rows\";s:10:\"SECTION_ID\";}}}', 'N'),
(531, 1, 'main.interface.grid', 'tbl_iblock_list_61530c638bb5a010233a016847c6f075', 'a:3:{s:5:\"views\";a:1:{s:7:\"default\";a:3:{s:7:\"columns\";s:0:\"\";s:13:\"columns_sizes\";a:2:{s:6:\"expand\";i:1;s:7:\"columns\";a:0:{}}s:15:\"sticked_columns\";a:0:{}}}s:7:\"filters\";a:0:{}s:12:\"current_view\";s:7:\"default\";}', 'N'),
(628, 1, 'main.interface.grid', 'tbl_iblock_list_dd5ef36e5a447af02ffc50723f333b15', 'a:3:{s:5:\"views\";a:1:{s:7:\"default\";a:5:{s:7:\"columns\";s:0:\"\";s:13:\"columns_sizes\";a:2:{s:6:\"expand\";i:1;s:7:\"columns\";a:0:{}}s:15:\"sticked_columns\";a:0:{}s:12:\"last_sort_by\";s:4:\"sort\";s:15:\"last_sort_order\";s:3:\"asc\";}}s:7:\"filters\";a:0:{}s:12:\"current_view\";s:7:\"default\";}', 'N'),
(692, 1, 'html_editor', 'type_selector_DETAIL_TEXT2', 'a:1:{s:4:\"type\";s:4:\"text\";}', 'N'),
(830, 1, 'main.ui.filter', 'tbl_iblock_list_a38a5cb0a0f80ac3f122eb38dbbd8da0', 'a:6:{s:14:\"use_pin_preset\";b:1;s:15:\"deleted_presets\";a:0:{}s:15:\"default_presets\";a:0:{}s:7:\"default\";s:14:\"default_filter\";s:6:\"filter\";s:14:\"default_filter\";s:7:\"filters\";a:1:{s:10:\"tmp_filter\";a:2:{s:6:\"fields\";a:1:{s:10:\"SECTION_ID\";s:2:\"46\";}s:11:\"filter_rows\";s:10:\"SECTION_ID\";}}}', 'N'),
(834, 1, 'main.interface.grid', 'tbl_iblock_list_a38a5cb0a0f80ac3f122eb38dbbd8da0', 'a:3:{s:5:\"views\";a:1:{s:7:\"default\";a:3:{s:7:\"columns\";s:0:\"\";s:13:\"columns_sizes\";a:2:{s:6:\"expand\";i:1;s:7:\"columns\";a:0:{}}s:15:\"sticked_columns\";a:0:{}}}s:7:\"filters\";a:0:{}s:12:\"current_view\";s:7:\"default\";}', 'N'),
(942, 1, 'main.ui.filter', 'tbl_iblock_list_dd5ef36e5a447af02ffc50723f333b15', 'a:6:{s:14:\"use_pin_preset\";b:1;s:15:\"deleted_presets\";a:0:{}s:15:\"default_presets\";a:0:{}s:7:\"default\";s:14:\"default_filter\";s:6:\"filter\";s:14:\"default_filter\";s:7:\"filters\";a:1:{s:10:\"tmp_filter\";a:2:{s:6:\"fields\";a:1:{s:10:\"SECTION_ID\";s:1:\"0\";}s:11:\"filter_rows\";s:10:\"SECTION_ID\";}}}', 'N'),
(1074, 1, 'main.interface.grid', 'tbl_iblock_admin_3965207478e6a58f7c87af5d49a0c165', 'a:3:{s:5:\"views\";a:1:{s:7:\"default\";a:3:{s:7:\"columns\";s:0:\"\";s:13:\"columns_sizes\";a:2:{s:6:\"expand\";i:1;s:7:\"columns\";a:0:{}}s:15:\"sticked_columns\";a:0:{}}}s:7:\"filters\";a:0:{}s:12:\"current_view\";s:7:\"default\";}', 'N'),
(1176, 1, 'main.ui.filter', 'tbl_iblock_list_b7d3215a9c5d7a3446fc85e1a5877fc2', 'a:6:{s:14:\"use_pin_preset\";b:1;s:15:\"deleted_presets\";a:0:{}s:15:\"default_presets\";a:0:{}s:7:\"default\";s:14:\"default_filter\";s:6:\"filter\";s:14:\"default_filter\";s:7:\"filters\";a:1:{s:10:\"tmp_filter\";a:2:{s:6:\"fields\";a:1:{s:10:\"SECTION_ID\";s:1:\"2\";}s:11:\"filter_rows\";s:10:\"SECTION_ID\";}}}', 'N'),
(1290, 1, 'html_editor', 'type_selector_PREVIEW_TEXT22', 'a:1:{s:4:\"type\";s:6:\"editor\";}', 'N'),
(1293, 1, 'html_editor', 'type_selector_PREVIEW_TEXT11', 'a:1:{s:4:\"type\";s:4:\"text\";}', 'N'),
(1334, 1, 'fileman', 'medialib_user_set', 's:9:\"600,450,1\";', 'N'),
(1352, 1, 'html_editor', 'type_selector_PREVIEW_TEXT2', 'a:1:{s:4:\"type\";s:4:\"html\";}', 'N'),
(1488, 1, 'main.interface.grid', 'tbl_user', 'a:3:{s:5:\"views\";a:1:{s:7:\"default\";a:3:{s:7:\"columns\";s:0:\"\";s:13:\"columns_sizes\";a:2:{s:6:\"expand\";i:1;s:7:\"columns\";a:0:{}}s:15:\"sticked_columns\";a:0:{}}}s:7:\"filters\";a:0:{}s:12:\"current_view\";s:7:\"default\";}', 'N'),
(1564, 1, 'php_command_line', 'query1', 's:379:\"$headers = \"From: test@\". $_SERVER[\'HTTP_HOST\'] . \"\\r\\n\" .\n    \"Reply-To: test@\". $_SERVER[\'HTTP_HOST\'] . \"\\r\\n\" .\n    \"X-Mailer: PHP/\" . phpversion();\nif( mail(\"milana-23.12@mail.ru\",\"my test theme\",\"my test message\",$headers) ){\n    echo \"Почта работает!\";\n}else{\n    echo \"Почта не работает! Скорее всего проблема в sendmail\";\n}\";', 'N'),
(1594, 1, 'html_editor', 'type_selector_MESSAGE', 'a:1:{s:4:\"type\";s:4:\"html\";}', 'N'),
(1610, 1, 'edit', 'tabControl_3f82ce7685348fe148f882dc8bd5af18', 'a:1:{s:6:\"expand\";s:2:\"on\";}', 'N'),
(1710, 1, 'main.ui.filter', 'tbl_iblock_list_f3c9ddf4d596d50c3e27ce94b0563d50', 'a:6:{s:14:\"use_pin_preset\";b:1;s:15:\"deleted_presets\";a:0:{}s:15:\"default_presets\";a:0:{}s:7:\"default\";s:14:\"default_filter\";s:6:\"filter\";s:14:\"default_filter\";s:7:\"filters\";a:1:{s:10:\"tmp_filter\";a:2:{s:6:\"fields\";a:1:{s:10:\"SECTION_ID\";s:1:\"0\";}s:11:\"filter_rows\";s:10:\"SECTION_ID\";}}}', 'N'),
(1714, 1, 'main.interface.grid', 'tbl_iblock_list_f3c9ddf4d596d50c3e27ce94b0563d50', 'a:3:{s:5:\"views\";a:1:{s:7:\"default\";a:3:{s:7:\"columns\";s:0:\"\";s:13:\"columns_sizes\";a:2:{s:6:\"expand\";i:1;s:7:\"columns\";a:0:{}}s:15:\"sticked_columns\";a:0:{}}}s:7:\"filters\";a:0:{}s:12:\"current_view\";s:7:\"default\";}', 'N'),
(1743, 1, 'filter', 'startshop_orders_list_filter', 'a:1:{s:4:\"rows\";s:1:\"0\";}', 'N'),
(1744, 1, 'filter', 'startshop_form_results_list_filter', 'a:1:{s:4:\"rows\";s:1:\"0\";}', 'N'),
(1782, 1, 'html_editor', 'type_selector_PREVIEW_TEXT20', 'a:1:{s:4:\"type\";s:6:\"editor\";}', 'N'),
(1787, 1, 'bx.windowmanager.9.5', 'options_2b056ba7acda02041aad83bf945bf88d', 'a:4:{s:3:\"pin\";s:5:\"false\";s:9:\"transform\";s:5:\"false\";s:3:\"top\";s:5:\"false\";s:4:\"left\";s:5:\"false\";}', 'N'),
(1830, 1, 'main.ui.filter', 'tbl_iblock_list_46f8140327845967c617a49611b20c2c', 'a:6:{s:14:\"use_pin_preset\";b:1;s:15:\"deleted_presets\";a:0:{}s:15:\"default_presets\";a:0:{}s:7:\"default\";s:14:\"default_filter\";s:6:\"filter\";s:14:\"default_filter\";s:7:\"filters\";a:1:{s:10:\"tmp_filter\";a:2:{s:6:\"fields\";a:1:{s:10:\"SECTION_ID\";s:1:\"0\";}s:11:\"filter_rows\";s:10:\"SECTION_ID\";}}}', 'N'),
(1834, 1, 'main.interface.grid', 'tbl_iblock_list_46f8140327845967c617a49611b20c2c', 'a:3:{s:5:\"views\";a:1:{s:7:\"default\";a:3:{s:7:\"columns\";s:0:\"\";s:13:\"columns_sizes\";a:2:{s:6:\"expand\";i:1;s:7:\"columns\";a:0:{}}s:15:\"sticked_columns\";a:0:{}}}s:7:\"filters\";a:0:{}s:12:\"current_view\";s:7:\"default\";}', 'N'),
(1887, 1, 'main', 'fileinput', 'a:1:{s:10:\"frameFiles\";s:1:\"N\";}', 'N'),
(1899, 1, 'html_editor', 'type_selector_DETAIL_TEXT22', 'a:1:{s:4:\"type\";s:6:\"editor\";}', 'N'),
(2161, 1, 'filter', 'tbl_iblock_el_searche7937e4ce0e71c9886fdb89e3b8be000_filter', 'a:1:{s:4:\"rows\";s:9:\"IBLOCK_ID\";}', 'N'),
(2215, 1, 'filter', 'tbl_profile_history_filter', 'a:1:{s:4:\"rows\";s:12:\"find_user_id\";}', 'N'),
(3010, 1, 'main.ui.filter', 'LANDING_LANDING', 'a:6:{s:14:\"use_pin_preset\";b:1;s:15:\"deleted_presets\";a:0:{}s:15:\"default_presets\";a:0:{}s:7:\"default\";s:14:\"default_filter\";s:6:\"filter\";s:14:\"default_filter\";s:7:\"filters\";a:1:{s:10:\"tmp_filter\";a:3:{s:4:\"name\";s:12:\"Фильтр\";s:6:\"fields\";a:1:{s:7:\"DELETED\";s:1:\"Y\";}s:11:\"filter_rows\";s:7:\"DELETED\";}}}', 'N');

-- --------------------------------------------------------

--
-- Структура таблицы `b_user_profile_history`
--

CREATE TABLE `b_user_profile_history` (
  `ID` int(11) NOT NULL,
  `USER_ID` int(11) NOT NULL,
  `EVENT_TYPE` int(11) DEFAULT NULL,
  `DATE_INSERT` datetime DEFAULT NULL,
  `REMOTE_ADDR` varchar(40) COLLATE utf8_unicode_ci DEFAULT NULL,
  `USER_AGENT` text COLLATE utf8_unicode_ci,
  `REQUEST_URI` text COLLATE utf8_unicode_ci,
  `UPDATED_BY_ID` int(11) DEFAULT NULL
) ENGINE=InnoDB DEFAULT CHARSET=utf8 COLLATE=utf8_unicode_ci;

-- --------------------------------------------------------

--
-- Структура таблицы `b_user_profile_record`
--

CREATE TABLE `b_user_profile_record` (
  `ID` int(11) NOT NULL,
  `HISTORY_ID` int(11) NOT NULL,
  `FIELD` varchar(40) COLLATE utf8_unicode_ci DEFAULT NULL,
  `DATA` mediumtext COLLATE utf8_unicode_ci
) ENGINE=InnoDB DEFAULT CHARSET=utf8 COLLATE=utf8_unicode_ci;

-- --------------------------------------------------------

--
-- Структура таблицы `b_user_stored_auth`
--

CREATE TABLE `b_user_stored_auth` (
  `ID` int(18) NOT NULL,
  `USER_ID` int(18) NOT NULL,
  `DATE_REG` datetime NOT NULL,
  `LAST_AUTH` datetime NOT NULL,
  `STORED_HASH` varchar(32) COLLATE utf8_unicode_ci NOT NULL,
  `TEMP_HASH` char(1) COLLATE utf8_unicode_ci NOT NULL DEFAULT 'N',
  `IP_ADDR` int(10) UNSIGNED NOT NULL
) ENGINE=InnoDB DEFAULT CHARSET=utf8 COLLATE=utf8_unicode_ci;

--
-- Дамп данных таблицы `b_user_stored_auth`
--

INSERT INTO `b_user_stored_auth` (`ID`, `USER_ID`, `DATE_REG`, `LAST_AUTH`, `STORED_HASH`, `TEMP_HASH`, `IP_ADDR`) VALUES
(4, 2, '2019-02-13 18:19:39', '2019-02-13 18:19:39', '1e7ad5cca276c42b0b16e5604e5ecc43', 'N', 1542760925),
(5, 2, '2019-02-14 10:32:46', '2019-02-14 10:32:46', 'a5ffb7b16748a44a764e354d98b821d6', 'N', 3580691435),
(6, 2, '2019-02-14 11:21:29', '2019-02-14 11:21:29', '2be3ad62f16b88fb07455287a9ea2984', 'N', 3580691435),
(7, 2, '2019-02-18 11:34:18', '2019-02-18 11:34:18', '1239b6b4154d7071234e27ad1f2df8ce', 'N', 3580691435),
(8, 2, '2019-05-22 12:16:37', '2019-05-22 12:16:37', '0138eeb75b3a704abc293acac56b3b06', 'N', 3580691435),
(9, 2, '2019-11-29 20:08:31', '2019-11-29 20:08:31', '8963754ec4da2c93abae052a6f241057', 'N', 1475844217),
(10, 2, '2019-12-02 08:32:35', '2019-12-02 08:32:35', '59a92e4c6b88f834efa25c5dfa3f6146', 'N', 1475844217),
(11, 1, '2020-04-01 16:40:32', '2020-04-01 16:40:32', '101be8dbd6974ae1008abf118807da24', 'N', 3582434590);

-- --------------------------------------------------------

--
-- Структура таблицы `b_xml_tree`
--

CREATE TABLE `b_xml_tree` (
  `ID` int(11) NOT NULL,
  `PARENT_ID` int(11) DEFAULT NULL,
  `LEFT_MARGIN` int(11) DEFAULT NULL,
  `RIGHT_MARGIN` int(11) DEFAULT NULL,
  `DEPTH_LEVEL` int(11) DEFAULT NULL,
  `NAME` varchar(255) COLLATE utf8_unicode_ci DEFAULT NULL,
  `VALUE` longtext COLLATE utf8_unicode_ci,
  `ATTRIBUTES` text COLLATE utf8_unicode_ci
) ENGINE=InnoDB DEFAULT CHARSET=utf8 COLLATE=utf8_unicode_ci;

--
-- Дамп данных таблицы `b_xml_tree`
--

INSERT INTO `b_xml_tree` (`ID`, `PARENT_ID`, `LEFT_MARGIN`, `RIGHT_MARGIN`, `DEPTH_LEVEL`, `NAME`, `VALUE`, `ATTRIBUTES`) VALUES
(1, 0, 1, 300, 0, 'КоммерческаяИнформация', NULL, 'a:2:{s:22:\"ВерсияСхемы\";s:5:\"2.021\";s:32:\"ДатаФормирования\";s:19:\"2016-10-05T16:46:52\";}'),
(2, 1, 2, 75, 1, 'Классификатор', NULL, NULL),
(3, 2, 3, 4, 2, 'Ид', 'unimagazinlite_pickup', NULL),
(4, 2, 5, 6, 2, 'Наименование', 'Пункты самовывоза', NULL),
(5, 2, 7, 72, 2, 'Свойства', NULL, NULL),
(6, 5, 8, 15, 3, 'Свойство', NULL, NULL),
(7, 6, 9, 10, 4, 'Ид', 'CML2_ACTIVE', NULL),
(8, 6, 11, 12, 4, 'Наименование', 'БитриксАктивность', NULL),
(9, 6, 13, 14, 4, 'Множественное', 'false', NULL),
(10, 5, 16, 23, 3, 'Свойство', NULL, NULL),
(11, 10, 17, 18, 4, 'Ид', 'CML2_CODE', NULL),
(12, 10, 19, 20, 4, 'Наименование', 'Символьный код', NULL),
(13, 10, 21, 22, 4, 'Множественное', 'false', NULL),
(14, 5, 24, 31, 3, 'Свойство', NULL, NULL),
(15, 14, 25, 26, 4, 'Ид', 'CML2_SORT', NULL),
(16, 14, 27, 28, 4, 'Наименование', 'Сортировка', NULL),
(17, 14, 29, 30, 4, 'Множественное', 'false', NULL),
(18, 5, 32, 39, 3, 'Свойство', NULL, NULL),
(19, 18, 33, 34, 4, 'Ид', 'CML2_ACTIVE_FROM', NULL),
(20, 18, 35, 36, 4, 'Наименование', 'Начало активности', NULL),
(21, 18, 37, 38, 4, 'Множественное', 'false', NULL),
(22, 5, 40, 47, 3, 'Свойство', NULL, NULL),
(23, 22, 41, 42, 4, 'Ид', 'CML2_ACTIVE_TO', NULL),
(24, 22, 43, 44, 4, 'Наименование', 'Окончание активности', NULL),
(25, 22, 45, 46, 4, 'Множественное', 'false', NULL),
(26, 5, 48, 55, 3, 'Свойство', NULL, NULL),
(27, 26, 49, 50, 4, 'Ид', 'CML2_PREVIEW_TEXT', NULL),
(28, 26, 51, 52, 4, 'Наименование', 'Анонс', NULL),
(29, 26, 53, 54, 4, 'Множественное', 'false', NULL),
(30, 5, 56, 63, 3, 'Свойство', NULL, NULL),
(31, 30, 57, 58, 4, 'Ид', 'CML2_DETAIL_TEXT', NULL),
(32, 30, 59, 60, 4, 'Наименование', 'Описание', NULL),
(33, 30, 61, 62, 4, 'Множественное', 'false', NULL),
(34, 5, 64, 71, 3, 'Свойство', NULL, NULL),
(35, 34, 65, 66, 4, 'Ид', 'CML2_PREVIEW_PICTURE', NULL),
(36, 34, 67, 68, 4, 'Наименование', 'Картинка анонса', NULL),
(37, 34, 69, 70, 4, 'Множественное', 'false', NULL),
(38, 2, 73, 74, 2, 'Группы', NULL, NULL),
(39, 1, 76, 299, 1, 'Каталог', NULL, NULL),
(40, 39, 77, 78, 2, 'Ид', 'unimagazinlite_pickup', NULL),
(41, 39, 79, 80, 2, 'ИдКлассификатора', 'unimagazinlite_pickup', NULL),
(42, 39, 81, 82, 2, 'Наименование', 'Пункты самовывоза', NULL),
(43, 39, 83, 84, 2, 'БитриксКод', 'unimagazinlite_pickup', NULL),
(44, 39, 85, 86, 2, 'БитриксСортировка', '500', NULL),
(45, 39, 87, 88, 2, 'БитриксURLСписок', '#SITE_DIR#/content/index.php?ID=#IBLOCK_ID#', NULL),
(46, 39, 89, 90, 2, 'БитриксURLДеталь', '#SITE_DIR#/content/detail.php?ID=#ELEMENT_ID#', NULL),
(47, 39, 91, 92, 2, 'БитриксURLРаздел', '#SITE_DIR#/content/list.php?SECTION_ID=#SECTION_ID#', NULL),
(48, 39, 93, 94, 2, 'БитриксURLКанонический', NULL, NULL),
(49, 39, 95, 96, 2, 'БитриксКартинка', NULL, NULL),
(50, 39, 97, 98, 2, 'БитриксИндексироватьЭлементы', 'true', NULL),
(51, 39, 99, 100, 2, 'БитриксИндексироватьРазделы', 'true', NULL),
(52, 39, 101, 102, 2, 'БитриксДокументооборот', 'false', NULL),
(53, 39, 103, 164, 2, 'БитриксПодписи', NULL, NULL),
(54, 53, 104, 109, 3, 'БитриксПодпись', NULL, NULL),
(55, 54, 105, 106, 4, 'Ид', 'ELEMENT_NAME', NULL),
(56, 54, 107, 108, 4, 'Значение', 'Элемент', NULL),
(57, 53, 110, 115, 3, 'БитриксПодпись', NULL, NULL),
(58, 57, 111, 112, 4, 'Ид', 'ELEMENTS_NAME', NULL),
(59, 57, 113, 114, 4, 'Значение', 'Элементы', NULL),
(60, 53, 116, 121, 3, 'БитриксПодпись', NULL, NULL),
(61, 60, 117, 118, 4, 'Ид', 'ELEMENT_ADD', NULL),
(62, 60, 119, 120, 4, 'Значение', 'Добавить элемент', NULL),
(63, 53, 122, 127, 3, 'БитриксПодпись', NULL, NULL),
(64, 63, 123, 124, 4, 'Ид', 'ELEMENT_EDIT', NULL),
(65, 63, 125, 126, 4, 'Значение', 'Изменить элемент', NULL),
(66, 53, 128, 133, 3, 'БитриксПодпись', NULL, NULL),
(67, 66, 129, 130, 4, 'Ид', 'ELEMENT_DELETE', NULL),
(68, 66, 131, 132, 4, 'Значение', 'Удалить элемент', NULL),
(69, 53, 134, 139, 3, 'БитриксПодпись', NULL, NULL),
(70, 69, 135, 136, 4, 'Ид', 'SECTION_NAME', NULL),
(71, 69, 137, 138, 4, 'Значение', 'Раздел', NULL),
(72, 53, 140, 145, 3, 'БитриксПодпись', NULL, NULL),
(73, 72, 141, 142, 4, 'Ид', 'SECTIONS_NAME', NULL),
(74, 72, 143, 144, 4, 'Значение', 'Разделы', NULL),
(75, 53, 146, 151, 3, 'БитриксПодпись', NULL, NULL),
(76, 75, 147, 148, 4, 'Ид', 'SECTION_ADD', NULL),
(77, 75, 149, 150, 4, 'Значение', 'Добавить раздел', NULL),
(78, 53, 152, 157, 3, 'БитриксПодпись', NULL, NULL),
(79, 78, 153, 154, 4, 'Ид', 'SECTION_EDIT', NULL),
(80, 78, 155, 156, 4, 'Значение', 'Изменить раздел', NULL),
(81, 53, 158, 163, 3, 'БитриксПодпись', NULL, NULL),
(82, 81, 159, 160, 4, 'Ид', 'SECTION_DELETE', NULL),
(83, 81, 161, 162, 4, 'Значение', 'Удалить раздел', NULL),
(84, 39, 165, 298, 2, 'Товары', NULL, NULL),
(85, 84, 166, 231, 3, 'Товар', NULL, NULL),
(86, 85, 167, 168, 4, 'Ид', '889', NULL),
(87, 85, 169, 170, 4, 'Наименование', 'ул. Победы, 97', NULL),
(88, 85, 171, 172, 4, 'БитриксТеги', NULL, NULL),
(89, 85, 173, 174, 4, 'Группы', NULL, NULL),
(90, 85, 175, 176, 4, 'Картинка', NULL, NULL),
(91, 85, 177, 230, 4, 'ЗначенияСвойств', NULL, NULL),
(92, 91, 178, 183, 5, 'ЗначенияСвойства', NULL, NULL),
(93, 92, 179, 180, 6, 'Ид', 'CML2_ACTIVE', NULL),
(94, 92, 181, 182, 6, 'Значение', 'true', NULL),
(95, 91, 184, 189, 5, 'ЗначенияСвойства', NULL, NULL),
(96, 95, 185, 186, 6, 'Ид', 'CML2_CODE', NULL),
(97, 95, 187, 188, 6, 'Значение', '1', NULL),
(98, 91, 190, 195, 5, 'ЗначенияСвойства', NULL, NULL),
(99, 98, 191, 192, 6, 'Ид', 'CML2_SORT', NULL),
(100, 98, 193, 194, 6, 'Значение', '500', NULL),
(101, 91, 196, 201, 5, 'ЗначенияСвойства', NULL, NULL),
(102, 101, 197, 198, 6, 'Ид', 'CML2_ACTIVE_FROM', NULL),
(103, 101, 199, 200, 6, 'Значение', NULL, NULL),
(104, 91, 202, 207, 5, 'ЗначенияСвойства', NULL, NULL),
(105, 104, 203, 204, 6, 'Ид', 'CML2_ACTIVE_TO', NULL),
(106, 104, 205, 206, 6, 'Значение', NULL, NULL),
(107, 91, 208, 215, 5, 'ЗначенияСвойства', NULL, NULL),
(108, 107, 209, 210, 6, 'Ид', 'CML2_PREVIEW_TEXT', NULL),
(109, 107, 211, 212, 6, 'Значение', NULL, NULL),
(110, 107, 213, 214, 6, 'Тип', 'text', NULL),
(111, 91, 216, 223, 5, 'ЗначенияСвойства', NULL, NULL),
(112, 111, 217, 218, 6, 'Ид', 'CML2_DETAIL_TEXT', NULL),
(113, 111, 219, 220, 6, 'Значение', NULL, NULL),
(114, 111, 221, 222, 6, 'Тип', 'text', NULL),
(115, 91, 224, 229, 5, 'ЗначенияСвойства', NULL, NULL),
(116, 115, 225, 226, 6, 'Ид', 'CML2_PREVIEW_PICTURE', NULL),
(117, 115, 227, 228, 6, 'Значение', NULL, NULL),
(118, 84, 232, 297, 3, 'Товар', NULL, NULL),
(119, 118, 233, 234, 4, 'Ид', '890', NULL),
(120, 118, 235, 236, 4, 'Наименование', 'пр. Ленина, 7', NULL),
(121, 118, 237, 238, 4, 'БитриксТеги', NULL, NULL),
(122, 118, 239, 240, 4, 'Группы', NULL, NULL),
(123, 118, 241, 242, 4, 'Картинка', NULL, NULL),
(124, 118, 243, 296, 4, 'ЗначенияСвойств', NULL, NULL),
(125, 124, 244, 249, 5, 'ЗначенияСвойства', NULL, NULL),
(126, 125, 245, 246, 6, 'Ид', 'CML2_ACTIVE', NULL),
(127, 125, 247, 248, 6, 'Значение', 'true', NULL),
(128, 124, 250, 255, 5, 'ЗначенияСвойства', NULL, NULL),
(129, 128, 251, 252, 6, 'Ид', 'CML2_CODE', NULL),
(130, 128, 253, 254, 6, 'Значение', NULL, NULL),
(131, 124, 256, 261, 5, 'ЗначенияСвойства', NULL, NULL),
(132, 131, 257, 258, 6, 'Ид', 'CML2_SORT', NULL),
(133, 131, 259, 260, 6, 'Значение', '500', NULL),
(134, 124, 262, 267, 5, 'ЗначенияСвойства', NULL, NULL),
(135, 134, 263, 264, 6, 'Ид', 'CML2_ACTIVE_FROM', NULL),
(136, 134, 265, 266, 6, 'Значение', NULL, NULL),
(137, 124, 268, 273, 5, 'ЗначенияСвойства', NULL, NULL),
(138, 137, 269, 270, 6, 'Ид', 'CML2_ACTIVE_TO', NULL),
(139, 137, 271, 272, 6, 'Значение', NULL, NULL),
(140, 124, 274, 281, 5, 'ЗначенияСвойства', NULL, NULL),
(141, 140, 275, 276, 6, 'Ид', 'CML2_PREVIEW_TEXT', NULL),
(142, 140, 277, 278, 6, 'Значение', NULL, NULL),
(143, 140, 279, 280, 6, 'Тип', 'text', NULL),
(144, 124, 282, 289, 5, 'ЗначенияСвойства', NULL, NULL),
(145, 144, 283, 284, 6, 'Ид', 'CML2_DETAIL_TEXT', NULL),
(146, 144, 285, 286, 6, 'Значение', NULL, NULL),
(147, 144, 287, 288, 6, 'Тип', 'text', NULL),
(148, 124, 290, 295, 5, 'ЗначенияСвойства', NULL, NULL),
(149, 148, 291, 292, 6, 'Ид', 'CML2_PREVIEW_PICTURE', NULL),
(150, 148, 293, 294, 6, 'Значение', NULL, NULL),
(151, 0, 248, 0, 0, '', NULL, NULL),
(152, 0, 249, 0, 0, '', NULL, NULL);

-- --------------------------------------------------------

--
-- Структура таблицы `eshop_color_reference`
--

CREATE TABLE `eshop_color_reference` (
  `ID` int(11) UNSIGNED NOT NULL,
  `UF_NAME` text COLLATE utf8_unicode_ci,
  `UF_FILE` int(18) DEFAULT NULL,
  `UF_LINK` text COLLATE utf8_unicode_ci,
  `UF_SORT` double DEFAULT NULL,
  `UF_DEF` int(18) DEFAULT NULL,
  `UF_XML_ID` text COLLATE utf8_unicode_ci
) ENGINE=InnoDB DEFAULT CHARSET=utf8 COLLATE=utf8_unicode_ci;

--
-- Дамп данных таблицы `eshop_color_reference`
--

INSERT INTO `eshop_color_reference` (`ID`, `UF_NAME`, `UF_FILE`, `UF_LINK`, `UF_SORT`, `UF_DEF`, `UF_XML_ID`) VALUES
(1, 'Синий', 1, NULL, 100, 1, 'blue'),
(2, 'Красный', 2, NULL, 200, 0, 'red'),
(3, 'Зеленый', 3, NULL, 300, 0, 'green'),
(4, 'Белый', 4, NULL, 400, 0, 'white'),
(5, 'Черный', 5, NULL, 500, 0, 'black'),
(6, 'Желтый', 6, NULL, 600, 0, 'yellow'),
(7, 'Оранжевый', 7, NULL, 700, 0, 'orange'),
(8, 'Фиолетовый', 8, NULL, 800, 0, 'purple');

-- --------------------------------------------------------

--
-- Структура таблицы `startshop_catalog`
--

CREATE TABLE `startshop_catalog` (
  `IBLOCK` bigint(20) NOT NULL,
  `USE_QUANTITY` tinyint(1) NOT NULL DEFAULT '0',
  `OFFERS_IBLOCK` bigint(20) NOT NULL,
  `OFFERS_LINK_PROPERTY` bigint(20) NOT NULL DEFAULT '0'
) ENGINE=MyISAM DEFAULT CHARSET=utf8;

--
-- Дамп данных таблицы `startshop_catalog`
--

INSERT INTO `startshop_catalog` (`IBLOCK`, `USE_QUANTITY`, `OFFERS_IBLOCK`, `OFFERS_LINK_PROPERTY`) VALUES
(12, 1, 13, 79);

-- --------------------------------------------------------

--
-- Структура таблицы `startshop_catalog_properties`
--

CREATE TABLE `startshop_catalog_properties` (
  `CATALOG` bigint(20) NOT NULL,
  `PROPERTY` bigint(20) NOT NULL
) ENGINE=MyISAM DEFAULT CHARSET=utf8;

--
-- Дамп данных таблицы `startshop_catalog_properties`
--

INSERT INTO `startshop_catalog_properties` (`CATALOG`, `PROPERTY`) VALUES
(12, 81),
(12, 82);

-- --------------------------------------------------------

--
-- Структура таблицы `startshop_currency`
--

CREATE TABLE `startshop_currency` (
  `ID` int(10) NOT NULL,
  `CODE` varchar(255) NOT NULL,
  `ACTIVE` varchar(1) NOT NULL DEFAULT 'Y',
  `BASE` varchar(1) NOT NULL DEFAULT 'N',
  `RATE` float NOT NULL DEFAULT '1',
  `RATING` int(10) NOT NULL DEFAULT '1',
  `SORT` int(10) NOT NULL DEFAULT '500'
) ENGINE=MyISAM DEFAULT CHARSET=utf8;

--
-- Дамп данных таблицы `startshop_currency`
--

INSERT INTO `startshop_currency` (`ID`, `CODE`, `ACTIVE`, `BASE`, `RATE`, `RATING`, `SORT`) VALUES
(1, 'rub', 'Y', 'Y', 1, 1, 100);

-- --------------------------------------------------------

--
-- Структура таблицы `startshop_currency_format`
--

CREATE TABLE `startshop_currency_format` (
  `CURRENCY` int(10) NOT NULL,
  `LID` varchar(2) NOT NULL,
  `FORMAT` varchar(255) DEFAULT NULL,
  `DELIMITER_DECIMAL` varchar(1) DEFAULT NULL,
  `DELIMITER_THOUSANDS` varchar(1) DEFAULT NULL,
  `DECIMALS_COUNT` int(10) DEFAULT NULL,
  `DECIMALS_DISPLAY_ZERO` varchar(1) DEFAULT 'Y'
) ENGINE=MyISAM DEFAULT CHARSET=utf8;

--
-- Дамп данных таблицы `startshop_currency_format`
--

INSERT INTO `startshop_currency_format` (`CURRENCY`, `LID`, `FORMAT`, `DELIMITER_DECIMAL`, `DELIMITER_THOUSANDS`, `DECIMALS_COUNT`, `DECIMALS_DISPLAY_ZERO`) VALUES
(1, 'ru', '# руб.', '.', ' ', 2, 'N');

-- --------------------------------------------------------

--
-- Структура таблицы `startshop_currency_language`
--

CREATE TABLE `startshop_currency_language` (
  `CURRENCY` int(10) NOT NULL,
  `LID` varchar(2) NOT NULL,
  `NAME` varchar(255) NOT NULL
) ENGINE=MyISAM DEFAULT CHARSET=utf8;

--
-- Дамп данных таблицы `startshop_currency_language`
--

INSERT INTO `startshop_currency_language` (`CURRENCY`, `LID`, `NAME`) VALUES
(1, 'ru', 'Рубль');

-- --------------------------------------------------------

--
-- Структура таблицы `startshop_delivery`
--

CREATE TABLE `startshop_delivery` (
  `ID` int(10) NOT NULL,
  `NAME` varchar(255) NOT NULL,
  `CODE` varchar(255) NOT NULL,
  `ACTIVE` varchar(1) NOT NULL DEFAULT 'Y',
  `PRICE` float DEFAULT '0',
  `SID` varchar(2) NOT NULL,
  `SORT` int(10) NOT NULL DEFAULT '500'
) ENGINE=MyISAM DEFAULT CHARSET=utf8;

--
-- Дамп данных таблицы `startshop_delivery`
--

INSERT INTO `startshop_delivery` (`ID`, `NAME`, `CODE`, `ACTIVE`, `PRICE`, `SID`, `SORT`) VALUES
(1, '', 'PICKUP', 'Y', 0, 's1', 100),
(2, '', 'COURIER', 'Y', 500, 's1', 200);

-- --------------------------------------------------------

--
-- Структура таблицы `startshop_delivery_language`
--

CREATE TABLE `startshop_delivery_language` (
  `DELIVERY` int(10) NOT NULL,
  `LID` varchar(2) NOT NULL,
  `NAME` varchar(255) DEFAULT NULL
) ENGINE=MyISAM DEFAULT CHARSET=utf8;

--
-- Дамп данных таблицы `startshop_delivery_language`
--

INSERT INTO `startshop_delivery_language` (`DELIVERY`, `LID`, `NAME`) VALUES
(1, 'ru', 'Самовывоз'),
(2, 'ru', 'Курьером');

-- --------------------------------------------------------

--
-- Структура таблицы `startshop_delivery_properties`
--

CREATE TABLE `startshop_delivery_properties` (
  `DELIVERY` int(10) NOT NULL,
  `PROPERTY` int(10) NOT NULL
) ENGINE=MyISAM DEFAULT CHARSET=utf8;

--
-- Дамп данных таблицы `startshop_delivery_properties`
--

INSERT INTO `startshop_delivery_properties` (`DELIVERY`, `PROPERTY`) VALUES
(1, 1);

-- --------------------------------------------------------

--
-- Структура таблицы `startshop_form`
--

CREATE TABLE `startshop_form` (
  `ID` bigint(20) NOT NULL,
  `CODE` varchar(255) NOT NULL,
  `SORT` int(11) NOT NULL DEFAULT '500',
  `USE_POST` varchar(1) NOT NULL DEFAULT 'N',
  `USE_CAPTCHA` varchar(1) DEFAULT 'N'
) ENGINE=MyISAM DEFAULT CHARSET=utf8;

--
-- Дамп данных таблицы `startshop_form`
--

INSERT INTO `startshop_form` (`ID`, `CODE`, `SORT`, `USE_POST`, `USE_CAPTCHA`) VALUES
(1, 'QUESTION_s1', 500, 'Y', 'Y'),
(2, 'FEEDBACK_s1', 500, 'Y', 'N'),
(3, 'CALL_s1', 500, 'Y', 'Y'),
(4, 'RESUME_s1', 500, 'Y', 'Y'),
(5, 'SERVICE_s1', 500, 'Y', 'N');

-- --------------------------------------------------------

--
-- Структура таблицы `startshop_form_language`
--

CREATE TABLE `startshop_form_language` (
  `FORM` bigint(20) NOT NULL,
  `LID` varchar(2) NOT NULL,
  `NAME` varchar(255) NOT NULL,
  `BUTTON` varchar(255) NOT NULL,
  `SENT` text NOT NULL
) ENGINE=MyISAM DEFAULT CHARSET=utf8;

--
-- Дамп данных таблицы `startshop_form_language`
--

INSERT INTO `startshop_form_language` (`FORM`, `LID`, `NAME`, `BUTTON`, `SENT`) VALUES
(1, 'ru', 'Задать вопрос', 'Задать вопрос', 'Спасибо! Ваш вопрос отправлен.'),
(2, 'ru', 'Обратная связь', 'Отправить', 'Спасибо, Ваша заявка отправлена!'),
(3, 'ru', 'Заказать звонок', 'Заказать звонок', 'Спасибо, Ваша заявка отправлена!'),
(4, 'ru', 'Отправить резюме', 'Отправить резюме', 'Спасибо, Ваше резюме отправлено!'),
(5, 'ru', 'Заказать услугу', 'Заказать услугу', 'Спасибо, Ваша заявка отправлена!');

-- --------------------------------------------------------

--
-- Структура таблицы `startshop_form_properties`
--

CREATE TABLE `startshop_form_properties` (
  `ID` bigint(20) NOT NULL,
  `CODE` varchar(255) NOT NULL,
  `FORM` bigint(20) NOT NULL,
  `SORT` int(11) NOT NULL DEFAULT '500',
  `ACTIVE` varchar(1) NOT NULL DEFAULT 'Y',
  `TYPE` tinyint(3) UNSIGNED NOT NULL DEFAULT '0',
  `REQUIRED` varchar(1) NOT NULL DEFAULT 'N',
  `READONLY` varchar(1) NOT NULL DEFAULT 'N',
  `DATA` text
) ENGINE=MyISAM DEFAULT CHARSET=utf8;

--
-- Дамп данных таблицы `startshop_form_properties`
--

INSERT INTO `startshop_form_properties` (`ID`, `CODE`, `FORM`, `SORT`, `ACTIVE`, `TYPE`, `REQUIRED`, `READONLY`, `DATA`) VALUES
(1, 'FIO', 1, 500, 'Y', 0, 'Y', 'N', ''),
(2, 'PHONE', 1, 500, 'Y', 0, 'Y', 'N', ''),
(3, 'EMAIL', 1, 500, 'Y', 0, 'Y', 'N', ''),
(4, 'NAME', 2, 500, 'Y', 0, 'N', 'N', ''),
(5, 'Phone', 2, 500, 'Y', 0, 'N', 'N', ''),
(6, 'EMAIL', 2, 500, 'Y', 0, 'Y', 'N', ''),
(7, 'MESSAGE', 2, 500, 'Y', 1, 'Y', 'N', ''),
(8, 'FIO', 3, 500, 'Y', 0, 'Y', 'N', ''),
(9, 'PHONE', 3, 500, 'Y', 0, 'Y', 'N', ''),
(10, 'FIO', 4, 500, 'Y', 0, 'Y', 'N', ''),
(11, 'PHONE', 4, 500, 'Y', 0, 'Y', 'N', ''),
(12, 'EMAIL', 4, 500, 'Y', 0, 'Y', 'N', ''),
(13, 'FEEDBACK_POST', 4, 500, 'Y', 0, 'Y', 'N', ''),
(14, 'TEXT', 4, 500, 'Y', 0, 'Y', 'N', ''),
(15, 'FIO', 5, 500, 'Y', 0, 'Y', 'N', ''),
(16, 'PHONE', 5, 500, 'Y', 0, 'Y', 'N', ''),
(17, 'EMAIL', 5, 500, 'Y', 0, 'Y', 'N', ''),
(18, 'FEEDBACK_SERVICE', 5, 500, 'Y', 0, 'Y', 'N', '');

-- --------------------------------------------------------

--
-- Структура таблицы `startshop_form_properties_language`
--

CREATE TABLE `startshop_form_properties_language` (
  `PROPERTY` bigint(20) NOT NULL,
  `LID` varchar(2) NOT NULL,
  `NAME` varchar(255) NOT NULL
) ENGINE=MyISAM DEFAULT CHARSET=utf8;

--
-- Дамп данных таблицы `startshop_form_properties_language`
--

INSERT INTO `startshop_form_properties_language` (`PROPERTY`, `LID`, `NAME`) VALUES
(1, 'ru', 'Ф.И.О.'),
(2, 'ru', 'Телефон'),
(3, 'ru', 'E-mail'),
(4, 'ru', 'Ваше имя'),
(5, 'ru', 'Контактный телефон'),
(6, 'ru', 'Электронная почта'),
(7, 'ru', 'Сообщение'),
(8, 'ru', 'Ф.И.О.'),
(9, 'ru', 'Телефон'),
(10, 'ru', 'Ф.И.О.'),
(11, 'ru', 'Телефон'),
(12, 'ru', 'E-mail'),
(13, 'ru', 'Желаемая должность'),
(14, 'ru', 'Текст резюме'),
(15, 'ru', 'Ф.И.О.'),
(16, 'ru', 'Телефон'),
(17, 'ru', 'E-mail'),
(18, 'ru', 'Название услуги');

-- --------------------------------------------------------

--
-- Структура таблицы `startshop_form_results`
--

CREATE TABLE `startshop_form_results` (
  `ID` bigint(20) NOT NULL,
  `FORM` bigint(20) NOT NULL,
  `DATE_CREATE` timestamp NOT NULL DEFAULT CURRENT_TIMESTAMP,
  `DATE_MODIFY` timestamp NOT NULL DEFAULT '0000-00-00 00:00:00'
) ENGINE=MyISAM DEFAULT CHARSET=utf8;

--
-- Дамп данных таблицы `startshop_form_results`
--

INSERT INTO `startshop_form_results` (`ID`, `FORM`, `DATE_CREATE`, `DATE_MODIFY`) VALUES
(1, 3, '2019-02-12 13:36:22', '2019-02-12 13:36:22'),
(2, 3, '2019-02-13 11:55:55', '2019-02-13 11:55:55'),
(3, 3, '2019-02-13 17:22:04', '2019-02-13 17:22:04'),
(4, 3, '2019-02-13 17:30:47', '2019-02-13 17:30:47'),
(5, 3, '2019-02-13 17:33:09', '2019-02-13 17:33:09'),
(6, 3, '2019-02-14 09:12:22', '2019-02-14 09:12:22'),
(7, 3, '2019-02-14 09:33:14', '2019-02-14 09:33:14'),
(8, 3, '2019-02-14 10:37:14', '2019-02-14 10:37:14'),
(9, 3, '2019-02-14 12:51:34', '2019-02-14 12:51:34'),
(10, 3, '2019-02-14 13:58:27', '2019-02-14 13:58:27'),
(11, 3, '2019-02-14 14:07:08', '2019-02-14 14:07:08'),
(12, 3, '2019-02-14 15:27:39', '2019-02-14 15:27:39'),
(13, 3, '2019-02-14 15:33:11', '2019-02-14 15:33:11'),
(14, 3, '2019-02-14 15:36:50', '2019-02-14 15:36:50'),
(15, 3, '2019-02-14 15:38:20', '2019-02-14 15:38:20'),
(16, 3, '2019-02-14 15:47:25', '2019-02-14 15:47:25'),
(17, 5, '2019-02-15 08:33:39', '2019-02-15 08:33:39'),
(18, 3, '2019-02-15 08:35:18', '2019-02-15 08:35:18'),
(19, 3, '2019-02-15 08:53:25', '2019-02-15 08:53:25'),
(20, 3, '2019-02-15 09:00:55', '2019-02-15 09:00:55'),
(21, 3, '2019-02-15 09:03:15', '2019-02-15 09:03:15'),
(22, 3, '2019-02-15 09:09:24', '2019-02-15 09:09:24'),
(23, 3, '2019-02-15 09:11:34', '2019-02-15 09:11:34'),
(24, 3, '2019-02-15 09:17:55', '2019-02-15 09:17:55'),
(25, 3, '2019-02-15 09:22:30', '2019-02-15 09:22:30'),
(26, 3, '2019-02-15 09:30:44', '2019-02-15 09:30:44'),
(27, 3, '2019-02-15 09:32:19', '2019-02-15 09:32:19'),
(28, 3, '2019-02-15 09:34:41', '2019-02-15 09:34:41'),
(29, 3, '2019-02-15 09:35:57', '2019-02-15 09:35:57'),
(30, 3, '2019-02-15 09:43:59', '2019-02-15 09:43:59'),
(31, 3, '2019-02-15 09:52:32', '2019-02-15 09:52:32'),
(32, 3, '2019-02-15 09:55:55', '2019-02-15 09:55:55'),
(33, 3, '2019-02-15 10:01:56', '2019-02-15 10:01:56'),
(34, 3, '2019-02-15 10:04:38', '2019-02-15 10:04:38'),
(35, 3, '2019-02-15 10:15:43', '2019-02-15 10:15:43'),
(36, 3, '2019-02-15 10:20:22', '2019-02-15 10:20:22'),
(37, 3, '2019-02-15 10:24:26', '2019-02-15 10:24:26'),
(38, 3, '2019-02-15 10:27:56', '2019-02-15 10:27:56'),
(39, 3, '2019-02-15 10:45:03', '2019-02-15 10:45:03'),
(40, 3, '2019-02-15 10:45:31', '2019-02-15 10:45:31'),
(41, 3, '2019-02-15 10:54:06', '2019-02-15 10:54:06'),
(42, 3, '2019-02-15 10:55:17', '2019-02-15 10:55:17'),
(43, 3, '2019-02-15 10:56:50', '2019-02-15 10:56:50'),
(44, 3, '2019-02-15 11:00:13', '2019-02-15 11:00:13'),
(45, 3, '2019-02-15 11:08:04', '2019-02-15 11:08:04'),
(46, 3, '2019-02-15 11:08:38', '2019-02-15 11:08:38'),
(47, 3, '2019-02-15 11:11:37', '2019-02-15 11:11:37'),
(48, 3, '2019-02-15 13:29:11', '2019-02-15 13:29:11'),
(49, 5, '2019-02-18 13:53:55', '2019-02-18 13:53:55'),
(50, 5, '2019-02-18 14:03:42', '2019-02-18 14:03:42'),
(51, 5, '2019-02-21 08:19:08', '2019-02-21 08:19:08'),
(52, 3, '2019-02-25 09:06:01', '2019-02-25 09:06:01'),
(53, 3, '2019-03-15 20:15:34', '2019-03-15 20:15:34'),
(54, 3, '2020-03-03 07:50:49', '2020-03-03 07:50:49');

-- --------------------------------------------------------

--
-- Структура таблицы `startshop_form_results_values`
--

CREATE TABLE `startshop_form_results_values` (
  `RESULT` bigint(20) NOT NULL,
  `PROPERTY` bigint(20) NOT NULL,
  `VALUE` text
) ENGINE=MyISAM DEFAULT CHARSET=utf8;

--
-- Дамп данных таблицы `startshop_form_results_values`
--

INSERT INTO `startshop_form_results_values` (`RESULT`, `PROPERTY`, `VALUE`) VALUES
(1, 8, 's:48:\"Соломатова Любовь Юрьевна\";'),
(1, 9, 's:11:\"89156612293\";'),
(2, 8, 's:48:\"Соломатова Любовь Юрьевна\";'),
(2, 9, 's:11:\"89156612293\";'),
(3, 8, 's:5:\"dfkmn\";'),
(3, 9, 's:10:\"9202373337\";'),
(4, 8, 's:5:\"dfkmn\";'),
(4, 9, 's:10:\"9202373337\";'),
(5, 8, 's:5:\"dfkmn\";'),
(5, 9, 's:10:\"9202373337\";'),
(6, 8, 's:48:\"Соломатова Любовь Юрьевна\";'),
(6, 9, 's:11:\"89156612293\";'),
(7, 8, 's:4:\"1111\";'),
(7, 9, 's:4:\"1111\";'),
(8, 8, 's:48:\"Соломатова Любовь Юрьевна\";'),
(8, 9, 's:11:\"89156612293\";'),
(9, 8, 's:48:\"Соломатова Любовь Юрьевна\";'),
(9, 9, 's:11:\"89156612293\";'),
(10, 8, 's:4:\"4234\";'),
(10, 9, 's:6:\"234234\";'),
(11, 8, 's:5:\"67567\";'),
(11, 9, 's:10:\"5645456546\";'),
(12, 8, 's:21:\"111111111111111111111\";'),
(12, 9, 's:17:\"11111111111111111\";'),
(13, 8, 's:17:\"22222222222222222\";'),
(13, 9, 's:15:\"222222222222222\";'),
(14, 8, 's:6:\"222222\";'),
(14, 9, 's:8:\"22222222\";'),
(15, 8, 's:13:\"2222222222222\";'),
(15, 9, 's:14:\"22222222222222\";'),
(16, 8, 's:4:\"4234\";'),
(16, 9, 's:10:\"9202373337\";'),
(17, 15, 's:48:\"Соломатова Любовь Юрьевна\";'),
(17, 16, 's:11:\"89156612293\";'),
(17, 17, 's:24:\"lib.solomatova@yandex.ru\";'),
(17, 18, 's:58:\"Техническая поддержка объектов\";'),
(18, 8, 's:48:\"Соломатова Любовь Юрьевна\";'),
(18, 9, 's:11:\"89156612293\";'),
(19, 8, 's:48:\"Соломатова Любовь Юрьевна\";'),
(19, 9, 's:11:\"89156612293\";'),
(20, 8, 's:48:\"Соломатова Любовь Юрьевна\";'),
(20, 9, 's:11:\"89156612293\";'),
(21, 8, 's:48:\"Соломатова Любовь Юрьевна\";'),
(21, 9, 's:11:\"89156612293\";'),
(22, 8, 's:3:\"hjl\";'),
(22, 9, 's:10:\"9202373337\";'),
(23, 8, 's:4:\"4234\";'),
(23, 9, 's:10:\"9202373337\";'),
(24, 8, 's:4:\"4234\";'),
(24, 9, 's:10:\"9202373337\";'),
(25, 8, 's:4:\"4234\";'),
(25, 9, 's:10:\"9202373337\";'),
(26, 8, 's:48:\"Соломатова Любовь Юрьевна\";'),
(26, 9, 's:11:\"89156612293\";'),
(27, 8, 's:4:\"4234\";'),
(27, 9, 's:10:\"9202373337\";'),
(28, 8, 's:4:\"4234\";'),
(28, 9, 's:10:\"9202373337\";'),
(29, 8, 's:4:\"4234\";'),
(29, 9, 's:10:\"9202373337\";'),
(30, 8, 's:48:\"Соломатова Любовь Юрьевна\";'),
(30, 9, 's:11:\"89156612293\";'),
(31, 8, 's:3:\"111\";'),
(31, 9, 's:3:\"111\";'),
(32, 8, 's:4:\"test\";'),
(32, 9, 's:4:\"test\";'),
(33, 8, 's:7:\"3123123\";'),
(33, 9, 's:6:\"123123\";'),
(34, 8, 's:7:\"4234234\";'),
(34, 9, 's:5:\"23434\";'),
(35, 8, 's:48:\"Соломатова Любовь Юрьевна\";'),
(35, 9, 's:11:\"89156612293\";'),
(36, 8, 's:5:\"42343\";'),
(36, 9, 's:7:\"4234234\";'),
(37, 8, 's:6:\"213123\";'),
(37, 9, 's:7:\"3123213\";'),
(38, 8, 's:5:\"13213\";'),
(38, 9, 's:6:\"123213\";'),
(39, 8, 's:6:\"123123\";'),
(39, 9, 's:6:\"123123\";'),
(40, 8, 's:7:\"dasdasd\";'),
(40, 9, 's:6:\"asdasd\";'),
(41, 8, 's:4:\"test\";'),
(41, 9, 's:4:\"test\";'),
(42, 8, 's:48:\"Соломатова Любовь Юрьевна\";'),
(42, 9, 's:11:\"89156612293\";'),
(43, 8, 's:10:\"test again\";'),
(43, 9, 's:10:\"test again\";'),
(44, 8, 's:4:\"4234\";'),
(44, 9, 's:6:\"456456\";'),
(45, 8, 's:48:\"Соломатова Любовь Юрьевна\";'),
(45, 9, 's:11:\"89156612293\";'),
(46, 8, 's:8:\"Серж\";'),
(46, 9, 's:11:\"89051223210\";'),
(47, 8, 's:48:\"Соломатова Любовь Юрьевна\";'),
(47, 9, 's:11:\"89156612293\";'),
(48, 8, 's:48:\"Соломатова Любовь Юрьевна\";'),
(48, 9, 's:11:\"89156612293\";'),
(49, 15, 's:4:\"4234\";'),
(49, 16, 's:10:\"9202373337\";'),
(49, 17, 's:22:\"milana23.123@gmail.com\";'),
(49, 18, 's:64:\"Монтаж / Установка видеонаблюдения\";'),
(50, 15, 's:4:\"4234\";'),
(50, 16, 's:10:\"9202373337\";'),
(50, 17, 's:22:\"milana23.123@gmail.com\";'),
(50, 18, 's:64:\"Монтаж / Установка видеонаблюдения\";'),
(51, 15, 's:48:\"Соломатова Любовь Юрьевна\";'),
(51, 16, 's:11:\"89156612293\";'),
(51, 17, 's:24:\"lib.solomatova@yandex.ru\";'),
(51, 18, 's:68:\"Обслуживание систем видеонаблюдения\";'),
(52, 8, 's:38:\"Иванов иван иванович\";'),
(52, 9, 's:11:\"89537067929\";'),
(53, 8, 's:12:\"Серёня\";'),
(53, 9, 's:11:\"89051223210\";'),
(54, 8, 's:5:\"52542\";'),
(54, 9, 's:6:\"452542\";');

-- --------------------------------------------------------

--
-- Структура таблицы `startshop_form_site`
--

CREATE TABLE `startshop_form_site` (
  `FORM` bigint(20) NOT NULL,
  `SID` varchar(2) NOT NULL
) ENGINE=InnoDB DEFAULT CHARSET=utf8;

--
-- Дамп данных таблицы `startshop_form_site`
--

INSERT INTO `startshop_form_site` (`FORM`, `SID`) VALUES
(1, 's1'),
(2, 's1'),
(3, 's1'),
(4, 's1'),
(5, 's1');

-- --------------------------------------------------------

--
-- Структура таблицы `startshop_order`
--

CREATE TABLE `startshop_order` (
  `ID` bigint(20) NOT NULL,
  `USER` bigint(20) DEFAULT NULL,
  `SID` varchar(2) NOT NULL,
  `DELIVERY` bigint(20) NOT NULL,
  `PAYMENT` bigint(20) NOT NULL,
  `STATUS` bigint(20) NOT NULL,
  `CURRENCY` varchar(255) NOT NULL,
  `PAYED` varchar(255) NOT NULL DEFAULT 'N',
  `DATE_CREATE` timestamp NOT NULL DEFAULT CURRENT_TIMESTAMP
) ENGINE=MyISAM DEFAULT CHARSET=utf8;

--
-- Дамп данных таблицы `startshop_order`
--

INSERT INTO `startshop_order` (`ID`, `USER`, `SID`, `DELIVERY`, `PAYMENT`, `STATUS`, `CURRENCY`, `PAYED`, `DATE_CREATE`) VALUES
(1, 1, 's1', 0, 0, 1, 'rub', 'N', '2019-01-24 09:56:02'),
(2, NULL, 's1', 0, 0, 0, '', 'N', '2019-02-14 09:13:48'),
(3, NULL, 's1', 0, 0, 0, '', 'N', '2019-02-14 12:52:04'),
(4, 1, 's1', 0, 0, 1, 'rub', 'N', '2019-02-14 14:10:10'),
(5, NULL, 's1', 0, 0, 0, '', 'N', '2019-02-14 15:40:35'),
(6, 1, 's1', 0, 0, 1, 'rub', 'N', '2019-02-14 15:43:20'),
(7, NULL, 's1', 0, 0, 0, '', 'N', '2019-02-14 15:44:05'),
(8, NULL, 's1', 0, 0, 0, '', 'N', '2019-02-14 15:49:35'),
(9, NULL, 's1', 0, 0, 0, '', 'N', '2019-02-15 06:20:18'),
(10, NULL, 's1', 0, 0, 1, 'rub', 'N', '2019-02-15 06:22:26'),
(11, NULL, 's1', 0, 0, 0, '', 'N', '2019-02-15 07:54:19'),
(12, 1, 's1', 0, 0, 1, 'rub', 'N', '2019-02-15 10:33:02'),
(13, 1, 's1', 0, 0, 1, 'rub', 'N', '2019-02-15 10:36:36'),
(14, 1, 's1', 0, 0, 1, 'rub', 'N', '2019-02-15 11:05:30'),
(15, NULL, 's1', 0, 0, 0, '', 'N', '2019-02-15 11:08:50'),
(16, NULL, 's1', 0, 0, 0, '', 'N', '2019-02-15 11:09:56'),
(17, 1, 's1', 0, 0, 1, 'rub', 'N', '2019-02-15 11:35:06'),
(18, 1, 's1', 0, 0, 1, 'rub', 'N', '2019-02-15 11:36:14'),
(19, NULL, 's1', 0, 0, 0, '', 'N', '2019-02-15 13:28:41'),
(20, NULL, 's1', 0, 0, 0, '', 'N', '2019-02-16 08:27:52'),
(21, NULL, 's1', 0, 0, 0, '', 'N', '2019-02-18 07:34:26'),
(22, NULL, 's1', 0, 0, 0, '', 'N', '2019-02-18 08:13:58'),
(23, NULL, 's1', 0, 0, 0, 'rub', 'N', '2019-02-18 09:25:27'),
(24, 1, 's1', 1, 1, 1, 'rub', 'N', '2019-02-18 11:53:58'),
(25, 1, 's1', 1, 1, 1, 'rub', 'N', '2019-02-18 11:57:44'),
(26, NULL, 's1', 1, 1, 1, 'rub', 'N', '2019-02-18 12:04:12'),
(27, NULL, 's1', 0, 0, 0, '', 'N', '2019-02-18 13:53:10'),
(28, NULL, 's1', 0, 0, 0, '', 'N', '2019-02-19 08:03:26'),
(29, NULL, 's1', 1, 1, 1, 'rub', 'N', '2019-02-19 08:33:48'),
(30, NULL, 's1', 0, 0, 0, '', 'N', '2019-02-21 06:47:55'),
(31, NULL, 's1', 0, 0, 0, '', 'N', '2019-02-21 07:55:29'),
(32, NULL, 's1', 0, 0, 0, '', 'N', '2019-02-21 07:55:48'),
(33, NULL, 's1', 0, 0, 0, '', 'N', '2019-02-21 07:56:22'),
(34, NULL, 's1', 0, 0, 0, '', 'N', '2019-02-21 07:57:26'),
(35, NULL, 's1', 1, 1, 1, 'rub', 'N', '2019-02-21 08:18:17'),
(36, NULL, 's1', 0, 0, 0, '', 'N', '2020-03-03 07:51:52'),
(37, NULL, 's1', 0, 0, 0, '', 'N', '2020-03-10 13:33:48'),
(38, NULL, 's1', 0, 0, 0, '', 'N', '2020-03-23 14:48:00'),
(39, NULL, 's1', 0, 0, 0, '', 'N', '2020-05-08 06:34:28');

-- --------------------------------------------------------

--
-- Структура таблицы `startshop_order_items`
--

CREATE TABLE `startshop_order_items` (
  `ORDER` bigint(20) NOT NULL,
  `ITEM` bigint(20) NOT NULL,
  `NAME` varchar(255) NOT NULL,
  `QUANTITY` float NOT NULL,
  `PRICE` float NOT NULL
) ENGINE=MyISAM DEFAULT CHARSET=utf8;

--
-- Дамп данных таблицы `startshop_order_items`
--

INSERT INTO `startshop_order_items` (`ORDER`, `ITEM`, `NAME`, `QUANTITY`, `PRICE`) VALUES
(1, 143, 'Apple iPhone 5S 32Gb', 1, 39000),
(2, 259, 'PX-AHD-BH30-H50FS, f=2.8мм, 5.0Мп*20к/с', 1, 3400),
(3, 259, 'PX-AHD-BH30-H50FS, f=2.8мм, 5.0Мп*20к/с', 1, 3400),
(4, 259, 'PX-AHD-BH30-H50FS, f=2.8мм, 5.0Мп*20к/с', 1, 3400),
(5, 259, 'PX-AHD-BH30-H50FS, f=2.8мм, 5.0Мп*20к/с', 1, 3400),
(6, 259, 'PX-AHD-BH30-H50FS, f=2.8мм, 5.0Мп*20к/с', 1, 3400),
(7, 259, 'PX-AHD-BH30-H50FS, f=2.8мм, 5.0Мп*20к/с', 1, 3400),
(9, 259, 'PX-AHD-BH30-H50FS, f=2.8мм, 5.0Мп*20к/с', 1, 3400),
(10, 261, 'IP видеокамера EVC-DL-S20-P/A/C, 2.0Мп, f=2.8мм, POE, microSD, аудио вход', 1, 4600),
(11, 259, 'PX-AHD-BH30-H50FS, f=2.8мм, 5.0Мп*20к/с', 1, 3400),
(12, 259, 'PX-AHD-BH30-H50FS, f=2.8мм, 5.0Мп*20к/с', 1, 3400),
(13, 259, 'PX-AHD-BH30-H50FS, f=2.8мм, 5.0Мп*20к/с', 1, 3400),
(14, 259, 'PX-AHD-BH30-H50FS, f=2.8мм, 5.0Мп*20к/с', 1, 3400),
(15, 259, 'PX-AHD-BH30-H50FS, f=2.8мм, 5.0Мп*20к/с', 1, 3400),
(17, 259, 'PX-AHD-BH30-H50FS, f=2.8мм, 5.0Мп*20к/с', 1, 3400),
(18, 262, 'IP видеокамера EVC-BH30-S20-P/C, 2.0Мп, f=3.6мм, POE, microSD', 1, 4600),
(19, 259, 'PX-AHD-BH30-H50FS, f=2.8мм, 5.0Мп*20к/с', 1, 3400),
(20, 282, 'EVW-AD1201C | Блок питания 12В 1А', 1, 400),
(21, 262, 'IP видеокамера EVC-BH30-S20-P/C, 2.0Мп, f=3.6мм, POE, microSD', 1, 4600),
(22, 259, 'PX-AHD-BH30-H50FS, f=2.8мм, 5.0Мп*20к/с', 1, 3400),
(23, 258, 'EVL-DN-H20F, f=2.8мм, 1080P', 1, 1900),
(24, 259, 'PX-AHD-BH30-H50FS, f=2.8мм, 5.0Мп*20к/с', 1, 3400),
(25, 259, 'PX-AHD-BH30-H50FS, f=2.8мм, 5.0Мп*20к/с', 1, 3400),
(26, 259, 'PX-AHD-BH30-H50FS, f=2.8мм, 5.0Мп*20к/с', 1, 3400),
(27, 257, 'PX-AHD-BH30-40V, 4Мп, f=2.8мм', 1, 3100),
(28, 259, 'PX-AHD-BH30-H50FS, f=2.8мм, 5.0Мп*20к/с', 1, 3400),
(29, 259, 'PX-AHD-BH30-H50FS, f=2.8мм, 5.0Мп*20к/с', 1, 3400),
(30, 262, 'IP видеокамера EVC-BH30-S20-P/C, 2.0Мп, f=3.6мм, POE, microSD', 1, 4600),
(31, 259, 'PX-AHD-BH30-H50FS, f=2.8мм, 5.0Мп*20к/с', 1, 3400),
(32, 259, 'PX-AHD-BH30-H50FS, f=2.8мм, 5.0Мп*20к/с', 1, 3400),
(35, 262, 'IP видеокамера EVC-BH30-S20-P/C, 2.0Мп, f=3.6мм, POE, microSD', 1, 4600),
(36, 294, 'Молоко ультрапаст. Тысяча Озер  2,5 % 0,975', 1, 103),
(37, 13108, 'ЧИ-ВА-Ва Мармелад карандаш Кислый микс 13гр', 1, 5.53),
(38, 22731, 'ЯЙЦО Со', 2, 42),
(39, 22731, 'ЯЙЦО Со', 3, 42);

-- --------------------------------------------------------

--
-- Структура таблицы `startshop_order_properties`
--

CREATE TABLE `startshop_order_properties` (
  `ID` bigint(20) NOT NULL,
  `CODE` varchar(255) NOT NULL,
  `SID` varchar(2) NOT NULL,
  `SORT` int(11) NOT NULL,
  `ACTIVE` varchar(1) DEFAULT 'Y',
  `REQUIRED` varchar(1) NOT NULL DEFAULT 'N',
  `TYPE` varchar(255) NOT NULL DEFAULT 'S',
  `SUBTYPE` varchar(255) NOT NULL,
  `DATA` text,
  `USER_FIELD` varchar(255) NOT NULL
) ENGINE=MyISAM DEFAULT CHARSET=utf8;

--
-- Дамп данных таблицы `startshop_order_properties`
--

INSERT INTO `startshop_order_properties` (`ID`, `CODE`, `SID`, `SORT`, `ACTIVE`, `REQUIRED`, `TYPE`, `SUBTYPE`, `DATA`, `USER_FIELD`) VALUES
(1, 'PICKUP', 's1', 100, 'Y', 'N', 'L', 'IBLOCK_ELEMENT', 'a:1:{s:9:\"IBLOCK_ID\";i:27;}', ''),
(2, 'ZIP', 's1', 350, 'Y', 'Y', 'S', '', '', 'PERSONAL_ZIP'),
(3, 'EMAIL', 's1', 400, 'Y', 'Y', 'S', '', '', 'EMAIL'),
(4, 'LAST_NAME', 's1', 100, 'Y', 'Y', 'S', '', '', 'LAST_NAME'),
(5, 'NAME', 's1', 200, 'Y', 'Y', 'S', '', '', 'NAME'),
(6, 'PHONE', 's1', 250, 'Y', 'Y', 'S', '', '', 'PERSONAL_PHONE'),
(7, 'COMMENT', 's1', 350, 'Y', 'N', 'S', '', '', ''),
(8, 'STATE', 's1', 500, 'Y', 'N', 'S', '', '', 'PERSONAL_STATE'),
(9, 'CITY', 's1', 600, 'Y', 'N', 'S', '', '', 'PERSONAL_CITY'),
(10, 'STREET', 's1', 700, 'Y', 'N', 'S', '', '', '');

-- --------------------------------------------------------

--
-- Структура таблицы `startshop_order_properties_language`
--

CREATE TABLE `startshop_order_properties_language` (
  `PROPERTY` bigint(20) NOT NULL,
  `LID` varchar(2) NOT NULL,
  `NAME` varchar(255) NOT NULL,
  `DESCRIPTION` text NOT NULL
) ENGINE=MyISAM DEFAULT CHARSET=utf8;

--
-- Дамп данных таблицы `startshop_order_properties_language`
--

INSERT INTO `startshop_order_properties_language` (`PROPERTY`, `LID`, `NAME`, `DESCRIPTION`) VALUES
(1, 'ru', 'Пункт самовывоза', ''),
(2, 'ru', 'Индекс', ''),
(3, 'ru', 'EMAIL', ''),
(4, 'ru', 'Фамилия', ''),
(5, 'ru', 'Имя', ''),
(6, 'ru', 'Телефон', ''),
(7, 'ru', 'Комментарий', ''),
(8, 'ru', 'Область', ''),
(9, 'ru', 'Город', ''),
(10, 'ru', 'Улица', '');

-- --------------------------------------------------------

--
-- Структура таблицы `startshop_order_properties_values`
--

CREATE TABLE `startshop_order_properties_values` (
  `ORDER` bigint(20) NOT NULL,
  `PROPERTY` bigint(20) NOT NULL,
  `VALUE` text
) ENGINE=MyISAM DEFAULT CHARSET=utf8;

--
-- Дамп данных таблицы `startshop_order_properties_values`
--

INSERT INTO `startshop_order_properties_values` (`ORDER`, `PROPERTY`, `VALUE`) VALUES
(1, 1, '0'),
(1, 4, '1'),
(1, 5, '1'),
(1, 6, '1'),
(1, 2, '1'),
(1, 7, ''),
(1, 3, 'milana-23.12@mail.ru'),
(1, 8, ''),
(1, 9, ''),
(1, 10, ''),
(2, 5, 'Любовь'),
(2, 6, '89156612293'),
(2, 7, ''),
(3, 5, 'Любовь'),
(3, 6, '89156612293'),
(3, 7, ''),
(4, 1, '248'),
(4, 4, '3545'),
(4, 5, '54345'),
(4, 6, '34545'),
(4, 2, '435345'),
(4, 7, ''),
(4, 3, 'milana-23.12@mail.ru'),
(4, 8, ''),
(4, 9, '345'),
(4, 10, ''),
(5, 5, 'ilivfyg'),
(5, 6, '86868453453'),
(5, 7, 'p=-=;p-='),
(6, 1, '0'),
(6, 4, '56353'),
(6, 5, 'trherht'),
(6, 6, '4563353'),
(6, 2, '4543486'),
(6, 7, ''),
(6, 3, 'milana-23.12@mail.ru'),
(6, 8, ''),
(6, 9, ''),
(6, 10, ''),
(7, 5, 'uili'),
(7, 6, '9202373337'),
(7, 7, 'iuo;'),
(8, 5, 'ilivfyg'),
(8, 6, '9202373337'),
(8, 7, ''),
(9, 5, 'Любовь'),
(9, 6, '89156612293'),
(9, 7, ''),
(10, 1, '248'),
(10, 4, 'Соломатова'),
(10, 5, 'Любовь'),
(10, 6, '89156612293'),
(10, 2, '393764'),
(10, 7, 'заказ камеры'),
(10, 3, 'lib.solomatova@yandex.ru'),
(10, 8, 'Тамбовская'),
(10, 9, 'Мичуринск'),
(10, 10, 'Красная'),
(11, 5, 'Любовь'),
(11, 6, '89156612293'),
(11, 7, ''),
(12, 1, '248'),
(12, 4, '3123'),
(12, 5, '213123'),
(12, 6, '213'),
(12, 2, '123123'),
(12, 7, ''),
(12, 3, 'mpv@internet.su'),
(12, 8, ''),
(12, 9, '1232'),
(12, 10, ''),
(13, 1, '248'),
(13, 4, '4235235'),
(13, 5, '545'),
(13, 6, '253235345'),
(13, 2, '6456456'),
(13, 7, ''),
(13, 3, 'mpv@internet.su'),
(13, 8, ''),
(13, 9, ''),
(13, 10, ''),
(14, 1, '248'),
(14, 4, '4234'),
(14, 5, '324234'),
(14, 6, '23434'),
(14, 2, '23434'),
(14, 7, ''),
(14, 3, 'mpv@internet.su'),
(14, 8, ''),
(14, 9, ''),
(14, 10, ''),
(15, 5, 'Любовь'),
(15, 6, '89156612293'),
(15, 7, 'заказ камеры'),
(16, 5, 'Любовь'),
(16, 6, '89156612293'),
(16, 7, ''),
(17, 1, '248'),
(17, 4, 'qwewqe'),
(17, 5, '423434'),
(17, 6, '234324'),
(17, 2, '23434'),
(17, 7, ''),
(17, 3, 'mpv@internet.su'),
(17, 8, ''),
(17, 9, ''),
(17, 10, ''),
(18, 1, '248'),
(18, 4, 'warawr'),
(18, 5, 'awrwr'),
(18, 6, 'awrwar'),
(18, 2, 'awrwr'),
(18, 7, ''),
(18, 3, 'milana-23.12@mail.ru'),
(18, 8, ''),
(18, 9, ''),
(18, 10, ''),
(19, 5, 'Любовь'),
(19, 6, '89156612293'),
(19, 7, ''),
(20, 5, 'Любовь'),
(20, 6, '89156612293'),
(20, 7, ''),
(21, 5, 'Любовь'),
(21, 6, '89156612293'),
(21, 7, ''),
(22, 5, 'ilivfyg'),
(22, 6, '9202373337'),
(22, 7, ''),
(23, 5, 'ilivfyg'),
(23, 6, '9202373337'),
(23, 7, ''),
(24, 4, '323134'),
(24, 5, '23123'),
(24, 6, '23434'),
(24, 2, '123213'),
(24, 7, ''),
(24, 3, 'mpv@internet.su'),
(24, 8, ''),
(24, 9, ''),
(24, 10, ''),
(24, 1, '0'),
(25, 4, '7567'),
(25, 5, '34545'),
(25, 6, '567567'),
(25, 2, '35345'),
(25, 7, ''),
(25, 3, 'mpv@internet.su'),
(25, 8, ''),
(25, 9, ''),
(25, 10, ''),
(25, 1, '0'),
(26, 4, '546456'),
(26, 5, '45656'),
(26, 6, '45656'),
(26, 2, '546'),
(26, 7, ''),
(26, 3, 'mpv@internet.su'),
(26, 8, ''),
(26, 9, ''),
(26, 10, ''),
(26, 1, '0'),
(27, 5, 'ilivfyg'),
(27, 6, '9202373337'),
(27, 7, ''),
(28, 5, 'Любовь'),
(28, 6, '89156612293'),
(28, 7, ''),
(29, 4, 'Соломатова'),
(29, 5, 'Любовь'),
(29, 6, '89156612293'),
(29, 2, '393764'),
(29, 7, 'заказ камеры'),
(29, 3, 'lib.solomatova@yandex.ru'),
(29, 8, 'Тамбовская'),
(29, 9, 'Мичуринск'),
(29, 10, 'Красная'),
(29, 1, '0'),
(30, 5, 'Любовь'),
(30, 6, '89156612293'),
(30, 7, ''),
(31, 5, 'Любовь'),
(31, 6, '89156612293'),
(31, 7, ''),
(32, 5, 'ilivfyg'),
(32, 6, '9202373337'),
(32, 7, ''),
(33, 5, 'Любовь'),
(33, 6, '89156612293'),
(33, 7, ''),
(34, 5, 'Любовь'),
(34, 6, '89156612293'),
(34, 7, ''),
(35, 4, 'Соломатова'),
(35, 5, 'Любовь'),
(35, 6, '89156612293'),
(35, 2, '393764'),
(35, 7, 'заказ камеры'),
(35, 3, 'lib.solomatova@yandex.ru'),
(35, 8, 'Тамбовская'),
(35, 9, 'Мичуринск'),
(35, 10, 'Красная'),
(35, 1, '0'),
(36, 5, '2412'),
(36, 6, '4245242'),
(36, 7, '4242'),
(37, 5, '2412'),
(37, 6, '456345463'),
(37, 7, '7852785252'),
(38, 5, '12'),
(38, 6, '12'),
(38, 7, '12222'),
(39, 5, '2412'),
(39, 6, '4245242'),
(39, 7, '7857');

-- --------------------------------------------------------

--
-- Структура таблицы `startshop_order_statuses`
--

CREATE TABLE `startshop_order_statuses` (
  `ID` bigint(20) NOT NULL,
  `SID` varchar(2) NOT NULL,
  `CODE` varchar(255) NOT NULL,
  `SORT` int(11) NOT NULL DEFAULT '500',
  `CAN_PAY` varchar(1) NOT NULL DEFAULT 'N',
  `DEFAULT` varchar(1) NOT NULL DEFAULT 'N'
) ENGINE=MyISAM DEFAULT CHARSET=utf8;

--
-- Дамп данных таблицы `startshop_order_statuses`
--

INSERT INTO `startshop_order_statuses` (`ID`, `SID`, `CODE`, `SORT`, `CAN_PAY`, `DEFAULT`) VALUES
(1, 's1', 'new', 100, 'N', 'Y'),
(2, 's1', 'accepted', 200, 'N', 'N'),
(3, 's1', 'compiled', 300, 'Y', 'N'),
(4, 's1', 'paid', 400, 'N', 'N'),
(5, 's1', 'shipped', 500, 'N', 'N');

-- --------------------------------------------------------

--
-- Структура таблицы `startshop_order_statuses_language`
--

CREATE TABLE `startshop_order_statuses_language` (
  `STATUS` bigint(20) NOT NULL,
  `LID` varchar(2) NOT NULL,
  `NAME` varchar(255) NOT NULL
) ENGINE=MyISAM DEFAULT CHARSET=utf8;

--
-- Дамп данных таблицы `startshop_order_statuses_language`
--

INSERT INTO `startshop_order_statuses_language` (`STATUS`, `LID`, `NAME`) VALUES
(1, 'ru', 'Новый'),
(2, 'ru', 'Принят'),
(3, 'ru', 'Собран, ожидается оплата'),
(4, 'ru', 'Оплачен'),
(5, 'ru', 'Отгружен');

-- --------------------------------------------------------

--
-- Структура таблицы `startshop_payment`
--

CREATE TABLE `startshop_payment` (
  `ID` bigint(20) NOT NULL,
  `CODE` varchar(255) NOT NULL,
  `ACTIVE` varchar(1) NOT NULL DEFAULT 'Y',
  `SORT` int(11) NOT NULL DEFAULT '500',
  `HANDLER` varchar(255) NOT NULL,
  `CURRENCY` varchar(255) NOT NULL
) ENGINE=MyISAM DEFAULT CHARSET=utf8;

--
-- Дамп данных таблицы `startshop_payment`
--

INSERT INTO `startshop_payment` (`ID`, `CODE`, `ACTIVE`, `SORT`, `HANDLER`, `CURRENCY`) VALUES
(1, 'rk', 'Y', 100, 'robokassa', 'rub');

-- --------------------------------------------------------

--
-- Структура таблицы `startshop_payment_language`
--

CREATE TABLE `startshop_payment_language` (
  `PAYMENT` int(10) NOT NULL,
  `LID` varchar(2) NOT NULL,
  `NAME` varchar(255) NOT NULL
) ENGINE=MyISAM DEFAULT CHARSET=utf8;

--
-- Дамп данных таблицы `startshop_payment_language`
--

INSERT INTO `startshop_payment_language` (`PAYMENT`, `LID`, `NAME`) VALUES
(1, 'ru', 'Робокасса');

-- --------------------------------------------------------

--
-- Структура таблицы `startshop_payment_properties`
--

CREATE TABLE `startshop_payment_properties` (
  `PAYMENT` int(10) NOT NULL,
  `PROPERTY` varchar(255) NOT NULL,
  `VALUE` text
) ENGINE=MyISAM DEFAULT CHARSET=utf8;

-- --------------------------------------------------------

--
-- Структура таблицы `startshop_price`
--

CREATE TABLE `startshop_price` (
  `ID` int(10) NOT NULL,
  `CODE` varchar(255) NOT NULL,
  `ACTIVE` varchar(1) NOT NULL DEFAULT 'Y',
  `BASE` varchar(1) NOT NULL DEFAULT 'N',
  `SORT` int(10) DEFAULT '500'
) ENGINE=MyISAM DEFAULT CHARSET=utf8;

--
-- Дамп данных таблицы `startshop_price`
--

INSERT INTO `startshop_price` (`ID`, `CODE`, `ACTIVE`, `BASE`, `SORT`) VALUES
(1, 'BASE', 'Y', 'Y', 100);

-- --------------------------------------------------------

--
-- Структура таблицы `startshop_price_groups`
--

CREATE TABLE `startshop_price_groups` (
  `PRICE` int(10) NOT NULL,
  `GROUP` int(10) NOT NULL
) ENGINE=MyISAM DEFAULT CHARSET=utf8;

--
-- Дамп данных таблицы `startshop_price_groups`
--

INSERT INTO `startshop_price_groups` (`PRICE`, `GROUP`) VALUES
(1, 2);

-- --------------------------------------------------------

--
-- Структура таблицы `startshop_price_language`
--

CREATE TABLE `startshop_price_language` (
  `PRICE` int(10) NOT NULL,
  `LID` varchar(2) NOT NULL,
  `NAME` varchar(255) NOT NULL
) ENGINE=MyISAM DEFAULT CHARSET=utf8;

--
-- Дамп данных таблицы `startshop_price_language`
--

INSERT INTO `startshop_price_language` (`PRICE`, `LID`, `NAME`) VALUES
(1, 'ru', 'Розничная');

-- --------------------------------------------------------

--
-- Структура таблицы `startshop_rights`
--

CREATE TABLE `startshop_rights` (
  `GROUP` bigint(20) NOT NULL,
  `ACTION` varchar(80) NOT NULL,
  `RIGHT` varchar(20) NOT NULL
) ENGINE=MyISAM DEFAULT CHARSET=utf8;

--
-- Индексы сохранённых таблиц
--

--
-- Индексы таблицы `b_admin_notify`
--
ALTER TABLE `b_admin_notify`
  ADD PRIMARY KEY (`ID`),
  ADD KEY `IX_AD_TAG` (`TAG`);

--
-- Индексы таблицы `b_admin_notify_lang`
--
ALTER TABLE `b_admin_notify_lang`
  ADD PRIMARY KEY (`ID`),
  ADD UNIQUE KEY `IX_ADM_NTFY_LANG` (`NOTIFY_ID`,`LID`),
  ADD KEY `IX_ADM_NTFY_LID` (`LID`);

--
-- Индексы таблицы `b_agent`
--
ALTER TABLE `b_agent`
  ADD PRIMARY KEY (`ID`),
  ADD KEY `ix_act_next_exec` (`ACTIVE`,`NEXT_EXEC`),
  ADD KEY `ix_agent_user_id` (`USER_ID`),
  ADD KEY `ix_agent_name` (`NAME`(100));

--
-- Индексы таблицы `b_app_password`
--
ALTER TABLE `b_app_password`
  ADD PRIMARY KEY (`ID`),
  ADD KEY `ix_app_password_user` (`USER_ID`);

--
-- Индексы таблицы `b_b24connector_buttons`
--
ALTER TABLE `b_b24connector_buttons`
  ADD PRIMARY KEY (`ID`);

--
-- Индексы таблицы `b_bitrixcloud_option`
--
ALTER TABLE `b_bitrixcloud_option`
  ADD PRIMARY KEY (`ID`),
  ADD KEY `ix_b_bitrixcloud_option_1` (`NAME`);

--
-- Индексы таблицы `b_cache_tag`
--
ALTER TABLE `b_cache_tag`
  ADD KEY `ix_b_cache_tag_0` (`SITE_ID`,`CACHE_SALT`,`RELATIVE_PATH`(50)),
  ADD KEY `ix_b_cache_tag_1` (`TAG`);

--
-- Индексы таблицы `b_captcha`
--
ALTER TABLE `b_captcha`
  ADD UNIQUE KEY `UX_B_CAPTCHA` (`ID`);

--
-- Индексы таблицы `b_checklist`
--
ALTER TABLE `b_checklist`
  ADD PRIMARY KEY (`ID`);

--
-- Индексы таблицы `b_clouds_file_bucket`
--
ALTER TABLE `b_clouds_file_bucket`
  ADD PRIMARY KEY (`ID`);

--
-- Индексы таблицы `b_clouds_file_resize`
--
ALTER TABLE `b_clouds_file_resize`
  ADD PRIMARY KEY (`ID`),
  ADD KEY `ix_b_file_resize_ts` (`TIMESTAMP_X`),
  ADD KEY `ix_b_file_resize_path` (`TO_PATH`(100)),
  ADD KEY `ix_b_file_resize_file` (`FILE_ID`);

--
-- Индексы таблицы `b_clouds_file_upload`
--
ALTER TABLE `b_clouds_file_upload`
  ADD PRIMARY KEY (`ID`);

--
-- Индексы таблицы `b_component_params`
--
ALTER TABLE `b_component_params`
  ADD PRIMARY KEY (`ID`),
  ADD KEY `ix_comp_params_name` (`COMPONENT_NAME`),
  ADD KEY `ix_comp_params_path` (`SITE_ID`,`REAL_PATH`),
  ADD KEY `ix_comp_params_sname` (`SITE_ID`,`COMPONENT_NAME`);

--
-- Индексы таблицы `b_composite_log`
--
ALTER TABLE `b_composite_log`
  ADD PRIMARY KEY (`ID`),
  ADD KEY `IX_B_COMPOSITE_LOG_PAGE_ID` (`PAGE_ID`),
  ADD KEY `IX_B_COMPOSITE_LOG_HOST` (`HOST`),
  ADD KEY `IX_B_COMPOSITE_LOG_TYPE` (`TYPE`);

--
-- Индексы таблицы `b_composite_page`
--
ALTER TABLE `b_composite_page`
  ADD PRIMARY KEY (`ID`),
  ADD KEY `IX_B_COMPOSITE_PAGE_CACHE_KEY` (`CACHE_KEY`(100)),
  ADD KEY `IX_B_COMPOSITE_PAGE_VIEWED` (`LAST_VIEWED`),
  ADD KEY `IX_B_COMPOSITE_PAGE_HOST` (`HOST`);

--
-- Индексы таблицы `b_consent_agreement`
--
ALTER TABLE `b_consent_agreement`
  ADD PRIMARY KEY (`ID`),
  ADD KEY `IX_B_CONSENT_AGREEMENT_CODE` (`CODE`);

--
-- Индексы таблицы `b_consent_field`
--
ALTER TABLE `b_consent_field`
  ADD PRIMARY KEY (`ID`),
  ADD KEY `IX_B_CONSENT_FIELD_AG_ID` (`AGREEMENT_ID`);

--
-- Индексы таблицы `b_consent_user_consent`
--
ALTER TABLE `b_consent_user_consent`
  ADD PRIMARY KEY (`ID`),
  ADD KEY `IX_B_CONSENT_USER_CONSENT` (`AGREEMENT_ID`);

--
-- Индексы таблицы `b_counter_data`
--
ALTER TABLE `b_counter_data`
  ADD PRIMARY KEY (`ID`);

--
-- Индексы таблицы `b_culture`
--
ALTER TABLE `b_culture`
  ADD PRIMARY KEY (`ID`);

--
-- Индексы таблицы `b_event`
--
ALTER TABLE `b_event`
  ADD PRIMARY KEY (`ID`),
  ADD KEY `ix_success` (`SUCCESS_EXEC`),
  ADD KEY `ix_b_event_date_exec` (`DATE_EXEC`);

--
-- Индексы таблицы `b_event_attachment`
--
ALTER TABLE `b_event_attachment`
  ADD PRIMARY KEY (`EVENT_ID`,`FILE_ID`);

--
-- Индексы таблицы `b_event_log`
--
ALTER TABLE `b_event_log`
  ADD PRIMARY KEY (`ID`),
  ADD KEY `ix_b_event_log_time` (`TIMESTAMP_X`),
  ADD KEY `ix_b_event_log_audit_type` (`AUDIT_TYPE_ID`);

--
-- Индексы таблицы `b_event_message`
--
ALTER TABLE `b_event_message`
  ADD PRIMARY KEY (`ID`),
  ADD KEY `ix_b_event_message_name` (`EVENT_NAME`(50));

--
-- Индексы таблицы `b_event_message_attachment`
--
ALTER TABLE `b_event_message_attachment`
  ADD PRIMARY KEY (`EVENT_MESSAGE_ID`,`FILE_ID`);

--
-- Индексы таблицы `b_event_message_site`
--
ALTER TABLE `b_event_message_site`
  ADD PRIMARY KEY (`EVENT_MESSAGE_ID`,`SITE_ID`);

--
-- Индексы таблицы `b_event_type`
--
ALTER TABLE `b_event_type`
  ADD PRIMARY KEY (`ID`),
  ADD UNIQUE KEY `ux_1` (`EVENT_NAME`,`LID`);

--
-- Индексы таблицы `b_favorite`
--
ALTER TABLE `b_favorite`
  ADD PRIMARY KEY (`ID`);

--
-- Индексы таблицы `b_file`
--
ALTER TABLE `b_file`
  ADD PRIMARY KEY (`ID`),
  ADD KEY `IX_B_FILE_EXTERNAL_ID` (`EXTERNAL_ID`);

--
-- Индексы таблицы `b_file_preview`
--
ALTER TABLE `b_file_preview`
  ADD PRIMARY KEY (`ID`),
  ADD KEY `IX_B_FILE_PL_TOUCH` (`TOUCHED_AT`),
  ADD KEY `IX_B_FILE_PL_FILE` (`FILE_ID`);

--
-- Индексы таблицы `b_file_search`
--
ALTER TABLE `b_file_search`
  ADD PRIMARY KEY (`ID`);

--
-- Индексы таблицы `b_filters`
--
ALTER TABLE `b_filters`
  ADD PRIMARY KEY (`ID`);

--
-- Индексы таблицы `b_finder_dest`
--
ALTER TABLE `b_finder_dest`
  ADD PRIMARY KEY (`USER_ID`,`CODE`,`CONTEXT`),
  ADD KEY `IX_FINDER_DEST` (`CODE_TYPE`);

--
-- Индексы таблицы `b_geoip_handlers`
--
ALTER TABLE `b_geoip_handlers`
  ADD PRIMARY KEY (`ID`);

--
-- Индексы таблицы `b_group`
--
ALTER TABLE `b_group`
  ADD PRIMARY KEY (`ID`);

--
-- Индексы таблицы `b_group_collection_task`
--
ALTER TABLE `b_group_collection_task`
  ADD PRIMARY KEY (`GROUP_ID`,`TASK_ID`,`COLLECTION_ID`);

--
-- Индексы таблицы `b_group_subordinate`
--
ALTER TABLE `b_group_subordinate`
  ADD PRIMARY KEY (`ID`);

--
-- Индексы таблицы `b_group_task`
--
ALTER TABLE `b_group_task`
  ADD PRIMARY KEY (`GROUP_ID`,`TASK_ID`);

--
-- Индексы таблицы `b_hlblock_entity`
--
ALTER TABLE `b_hlblock_entity`
  ADD PRIMARY KEY (`ID`);

--
-- Индексы таблицы `b_hlblock_entity_rights`
--
ALTER TABLE `b_hlblock_entity_rights`
  ADD PRIMARY KEY (`ID`);

--
-- Индексы таблицы `b_hot_keys`
--
ALTER TABLE `b_hot_keys`
  ADD PRIMARY KEY (`ID`),
  ADD UNIQUE KEY `ix_b_hot_keys_co_u` (`CODE_ID`,`USER_ID`),
  ADD KEY `ix_hot_keys_code` (`CODE_ID`),
  ADD KEY `ix_hot_keys_user` (`USER_ID`);

--
-- Индексы таблицы `b_hot_keys_code`
--
ALTER TABLE `b_hot_keys_code`
  ADD PRIMARY KEY (`ID`),
  ADD KEY `ix_hot_keys_code_cn` (`CLASS_NAME`),
  ADD KEY `ix_hot_keys_code_url` (`URL`);

--
-- Индексы таблицы `b_iblock`
--
ALTER TABLE `b_iblock`
  ADD PRIMARY KEY (`ID`),
  ADD KEY `ix_iblock` (`IBLOCK_TYPE_ID`,`LID`,`ACTIVE`);

--
-- Индексы таблицы `b_iblock_12_index`
--
ALTER TABLE `b_iblock_12_index`
  ADD PRIMARY KEY (`SECTION_ID`,`FACET_ID`,`VALUE`,`VALUE_NUM`,`ELEMENT_ID`),
  ADD KEY `IX_b_iblock_12_index_0` (`SECTION_ID`,`FACET_ID`,`VALUE_NUM`,`VALUE`,`ELEMENT_ID`),
  ADD KEY `IX_b_iblock_12_index_1` (`ELEMENT_ID`,`SECTION_ID`,`FACET_ID`);

--
-- Индексы таблицы `b_iblock_12_index_val`
--
ALTER TABLE `b_iblock_12_index_val`
  ADD PRIMARY KEY (`ID`),
  ADD KEY `IX_b_iblock_12_index_val_0` (`VALUE`(200));

--
-- Индексы таблицы `b_iblock_cache`
--
ALTER TABLE `b_iblock_cache`
  ADD PRIMARY KEY (`CACHE_KEY`);

--
-- Индексы таблицы `b_iblock_element`
--
ALTER TABLE `b_iblock_element`
  ADD PRIMARY KEY (`ID`),
  ADD KEY `ix_iblock_element_1` (`IBLOCK_ID`,`IBLOCK_SECTION_ID`),
  ADD KEY `ix_iblock_element_4` (`IBLOCK_ID`,`XML_ID`,`WF_PARENT_ELEMENT_ID`),
  ADD KEY `ix_iblock_element_3` (`WF_PARENT_ELEMENT_ID`),
  ADD KEY `ix_iblock_element_code` (`IBLOCK_ID`,`CODE`);

--
-- Индексы таблицы `b_iblock_element_iprop`
--
ALTER TABLE `b_iblock_element_iprop`
  ADD PRIMARY KEY (`ELEMENT_ID`,`IPROP_ID`),
  ADD KEY `ix_b_iblock_element_iprop_0` (`IPROP_ID`),
  ADD KEY `ix_b_iblock_element_iprop_1` (`IBLOCK_ID`);

--
-- Индексы таблицы `b_iblock_element_lock`
--
ALTER TABLE `b_iblock_element_lock`
  ADD PRIMARY KEY (`IBLOCK_ELEMENT_ID`);

--
-- Индексы таблицы `b_iblock_element_property`
--
ALTER TABLE `b_iblock_element_property`
  ADD PRIMARY KEY (`ID`),
  ADD KEY `ix_iblock_element_property_1` (`IBLOCK_ELEMENT_ID`,`IBLOCK_PROPERTY_ID`),
  ADD KEY `ix_iblock_element_property_2` (`IBLOCK_PROPERTY_ID`),
  ADD KEY `ix_iblock_element_prop_enum` (`VALUE_ENUM`,`IBLOCK_PROPERTY_ID`),
  ADD KEY `ix_iblock_element_prop_num` (`VALUE_NUM`,`IBLOCK_PROPERTY_ID`);

--
-- Индексы таблицы `b_iblock_element_right`
--
ALTER TABLE `b_iblock_element_right`
  ADD PRIMARY KEY (`RIGHT_ID`,`ELEMENT_ID`,`SECTION_ID`),
  ADD KEY `ix_b_iblock_element_right_1` (`ELEMENT_ID`,`IBLOCK_ID`),
  ADD KEY `ix_b_iblock_element_right_2` (`IBLOCK_ID`,`RIGHT_ID`);

--
-- Индексы таблицы `b_iblock_fields`
--
ALTER TABLE `b_iblock_fields`
  ADD PRIMARY KEY (`IBLOCK_ID`,`FIELD_ID`);

--
-- Индексы таблицы `b_iblock_group`
--
ALTER TABLE `b_iblock_group`
  ADD UNIQUE KEY `ux_iblock_group_1` (`IBLOCK_ID`,`GROUP_ID`);

--
-- Индексы таблицы `b_iblock_iblock_iprop`
--
ALTER TABLE `b_iblock_iblock_iprop`
  ADD PRIMARY KEY (`IBLOCK_ID`,`IPROP_ID`),
  ADD KEY `ix_b_iblock_iblock_iprop_0` (`IPROP_ID`);

--
-- Индексы таблицы `b_iblock_iproperty`
--
ALTER TABLE `b_iblock_iproperty`
  ADD PRIMARY KEY (`ID`),
  ADD KEY `ix_b_iblock_iprop_0` (`IBLOCK_ID`,`ENTITY_TYPE`,`ENTITY_ID`);

--
-- Индексы таблицы `b_iblock_messages`
--
ALTER TABLE `b_iblock_messages`
  ADD PRIMARY KEY (`IBLOCK_ID`,`MESSAGE_ID`);

--
-- Индексы таблицы `b_iblock_offers_tmp`
--
ALTER TABLE `b_iblock_offers_tmp`
  ADD PRIMARY KEY (`ID`);

--
-- Индексы таблицы `b_iblock_property`
--
ALTER TABLE `b_iblock_property`
  ADD PRIMARY KEY (`ID`),
  ADD KEY `ix_iblock_property_1` (`IBLOCK_ID`),
  ADD KEY `ix_iblock_property_3` (`LINK_IBLOCK_ID`),
  ADD KEY `ix_iblock_property_2` (`CODE`);

--
-- Индексы таблицы `b_iblock_property_enum`
--
ALTER TABLE `b_iblock_property_enum`
  ADD PRIMARY KEY (`ID`),
  ADD UNIQUE KEY `ux_iblock_property_enum` (`PROPERTY_ID`,`XML_ID`);

--
-- Индексы таблицы `b_iblock_property_feature`
--
ALTER TABLE `b_iblock_property_feature`
  ADD PRIMARY KEY (`ID`),
  ADD UNIQUE KEY `ix_iblock_property_feature` (`PROPERTY_ID`,`MODULE_ID`,`FEATURE_ID`);

--
-- Индексы таблицы `b_iblock_right`
--
ALTER TABLE `b_iblock_right`
  ADD PRIMARY KEY (`ID`),
  ADD KEY `ix_b_iblock_right_iblock_id` (`IBLOCK_ID`,`ENTITY_TYPE`,`ENTITY_ID`),
  ADD KEY `ix_b_iblock_right_group_code` (`GROUP_CODE`,`IBLOCK_ID`),
  ADD KEY `ix_b_iblock_right_entity` (`ENTITY_ID`,`ENTITY_TYPE`),
  ADD KEY `ix_b_iblock_right_op_eread` (`ID`,`OP_EREAD`,`GROUP_CODE`),
  ADD KEY `ix_b_iblock_right_op_sread` (`ID`,`OP_SREAD`,`GROUP_CODE`),
  ADD KEY `ix_b_iblock_right_task_id` (`TASK_ID`);

--
-- Индексы таблицы `b_iblock_rss`
--
ALTER TABLE `b_iblock_rss`
  ADD PRIMARY KEY (`ID`);

--
-- Индексы таблицы `b_iblock_section`
--
ALTER TABLE `b_iblock_section`
  ADD PRIMARY KEY (`ID`),
  ADD KEY `ix_iblock_section_1` (`IBLOCK_ID`,`IBLOCK_SECTION_ID`),
  ADD KEY `ix_iblock_section_depth_level` (`IBLOCK_ID`,`DEPTH_LEVEL`),
  ADD KEY `ix_iblock_section_left_margin` (`IBLOCK_ID`,`LEFT_MARGIN`,`RIGHT_MARGIN`),
  ADD KEY `ix_iblock_section_right_margin` (`IBLOCK_ID`,`RIGHT_MARGIN`,`LEFT_MARGIN`),
  ADD KEY `ix_iblock_section_code` (`IBLOCK_ID`,`CODE`);

--
-- Индексы таблицы `b_iblock_section_element`
--
ALTER TABLE `b_iblock_section_element`
  ADD UNIQUE KEY `ux_iblock_section_element` (`IBLOCK_SECTION_ID`,`IBLOCK_ELEMENT_ID`,`ADDITIONAL_PROPERTY_ID`),
  ADD KEY `UX_IBLOCK_SECTION_ELEMENT2` (`IBLOCK_ELEMENT_ID`);

--
-- Индексы таблицы `b_iblock_section_iprop`
--
ALTER TABLE `b_iblock_section_iprop`
  ADD PRIMARY KEY (`SECTION_ID`,`IPROP_ID`),
  ADD KEY `ix_b_iblock_section_iprop_0` (`IPROP_ID`),
  ADD KEY `ix_b_iblock_section_iprop_1` (`IBLOCK_ID`);

--
-- Индексы таблицы `b_iblock_section_property`
--
ALTER TABLE `b_iblock_section_property`
  ADD PRIMARY KEY (`IBLOCK_ID`,`SECTION_ID`,`PROPERTY_ID`),
  ADD KEY `ix_b_iblock_section_property_1` (`PROPERTY_ID`),
  ADD KEY `ix_b_iblock_section_property_2` (`SECTION_ID`);

--
-- Индексы таблицы `b_iblock_section_right`
--
ALTER TABLE `b_iblock_section_right`
  ADD PRIMARY KEY (`RIGHT_ID`,`SECTION_ID`),
  ADD KEY `ix_b_iblock_section_right_1` (`SECTION_ID`,`IBLOCK_ID`),
  ADD KEY `ix_b_iblock_section_right_2` (`IBLOCK_ID`,`RIGHT_ID`);

--
-- Индексы таблицы `b_iblock_sequence`
--
ALTER TABLE `b_iblock_sequence`
  ADD PRIMARY KEY (`IBLOCK_ID`,`CODE`);

--
-- Индексы таблицы `b_iblock_site`
--
ALTER TABLE `b_iblock_site`
  ADD PRIMARY KEY (`IBLOCK_ID`,`SITE_ID`);

--
-- Индексы таблицы `b_iblock_type`
--
ALTER TABLE `b_iblock_type`
  ADD PRIMARY KEY (`ID`);

--
-- Индексы таблицы `b_landing`
--
ALTER TABLE `b_landing`
  ADD PRIMARY KEY (`ID`),
  ADD KEY `IX_B_LAND_CODE` (`CODE`),
  ADD KEY `IX_B_LAND_ACTIVE` (`ACTIVE`),
  ADD KEY `IX_B_LAND_DELETED` (`DELETED`),
  ADD KEY `IX_B_LAND_XML_ID` (`XML_ID`),
  ADD KEY `IX_B_LAND_SITEMAP` (`SITEMAP`),
  ADD KEY `IX_B_LAND_FOLDER` (`FOLDER`),
  ADD KEY `IX_B_LAND_FOLDER_ID` (`FOLDER_ID`);

--
-- Индексы таблицы `b_landing_block`
--
ALTER TABLE `b_landing_block`
  ADD PRIMARY KEY (`ID`),
  ADD KEY `IX_B_BLOCK_LID` (`LID`),
  ADD KEY `IX_B_BLOCK_CODE` (`CODE`),
  ADD KEY `IX_B_BLOCK_ACTIVE` (`ACTIVE`),
  ADD KEY `IX_B_BLOCK_PUBLIC` (`PUBLIC`),
  ADD KEY `IX_B_BLOCK_DELETED` (`DELETED`);

--
-- Индексы таблицы `b_landing_demo`
--
ALTER TABLE `b_landing_demo`
  ADD PRIMARY KEY (`ID`),
  ADD KEY `IX_B_DEMO_ACTIVE` (`ACTIVE`),
  ADD KEY `IX_B_DEMO_SHOW_IN_LIST` (`SHOW_IN_LIST`),
  ADD KEY `IX_B_DEMO_XML_ID` (`XML_ID`),
  ADD KEY `IX_B_DEMO_APP_CODE` (`APP_CODE`);

--
-- Индексы таблицы `b_landing_domain`
--
ALTER TABLE `b_landing_domain`
  ADD PRIMARY KEY (`ID`),
  ADD KEY `IX_B_DOMAIN_ACTIVE` (`ACTIVE`),
  ADD KEY `IX_B_DOMAIN_DOMAIN` (`DOMAIN`),
  ADD KEY `IX_B_DOMAIN_XML_ID` (`XML_ID`);

--
-- Индексы таблицы `b_landing_file`
--
ALTER TABLE `b_landing_file`
  ADD PRIMARY KEY (`ID`),
  ADD KEY `IX_ENTITY` (`ENTITY_ID`,`ENTITY_TYPE`),
  ADD KEY `IX_FILE` (`FILE_ID`);

--
-- Индексы таблицы `b_landing_hook_data`
--
ALTER TABLE `b_landing_hook_data`
  ADD PRIMARY KEY (`ID`),
  ADD KEY `K_ENTITY` (`ENTITY_ID`,`ENTITY_TYPE`);

--
-- Индексы таблицы `b_landing_manifest`
--
ALTER TABLE `b_landing_manifest`
  ADD PRIMARY KEY (`ID`),
  ADD UNIQUE KEY `IX_B_MANIFEST_CODE` (`CODE`);

--
-- Индексы таблицы `b_landing_placement`
--
ALTER TABLE `b_landing_placement`
  ADD PRIMARY KEY (`ID`);

--
-- Индексы таблицы `b_landing_repo`
--
ALTER TABLE `b_landing_repo`
  ADD PRIMARY KEY (`ID`),
  ADD KEY `IX_B_REPO_ACTIVE` (`ACTIVE`),
  ADD KEY `IX_B_REPO_XML_ID` (`XML_ID`),
  ADD KEY `IX_B_REPO_APP_CODE` (`APP_CODE`);

--
-- Индексы таблицы `b_landing_site`
--
ALTER TABLE `b_landing_site`
  ADD PRIMARY KEY (`ID`),
  ADD KEY `IX_B_SITE_CODE` (`CODE`),
  ADD KEY `IX_B_SITE_ACTIVE` (`ACTIVE`),
  ADD KEY `IX_B_SITE_DELETED` (`DELETED`),
  ADD KEY `IX_B_SITE_XML_ID` (`XML_ID`);

--
-- Индексы таблицы `b_landing_syspage`
--
ALTER TABLE `b_landing_syspage`
  ADD PRIMARY KEY (`ID`),
  ADD KEY `IX_SITE_ID` (`SITE_ID`),
  ADD KEY `IX_LANDING_ID` (`LANDING_ID`);

--
-- Индексы таблицы `b_landing_template`
--
ALTER TABLE `b_landing_template`
  ADD PRIMARY KEY (`ID`);

--
-- Индексы таблицы `b_landing_template_ref`
--
ALTER TABLE `b_landing_template_ref`
  ADD PRIMARY KEY (`ID`),
  ADD KEY `K_LANDING_ID` (`LANDING_ID`),
  ADD KEY `K_ENTITY` (`ENTITY_ID`,`ENTITY_TYPE`);

--
-- Индексы таблицы `b_lang`
--
ALTER TABLE `b_lang`
  ADD PRIMARY KEY (`LID`);

--
-- Индексы таблицы `b_language`
--
ALTER TABLE `b_language`
  ADD PRIMARY KEY (`LID`);

--
-- Индексы таблицы `b_lang_domain`
--
ALTER TABLE `b_lang_domain`
  ADD PRIMARY KEY (`LID`,`DOMAIN`);

--
-- Индексы таблицы `b_main_mail_blacklist`
--
ALTER TABLE `b_main_mail_blacklist`
  ADD PRIMARY KEY (`ID`),
  ADD UNIQUE KEY `UK_B_MAIN_MAIL_BLACKLIST_CODE` (`CODE`);

--
-- Индексы таблицы `b_main_mail_sender`
--
ALTER TABLE `b_main_mail_sender`
  ADD PRIMARY KEY (`ID`),
  ADD KEY `IX_B_MAIN_MAIL_SENDER_USER_ID` (`USER_ID`,`IS_CONFIRMED`,`IS_PUBLIC`);

--
-- Индексы таблицы `b_medialib_collection`
--
ALTER TABLE `b_medialib_collection`
  ADD PRIMARY KEY (`ID`);

--
-- Индексы таблицы `b_medialib_collection_item`
--
ALTER TABLE `b_medialib_collection_item`
  ADD PRIMARY KEY (`ITEM_ID`,`COLLECTION_ID`);

--
-- Индексы таблицы `b_medialib_item`
--
ALTER TABLE `b_medialib_item`
  ADD PRIMARY KEY (`ID`);

--
-- Индексы таблицы `b_medialib_type`
--
ALTER TABLE `b_medialib_type`
  ADD PRIMARY KEY (`ID`);

--
-- Индексы таблицы `b_messageservice_message`
--
ALTER TABLE `b_messageservice_message`
  ADD PRIMARY KEY (`ID`),
  ADD KEY `B_MESSAGESERVICE_MESSAGE_1` (`DATE_EXEC`),
  ADD KEY `B_MESSAGESERVICE_MESSAGE_2` (`SUCCESS_EXEC`),
  ADD KEY `B_MESSAGESERVICE_MESSAGE_3` (`SENDER_ID`,`EXTERNAL_ID`);

--
-- Индексы таблицы `b_messageservice_rest_app`
--
ALTER TABLE `b_messageservice_rest_app`
  ADD PRIMARY KEY (`ID`),
  ADD UNIQUE KEY `B_MESSAGESERVICE_REST_APP_1` (`APP_ID`,`CODE`);

--
-- Индексы таблицы `b_messageservice_rest_app_lang`
--
ALTER TABLE `b_messageservice_rest_app_lang`
  ADD PRIMARY KEY (`ID`);

--
-- Индексы таблицы `b_module`
--
ALTER TABLE `b_module`
  ADD PRIMARY KEY (`ID`);

--
-- Индексы таблицы `b_module_group`
--
ALTER TABLE `b_module_group`
  ADD PRIMARY KEY (`ID`),
  ADD UNIQUE KEY `UK_GROUP_MODULE` (`MODULE_ID`,`GROUP_ID`,`SITE_ID`);

--
-- Индексы таблицы `b_module_to_module`
--
ALTER TABLE `b_module_to_module`
  ADD PRIMARY KEY (`ID`),
  ADD KEY `ix_module_to_module` (`FROM_MODULE_ID`(20),`MESSAGE_ID`(20),`TO_MODULE_ID`(20),`TO_CLASS`(20),`TO_METHOD`(20));

--
-- Индексы таблицы `b_numerator`
--
ALTER TABLE `b_numerator`
  ADD PRIMARY KEY (`ID`);

--
-- Индексы таблицы `b_numerator_sequence`
--
ALTER TABLE `b_numerator_sequence`
  ADD PRIMARY KEY (`NUMERATOR_ID`,`KEY`);

--
-- Индексы таблицы `b_operation`
--
ALTER TABLE `b_operation`
  ADD PRIMARY KEY (`ID`);

--
-- Индексы таблицы `b_option`
--
ALTER TABLE `b_option`
  ADD UNIQUE KEY `ix_option` (`MODULE_ID`,`NAME`,`SITE_ID`),
  ADD KEY `ix_option_name` (`NAME`);

--
-- Индексы таблицы `b_perf_cache`
--
ALTER TABLE `b_perf_cache`
  ADD PRIMARY KEY (`ID`),
  ADD UNIQUE KEY `IX_B_PERF_CACHE_0` (`HIT_ID`,`NN`),
  ADD KEY `IX_B_PERF_CACHE_1` (`COMPONENT_ID`);

--
-- Индексы таблицы `b_perf_cluster`
--
ALTER TABLE `b_perf_cluster`
  ADD PRIMARY KEY (`ID`);

--
-- Индексы таблицы `b_perf_component`
--
ALTER TABLE `b_perf_component`
  ADD PRIMARY KEY (`ID`),
  ADD UNIQUE KEY `IX_B_PERF_COMPONENT_0` (`HIT_ID`,`NN`);

--
-- Индексы таблицы `b_perf_error`
--
ALTER TABLE `b_perf_error`
  ADD PRIMARY KEY (`ID`),
  ADD KEY `IX_B_PERF_ERROR_0` (`HIT_ID`);

--
-- Индексы таблицы `b_perf_history`
--
ALTER TABLE `b_perf_history`
  ADD PRIMARY KEY (`ID`);

--
-- Индексы таблицы `b_perf_hit`
--
ALTER TABLE `b_perf_hit`
  ADD PRIMARY KEY (`ID`),
  ADD KEY `IX_B_PERF_HIT_0` (`DATE_HIT`);

--
-- Индексы таблицы `b_perf_index_ban`
--
ALTER TABLE `b_perf_index_ban`
  ADD PRIMARY KEY (`ID`);

--
-- Индексы таблицы `b_perf_index_complete`
--
ALTER TABLE `b_perf_index_complete`
  ADD PRIMARY KEY (`ID`),
  ADD KEY `ix_b_perf_index_complete_0` (`TABLE_NAME`);

--
-- Индексы таблицы `b_perf_index_suggest`
--
ALTER TABLE `b_perf_index_suggest`
  ADD PRIMARY KEY (`ID`),
  ADD KEY `ix_b_perf_index_suggest_0` (`SQL_MD5`);

--
-- Индексы таблицы `b_perf_index_suggest_sql`
--
ALTER TABLE `b_perf_index_suggest_sql`
  ADD PRIMARY KEY (`SUGGEST_ID`,`SQL_ID`),
  ADD KEY `ix_b_perf_index_suggest_sql_0` (`SQL_ID`,`SUGGEST_ID`);

--
-- Индексы таблицы `b_perf_sql`
--
ALTER TABLE `b_perf_sql`
  ADD PRIMARY KEY (`ID`),
  ADD UNIQUE KEY `IX_B_PERF_SQL_0` (`HIT_ID`,`NN`),
  ADD KEY `IX_B_PERF_SQL_1` (`COMPONENT_ID`);

--
-- Индексы таблицы `b_perf_sql_backtrace`
--
ALTER TABLE `b_perf_sql_backtrace`
  ADD PRIMARY KEY (`SQL_ID`,`NN`);

--
-- Индексы таблицы `b_perf_tab_column_stat`
--
ALTER TABLE `b_perf_tab_column_stat`
  ADD PRIMARY KEY (`ID`),
  ADD KEY `ix_b_perf_tab_column_stat` (`TABLE_NAME`,`COLUMN_NAME`);

--
-- Индексы таблицы `b_perf_tab_stat`
--
ALTER TABLE `b_perf_tab_stat`
  ADD PRIMARY KEY (`TABLE_NAME`);

--
-- Индексы таблицы `b_perf_test`
--
ALTER TABLE `b_perf_test`
  ADD PRIMARY KEY (`ID`),
  ADD KEY `IX_B_PERF_TEST_0` (`REFERENCE_ID`);

--
-- Индексы таблицы `b_rating`
--
ALTER TABLE `b_rating`
  ADD PRIMARY KEY (`ID`);

--
-- Индексы таблицы `b_rating_component`
--
ALTER TABLE `b_rating_component`
  ADD PRIMARY KEY (`ID`),
  ADD KEY `IX_RATING_ID_1` (`RATING_ID`,`ACTIVE`,`NEXT_CALCULATION`);

--
-- Индексы таблицы `b_rating_component_results`
--
ALTER TABLE `b_rating_component_results`
  ADD PRIMARY KEY (`ID`),
  ADD KEY `IX_ENTITY_TYPE_ID` (`ENTITY_TYPE_ID`),
  ADD KEY `IX_COMPLEX_NAME` (`COMPLEX_NAME`),
  ADD KEY `IX_RATING_ID_2` (`RATING_ID`,`COMPLEX_NAME`);

--
-- Индексы таблицы `b_rating_results`
--
ALTER TABLE `b_rating_results`
  ADD PRIMARY KEY (`ID`),
  ADD KEY `IX_RATING_3` (`RATING_ID`,`ENTITY_TYPE_ID`,`ENTITY_ID`),
  ADD KEY `IX_RATING_4` (`RATING_ID`,`ENTITY_ID`);

--
-- Индексы таблицы `b_rating_rule`
--
ALTER TABLE `b_rating_rule`
  ADD PRIMARY KEY (`ID`);

--
-- Индексы таблицы `b_rating_rule_vetting`
--
ALTER TABLE `b_rating_rule_vetting`
  ADD PRIMARY KEY (`ID`),
  ADD KEY `RULE_ID` (`RULE_ID`,`ENTITY_TYPE_ID`,`ENTITY_ID`);

--
-- Индексы таблицы `b_rating_user`
--
ALTER TABLE `b_rating_user`
  ADD PRIMARY KEY (`ID`),
  ADD KEY `RATING_ID` (`RATING_ID`,`ENTITY_ID`),
  ADD KEY `IX_B_RAT_USER_2` (`ENTITY_ID`);

--
-- Индексы таблицы `b_rating_vote`
--
ALTER TABLE `b_rating_vote`
  ADD PRIMARY KEY (`ID`),
  ADD KEY `IX_RAT_VOTE_ID` (`RATING_VOTING_ID`,`USER_ID`),
  ADD KEY `IX_RAT_VOTE_ID_2` (`ENTITY_TYPE_ID`,`ENTITY_ID`,`USER_ID`),
  ADD KEY `IX_RAT_VOTE_ID_3` (`OWNER_ID`,`CREATED`),
  ADD KEY `IX_RAT_VOTE_ID_4` (`USER_ID`),
  ADD KEY `IX_RAT_VOTE_ID_5` (`CREATED`,`VALUE`),
  ADD KEY `IX_RAT_VOTE_ID_6` (`ACTIVE`),
  ADD KEY `IX_RAT_VOTE_ID_7` (`RATING_VOTING_ID`,`CREATED`),
  ADD KEY `IX_RAT_VOTE_ID_8` (`ENTITY_TYPE_ID`,`CREATED`),
  ADD KEY `IX_RAT_VOTE_ID_9` (`CREATED`,`USER_ID`);

--
-- Индексы таблицы `b_rating_vote_group`
--
ALTER TABLE `b_rating_vote_group`
  ADD PRIMARY KEY (`ID`),
  ADD KEY `RATING_ID` (`GROUP_ID`,`TYPE`);

--
-- Индексы таблицы `b_rating_voting`
--
ALTER TABLE `b_rating_voting`
  ADD PRIMARY KEY (`ID`),
  ADD KEY `IX_ENTITY_TYPE_ID_2` (`ENTITY_TYPE_ID`,`ENTITY_ID`,`ACTIVE`),
  ADD KEY `IX_ENTITY_TYPE_ID_4` (`TOTAL_VALUE`);

--
-- Индексы таблицы `b_rating_voting_prepare`
--
ALTER TABLE `b_rating_voting_prepare`
  ADD PRIMARY KEY (`ID`),
  ADD KEY `IX_RATING_VOTING_ID` (`RATING_VOTING_ID`);

--
-- Индексы таблицы `b_rating_voting_reaction`
--
ALTER TABLE `b_rating_voting_reaction`
  ADD PRIMARY KEY (`ENTITY_TYPE_ID`,`ENTITY_ID`,`REACTION`);

--
-- Индексы таблицы `b_rating_weight`
--
ALTER TABLE `b_rating_weight`
  ADD PRIMARY KEY (`ID`);

--
-- Индексы таблицы `b_rest_ap`
--
ALTER TABLE `b_rest_ap`
  ADD PRIMARY KEY (`ID`),
  ADD KEY `ix_b_rest_ap` (`USER_ID`,`PASSWORD`,`ACTIVE`);

--
-- Индексы таблицы `b_rest_app`
--
ALTER TABLE `b_rest_app`
  ADD PRIMARY KEY (`ID`),
  ADD UNIQUE KEY `ux_b_rest_app1` (`CLIENT_ID`);

--
-- Индексы таблицы `b_rest_app_lang`
--
ALTER TABLE `b_rest_app_lang`
  ADD PRIMARY KEY (`ID`),
  ADD UNIQUE KEY `ux_b_rest_app_lang1` (`APP_ID`,`LANGUAGE_ID`);

--
-- Индексы таблицы `b_rest_app_log`
--
ALTER TABLE `b_rest_app_log`
  ADD PRIMARY KEY (`ID`),
  ADD KEY `ix_b_rest_app_log1` (`APP_ID`);

--
-- Индексы таблицы `b_rest_ap_permission`
--
ALTER TABLE `b_rest_ap_permission`
  ADD PRIMARY KEY (`ID`),
  ADD UNIQUE KEY `ux_b_rest_ap_perm1` (`PASSWORD_ID`,`PERM`);

--
-- Индексы таблицы `b_rest_event`
--
ALTER TABLE `b_rest_event`
  ADD PRIMARY KEY (`ID`),
  ADD UNIQUE KEY `ux_b_rest_event_app_event` (`APP_ID`,`EVENT_NAME`(50),`EVENT_HANDLER`(180),`USER_ID`,`CONNECTOR_ID`(70)),
  ADD KEY `ix_b_rest_event_app_id` (`APP_ID`),
  ADD KEY `ix_b_rest_event_event_name` (`EVENT_NAME`);

--
-- Индексы таблицы `b_rest_event_offline`
--
ALTER TABLE `b_rest_event_offline`
  ADD PRIMARY KEY (`ID`),
  ADD UNIQUE KEY `ux_b_rest_event_offline1` (`MESSAGE_ID`(50),`APP_ID`,`CONNECTOR_ID`(100),`PROCESS_ID`(50)),
  ADD KEY `ix_b_rest_event_offline2` (`TIMESTAMP_X`);

--
-- Индексы таблицы `b_rest_log`
--
ALTER TABLE `b_rest_log`
  ADD PRIMARY KEY (`ID`);

--
-- Индексы таблицы `b_rest_placement`
--
ALTER TABLE `b_rest_placement`
  ADD PRIMARY KEY (`ID`),
  ADD UNIQUE KEY `ux_b_rest_placement1` (`APP_ID`,`PLACEMENT`(100),`PLACEMENT_HANDLER`(200)),
  ADD KEY `ix_b_rest_placement3` (`PLACEMENT`(100),`ADDITIONAL`(100));

--
-- Индексы таблицы `b_rest_stat`
--
ALTER TABLE `b_rest_stat`
  ADD PRIMARY KEY (`APP_ID`,`STAT_DATE`,`METHOD_ID`);

--
-- Индексы таблицы `b_rest_stat_method`
--
ALTER TABLE `b_rest_stat_method`
  ADD PRIMARY KEY (`ID`),
  ADD UNIQUE KEY `ux_b_rest_stat_method` (`NAME`);

--
-- Индексы таблицы `b_search_content`
--
ALTER TABLE `b_search_content`
  ADD PRIMARY KEY (`ID`),
  ADD UNIQUE KEY `UX_B_SEARCH_CONTENT` (`MODULE_ID`,`ITEM_ID`),
  ADD KEY `IX_B_SEARCH_CONTENT_1` (`MODULE_ID`,`PARAM1`(50),`PARAM2`(50)),
  ADD KEY `IX_B_SEARCH_CONTENT_2` (`ENTITY_ID`(50),`ENTITY_TYPE_ID`);

--
-- Индексы таблицы `b_search_content_freq`
--
ALTER TABLE `b_search_content_freq`
  ADD UNIQUE KEY `UX_B_SEARCH_CONTENT_FREQ` (`STEM`,`LANGUAGE_ID`,`SITE_ID`);

--
-- Индексы таблицы `b_search_content_param`
--
ALTER TABLE `b_search_content_param`
  ADD KEY `IX_B_SEARCH_CONTENT_PARAM` (`SEARCH_CONTENT_ID`,`PARAM_NAME`),
  ADD KEY `IX_B_SEARCH_CONTENT_PARAM_1` (`PARAM_NAME`,`PARAM_VALUE`(50),`SEARCH_CONTENT_ID`);

--
-- Индексы таблицы `b_search_content_right`
--
ALTER TABLE `b_search_content_right`
  ADD UNIQUE KEY `UX_B_SEARCH_CONTENT_RIGHT` (`SEARCH_CONTENT_ID`,`GROUP_CODE`);

--
-- Индексы таблицы `b_search_content_site`
--
ALTER TABLE `b_search_content_site`
  ADD PRIMARY KEY (`SEARCH_CONTENT_ID`,`SITE_ID`);

--
-- Индексы таблицы `b_search_content_stem`
--
ALTER TABLE `b_search_content_stem`
  ADD UNIQUE KEY `UX_B_SEARCH_CONTENT_STEM` (`STEM`,`LANGUAGE_ID`,`TF`,`PS`,`SEARCH_CONTENT_ID`),
  ADD KEY `IND_B_SEARCH_CONTENT_STEM` (`SEARCH_CONTENT_ID`);

--
-- Индексы таблицы `b_search_content_text`
--
ALTER TABLE `b_search_content_text`
  ADD PRIMARY KEY (`SEARCH_CONTENT_ID`);

--
-- Индексы таблицы `b_search_content_title`
--
ALTER TABLE `b_search_content_title`
  ADD UNIQUE KEY `UX_B_SEARCH_CONTENT_TITLE` (`SITE_ID`,`WORD`,`SEARCH_CONTENT_ID`,`POS`),
  ADD KEY `IND_B_SEARCH_CONTENT_TITLE` (`SEARCH_CONTENT_ID`);

--
-- Индексы таблицы `b_search_custom_rank`
--
ALTER TABLE `b_search_custom_rank`
  ADD PRIMARY KEY (`ID`),
  ADD KEY `IND_B_SEARCH_CUSTOM_RANK` (`SITE_ID`,`MODULE_ID`);

--
-- Индексы таблицы `b_search_phrase`
--
ALTER TABLE `b_search_phrase`
  ADD PRIMARY KEY (`ID`),
  ADD KEY `IND_PK_B_SEARCH_PHRASE_SESS_PH` (`SESSION_ID`,`PHRASE`(50)),
  ADD KEY `IND_PK_B_SEARCH_PHRASE_SESS_TG` (`SESSION_ID`,`TAGS`(50)),
  ADD KEY `IND_PK_B_SEARCH_PHRASE_TIME` (`TIMESTAMP_X`);

--
-- Индексы таблицы `b_search_stem`
--
ALTER TABLE `b_search_stem`
  ADD PRIMARY KEY (`ID`),
  ADD UNIQUE KEY `UX_B_SEARCH_STEM` (`STEM`);

--
-- Индексы таблицы `b_search_suggest`
--
ALTER TABLE `b_search_suggest`
  ADD PRIMARY KEY (`ID`),
  ADD KEY `IND_B_SEARCH_SUGGEST` (`FILTER_MD5`,`PHRASE`(50),`RATE`),
  ADD KEY `IND_B_SEARCH_SUGGEST_PHRASE` (`PHRASE`(50),`RATE`),
  ADD KEY `IND_B_SEARCH_SUGGEST_TIME` (`TIMESTAMP_X`);

--
-- Индексы таблицы `b_search_tags`
--
ALTER TABLE `b_search_tags`
  ADD PRIMARY KEY (`SEARCH_CONTENT_ID`,`SITE_ID`,`NAME`),
  ADD KEY `IX_B_SEARCH_TAGS_0` (`NAME`);

--
-- Индексы таблицы `b_search_user_right`
--
ALTER TABLE `b_search_user_right`
  ADD UNIQUE KEY `UX_B_SEARCH_USER_RIGHT` (`USER_ID`,`GROUP_CODE`);

--
-- Индексы таблицы `b_seo_adv_autolog`
--
ALTER TABLE `b_seo_adv_autolog`
  ADD PRIMARY KEY (`ID`),
  ADD KEY `ix_b_seo_adv_autolog1` (`ENGINE_ID`),
  ADD KEY `ix_b_seo_adv_autolog2` (`TIMESTAMP_X`);

--
-- Индексы таблицы `b_seo_adv_banner`
--
ALTER TABLE `b_seo_adv_banner`
  ADD PRIMARY KEY (`ID`),
  ADD UNIQUE KEY `ux_b_seo_adv_banner` (`ENGINE_ID`,`XML_ID`),
  ADD KEY `ix_b_seo_adv_banner1` (`CAMPAIGN_ID`),
  ADD KEY `ix_b_seo_adv_banner2` (`AUTO_QUANTITY_OFF`,`AUTO_QUANTITY_ON`);

--
-- Индексы таблицы `b_seo_adv_campaign`
--
ALTER TABLE `b_seo_adv_campaign`
  ADD PRIMARY KEY (`ID`),
  ADD UNIQUE KEY `ux_b_seo_adv_campaign` (`ENGINE_ID`,`XML_ID`);

--
-- Индексы таблицы `b_seo_adv_group`
--
ALTER TABLE `b_seo_adv_group`
  ADD PRIMARY KEY (`ID`),
  ADD UNIQUE KEY `ux_b_seo_adv_group` (`ENGINE_ID`,`XML_ID`),
  ADD KEY `ix_b_seo_adv_group1` (`CAMPAIGN_ID`);

--
-- Индексы таблицы `b_seo_adv_link`
--
ALTER TABLE `b_seo_adv_link`
  ADD PRIMARY KEY (`LINK_TYPE`,`LINK_ID`,`BANNER_ID`);

--
-- Индексы таблицы `b_seo_adv_log`
--
ALTER TABLE `b_seo_adv_log`
  ADD PRIMARY KEY (`ID`),
  ADD KEY `ix_b_seo_adv_log1` (`ENGINE_ID`),
  ADD KEY `ix_b_seo_adv_log2` (`TIMESTAMP_X`);

--
-- Индексы таблицы `b_seo_adv_order`
--
ALTER TABLE `b_seo_adv_order`
  ADD PRIMARY KEY (`ID`),
  ADD UNIQUE KEY `ux_b_seo_adv_order` (`ENGINE_ID`,`CAMPAIGN_ID`,`BANNER_ID`,`ORDER_ID`),
  ADD KEY `ix_b_seo_adv_order1` (`ORDER_ID`,`PROCESSED`);

--
-- Индексы таблицы `b_seo_adv_region`
--
ALTER TABLE `b_seo_adv_region`
  ADD PRIMARY KEY (`ID`),
  ADD UNIQUE KEY `ux_b_seo_adv_region` (`ENGINE_ID`,`XML_ID`),
  ADD KEY `ix_b_seo_adv_region1` (`PARENT_ID`);

--
-- Индексы таблицы `b_seo_keywords`
--
ALTER TABLE `b_seo_keywords`
  ADD PRIMARY KEY (`ID`),
  ADD KEY `ix_b_seo_keywords_url` (`URL`,`SITE_ID`);

--
-- Индексы таблицы `b_seo_search_engine`
--
ALTER TABLE `b_seo_search_engine`
  ADD PRIMARY KEY (`ID`),
  ADD UNIQUE KEY `ux_b_seo_search_engine_code` (`CODE`);

--
-- Индексы таблицы `b_seo_service_log`
--
ALTER TABLE `b_seo_service_log`
  ADD PRIMARY KEY (`ID`);

--
-- Индексы таблицы `b_seo_service_rtg_queue`
--
ALTER TABLE `b_seo_service_rtg_queue`
  ADD PRIMARY KEY (`ID`),
  ADD KEY `IX_B_SEO_SRV_RTG_QUEUE_1` (`ACTION`,`DATE_AUTO_REMOVE`),
  ADD KEY `IX_B_SEO_SRV_RTG_QUEUE_2` (`TYPE`,`ACTION`);

--
-- Индексы таблицы `b_seo_service_subscription`
--
ALTER TABLE `b_seo_service_subscription`
  ADD PRIMARY KEY (`ID`),
  ADD KEY `IX_B_SEO_SERVICE_SUB_1` (`TYPE`,`GROUP_ID`);

--
-- Индексы таблицы `b_seo_service_webhook`
--
ALTER TABLE `b_seo_service_webhook`
  ADD PRIMARY KEY (`ID`),
  ADD KEY `IX_B_SEO_SERVICE_WEBHOOK_1` (`TYPE`,`EXTERNAL_ID`);

--
-- Индексы таблицы `b_seo_sitemap`
--
ALTER TABLE `b_seo_sitemap`
  ADD PRIMARY KEY (`ID`);

--
-- Индексы таблицы `b_seo_sitemap_entity`
--
ALTER TABLE `b_seo_sitemap_entity`
  ADD PRIMARY KEY (`ID`),
  ADD KEY `ix_b_seo_sitemap_entity_1` (`ENTITY_TYPE`,`ENTITY_ID`),
  ADD KEY `ix_b_seo_sitemap_entity_2` (`SITEMAP_ID`);

--
-- Индексы таблицы `b_seo_sitemap_iblock`
--
ALTER TABLE `b_seo_sitemap_iblock`
  ADD PRIMARY KEY (`ID`),
  ADD KEY `ix_b_seo_sitemap_iblock_1` (`IBLOCK_ID`),
  ADD KEY `ix_b_seo_sitemap_iblock_2` (`SITEMAP_ID`);

--
-- Индексы таблицы `b_seo_sitemap_runtime`
--
ALTER TABLE `b_seo_sitemap_runtime`
  ADD PRIMARY KEY (`ID`),
  ADD KEY `ix_seo_sitemap_runtime1` (`PID`,`PROCESSED`,`ITEM_TYPE`,`ITEM_ID`);

--
-- Индексы таблицы `b_seo_yandex_direct_stat`
--
ALTER TABLE `b_seo_yandex_direct_stat`
  ADD PRIMARY KEY (`ID`),
  ADD UNIQUE KEY `ux_seo_yandex_direct_stat` (`BANNER_ID`,`DATE_DAY`),
  ADD KEY `ix_seo_yandex_direct_stat1` (`CAMPAIGN_ID`);

--
-- Индексы таблицы `b_short_uri`
--
ALTER TABLE `b_short_uri`
  ADD PRIMARY KEY (`ID`),
  ADD KEY `ux_b_short_uri_1` (`SHORT_URI_CRC`),
  ADD KEY `ux_b_short_uri_2` (`URI_CRC`);

--
-- Индексы таблицы `b_site_template`
--
ALTER TABLE `b_site_template`
  ADD PRIMARY KEY (`ID`),
  ADD KEY `ix_site_template_site` (`SITE_ID`);

--
-- Индексы таблицы `b_smile`
--
ALTER TABLE `b_smile`
  ADD PRIMARY KEY (`ID`);

--
-- Индексы таблицы `b_smile_lang`
--
ALTER TABLE `b_smile_lang`
  ADD PRIMARY KEY (`ID`),
  ADD UNIQUE KEY `UX_SMILE_SL` (`TYPE`,`SID`,`LID`);

--
-- Индексы таблицы `b_smile_set`
--
ALTER TABLE `b_smile_set`
  ADD PRIMARY KEY (`ID`);

--
-- Индексы таблицы `b_socialservices_ap`
--
ALTER TABLE `b_socialservices_ap`
  ADD PRIMARY KEY (`ID`),
  ADD KEY `ix_socialservices_ap1` (`USER_ID`,`DOMAIN`);

--
-- Индексы таблицы `b_socialservices_contact`
--
ALTER TABLE `b_socialservices_contact`
  ADD PRIMARY KEY (`ID`),
  ADD KEY `ix_b_socialservices_contact1` (`USER_ID`),
  ADD KEY `ix_b_socialservices_contact2` (`CONTACT_USER_ID`),
  ADD KEY `ix_b_socialservices_contact3` (`TIMESTAMP_X`),
  ADD KEY `ix_b_socialservices_contact4` (`LAST_AUTHORIZE`);

--
-- Индексы таблицы `b_socialservices_contact_connect`
--
ALTER TABLE `b_socialservices_contact_connect`
  ADD PRIMARY KEY (`ID`),
  ADD KEY `ix_b_socialservices_contact_connect1` (`CONTACT_ID`),
  ADD KEY `ix_b_socialservices_contact_connect2` (`LINK_ID`),
  ADD KEY `ix_b_socialservices_contact_connect3` (`LAST_AUTHORIZE`);

--
-- Индексы таблицы `b_socialservices_message`
--
ALTER TABLE `b_socialservices_message`
  ADD PRIMARY KEY (`ID`);

--
-- Индексы таблицы `b_socialservices_user`
--
ALTER TABLE `b_socialservices_user`
  ADD PRIMARY KEY (`ID`),
  ADD UNIQUE KEY `IX_B_SOCIALSERVICES_USER` (`XML_ID`,`EXTERNAL_AUTH_ID`),
  ADD KEY `IX_B_SOCIALSERVICES_US_1` (`USER_ID`),
  ADD KEY `IX_B_SOCIALSERVICES_US_3` (`LOGIN`);

--
-- Индексы таблицы `b_socialservices_user_link`
--
ALTER TABLE `b_socialservices_user_link`
  ADD PRIMARY KEY (`ID`),
  ADD KEY `ix_b_socialservices_user_link_5` (`SOCSERV_USER_ID`),
  ADD KEY `ix_b_socialservices_user_link_6` (`LINK_USER_ID`,`TIMESTAMP_X`),
  ADD KEY `ix_b_socialservices_user_link_7` (`LINK_UID`);

--
-- Индексы таблицы `b_sticker`
--
ALTER TABLE `b_sticker`
  ADD PRIMARY KEY (`ID`);

--
-- Индексы таблицы `b_sticker_group_task`
--
ALTER TABLE `b_sticker_group_task`
  ADD PRIMARY KEY (`GROUP_ID`,`TASK_ID`);

--
-- Индексы таблицы `b_task`
--
ALTER TABLE `b_task`
  ADD PRIMARY KEY (`ID`),
  ADD KEY `ix_task` (`MODULE_ID`,`BINDING`,`LETTER`,`SYS`);

--
-- Индексы таблицы `b_task_operation`
--
ALTER TABLE `b_task_operation`
  ADD PRIMARY KEY (`TASK_ID`,`OPERATION_ID`);

--
-- Индексы таблицы `b_undo`
--
ALTER TABLE `b_undo`
  ADD PRIMARY KEY (`ID`);

--
-- Индексы таблицы `b_urlpreview_metadata`
--
ALTER TABLE `b_urlpreview_metadata`
  ADD PRIMARY KEY (`ID`),
  ADD KEY `IX_URLPREVIEW_METADATA_URL` (`URL`(255));

--
-- Индексы таблицы `b_urlpreview_route`
--
ALTER TABLE `b_urlpreview_route`
  ADD PRIMARY KEY (`ID`),
  ADD UNIQUE KEY `UX_URLPREVIEW_ROUTE_ROUTE` (`ROUTE`(255));

--
-- Индексы таблицы `b_user`
--
ALTER TABLE `b_user`
  ADD PRIMARY KEY (`ID`),
  ADD UNIQUE KEY `ix_login` (`LOGIN`,`EXTERNAL_AUTH_ID`),
  ADD KEY `ix_b_user_email` (`EMAIL`),
  ADD KEY `ix_b_user_activity_date` (`LAST_ACTIVITY_DATE`),
  ADD KEY `IX_B_USER_XML_ID` (`XML_ID`);

--
-- Индексы таблицы `b_user_access`
--
ALTER TABLE `b_user_access`
  ADD KEY `ix_ua_user_provider` (`USER_ID`,`PROVIDER_ID`),
  ADD KEY `ix_ua_user_access` (`USER_ID`,`ACCESS_CODE`),
  ADD KEY `ix_ua_access` (`ACCESS_CODE`);

--
-- Индексы таблицы `b_user_access_check`
--
ALTER TABLE `b_user_access_check`
  ADD KEY `ix_uac_user_provider` (`USER_ID`,`PROVIDER_ID`);

--
-- Индексы таблицы `b_user_auth_action`
--
ALTER TABLE `b_user_auth_action`
  ADD PRIMARY KEY (`ID`),
  ADD KEY `ix_auth_action_user` (`USER_ID`,`PRIORITY`),
  ADD KEY `ix_auth_action_date` (`ACTION_DATE`);

--
-- Индексы таблицы `b_user_counter`
--
ALTER TABLE `b_user_counter`
  ADD PRIMARY KEY (`USER_ID`,`SITE_ID`,`CODE`),
  ADD KEY `ix_buc_tag` (`TAG`),
  ADD KEY `ix_buc_code` (`CODE`),
  ADD KEY `ix_buc_ts` (`TIMESTAMP_X`),
  ADD KEY `ix_buc_sent_userid` (`SENT`,`USER_ID`);

--
-- Индексы таблицы `b_user_digest`
--
ALTER TABLE `b_user_digest`
  ADD PRIMARY KEY (`USER_ID`);

--
-- Индексы таблицы `b_user_field`
--
ALTER TABLE `b_user_field`
  ADD PRIMARY KEY (`ID`),
  ADD UNIQUE KEY `ux_user_type_entity` (`ENTITY_ID`,`FIELD_NAME`);

--
-- Индексы таблицы `b_user_field_confirm`
--
ALTER TABLE `b_user_field_confirm`
  ADD PRIMARY KEY (`ID`),
  ADD KEY `ix_b_user_field_confirm1` (`USER_ID`,`CONFIRM_CODE`);

--
-- Индексы таблицы `b_user_field_enum`
--
ALTER TABLE `b_user_field_enum`
  ADD PRIMARY KEY (`ID`),
  ADD UNIQUE KEY `ux_user_field_enum` (`USER_FIELD_ID`,`XML_ID`);

--
-- Индексы таблицы `b_user_field_lang`
--
ALTER TABLE `b_user_field_lang`
  ADD PRIMARY KEY (`USER_FIELD_ID`,`LANGUAGE_ID`);

--
-- Индексы таблицы `b_user_group`
--
ALTER TABLE `b_user_group`
  ADD UNIQUE KEY `ix_user_group` (`USER_ID`,`GROUP_ID`),
  ADD KEY `ix_user_group_group` (`GROUP_ID`);

--
-- Индексы таблицы `b_user_hit_auth`
--
ALTER TABLE `b_user_hit_auth`
  ADD PRIMARY KEY (`ID`),
  ADD KEY `IX_USER_HIT_AUTH_1` (`HASH`),
  ADD KEY `IX_USER_HIT_AUTH_2` (`USER_ID`),
  ADD KEY `IX_USER_HIT_AUTH_3` (`TIMESTAMP_X`);

--
-- Индексы таблицы `b_user_index`
--
ALTER TABLE `b_user_index`
  ADD PRIMARY KEY (`USER_ID`);
ALTER TABLE `b_user_index` ADD FULLTEXT KEY `IXF_B_USER_INDEX_1` (`SEARCH_USER_CONTENT`);
ALTER TABLE `b_user_index` ADD FULLTEXT KEY `IXF_B_USER_INDEX_2` (`SEARCH_DEPARTMENT_CONTENT`);
ALTER TABLE `b_user_index` ADD FULLTEXT KEY `IXF_B_USER_INDEX_3` (`SEARCH_ADMIN_CONTENT`);

--
-- Индексы таблицы `b_user_option`
--
ALTER TABLE `b_user_option`
  ADD PRIMARY KEY (`ID`),
  ADD UNIQUE KEY `ux_user_category_name` (`USER_ID`,`CATEGORY`,`NAME`);

--
-- Индексы таблицы `b_user_profile_history`
--
ALTER TABLE `b_user_profile_history`
  ADD PRIMARY KEY (`ID`),
  ADD KEY `ix_profile_history_user` (`USER_ID`);

--
-- Индексы таблицы `b_user_profile_record`
--
ALTER TABLE `b_user_profile_record`
  ADD PRIMARY KEY (`ID`),
  ADD KEY `ix_profile_record_history_field` (`HISTORY_ID`,`FIELD`);

--
-- Индексы таблицы `b_user_stored_auth`
--
ALTER TABLE `b_user_stored_auth`
  ADD PRIMARY KEY (`ID`),
  ADD KEY `ux_user_hash` (`USER_ID`);

--
-- Индексы таблицы `b_xml_tree`
--
ALTER TABLE `b_xml_tree`
  ADD PRIMARY KEY (`ID`),
  ADD KEY `ix_b_xml_tree_parent` (`PARENT_ID`),
  ADD KEY `ix_b_xml_tree_left` (`LEFT_MARGIN`);

--
-- Индексы таблицы `eshop_color_reference`
--
ALTER TABLE `eshop_color_reference`
  ADD PRIMARY KEY (`ID`);

--
-- Индексы таблицы `startshop_catalog`
--
ALTER TABLE `startshop_catalog`
  ADD PRIMARY KEY (`IBLOCK`),
  ADD UNIQUE KEY `OFFERS` (`OFFERS_IBLOCK`,`IBLOCK`);

--
-- Индексы таблицы `startshop_catalog_properties`
--
ALTER TABLE `startshop_catalog_properties`
  ADD PRIMARY KEY (`CATALOG`,`PROPERTY`);

--
-- Индексы таблицы `startshop_currency`
--
ALTER TABLE `startshop_currency`
  ADD PRIMARY KEY (`ID`),
  ADD UNIQUE KEY `UNIQUE` (`CODE`);

--
-- Индексы таблицы `startshop_currency_format`
--
ALTER TABLE `startshop_currency_format`
  ADD PRIMARY KEY (`CURRENCY`,`LID`);

--
-- Индексы таблицы `startshop_currency_language`
--
ALTER TABLE `startshop_currency_language`
  ADD PRIMARY KEY (`CURRENCY`,`LID`);

--
-- Индексы таблицы `startshop_delivery`
--
ALTER TABLE `startshop_delivery`
  ADD PRIMARY KEY (`ID`),
  ADD UNIQUE KEY `UNIQUE` (`CODE`,`SID`);

--
-- Индексы таблицы `startshop_delivery_properties`
--
ALTER TABLE `startshop_delivery_properties`
  ADD PRIMARY KEY (`DELIVERY`,`PROPERTY`);

--
-- Индексы таблицы `startshop_form`
--
ALTER TABLE `startshop_form`
  ADD PRIMARY KEY (`ID`),
  ADD UNIQUE KEY `UNIQUE` (`CODE`);

--
-- Индексы таблицы `startshop_form_language`
--
ALTER TABLE `startshop_form_language`
  ADD PRIMARY KEY (`FORM`,`LID`);

--
-- Индексы таблицы `startshop_form_properties`
--
ALTER TABLE `startshop_form_properties`
  ADD PRIMARY KEY (`ID`),
  ADD UNIQUE KEY `UNIQUE` (`CODE`,`FORM`);

--
-- Индексы таблицы `startshop_form_properties_language`
--
ALTER TABLE `startshop_form_properties_language`
  ADD PRIMARY KEY (`PROPERTY`,`LID`);

--
-- Индексы таблицы `startshop_form_results`
--
ALTER TABLE `startshop_form_results`
  ADD PRIMARY KEY (`ID`);

--
-- Индексы таблицы `startshop_form_results_values`
--
ALTER TABLE `startshop_form_results_values`
  ADD PRIMARY KEY (`RESULT`,`PROPERTY`);

--
-- Индексы таблицы `startshop_form_site`
--
ALTER TABLE `startshop_form_site`
  ADD PRIMARY KEY (`FORM`,`SID`);

--
-- Индексы таблицы `startshop_order`
--
ALTER TABLE `startshop_order`
  ADD PRIMARY KEY (`ID`);

--
-- Индексы таблицы `startshop_order_items`
--
ALTER TABLE `startshop_order_items`
  ADD PRIMARY KEY (`ORDER`,`ITEM`);

--
-- Индексы таблицы `startshop_order_properties`
--
ALTER TABLE `startshop_order_properties`
  ADD PRIMARY KEY (`ID`),
  ADD UNIQUE KEY `UNIQUE` (`CODE`,`SID`);

--
-- Индексы таблицы `startshop_order_properties_language`
--
ALTER TABLE `startshop_order_properties_language`
  ADD PRIMARY KEY (`PROPERTY`,`LID`);

--
-- Индексы таблицы `startshop_order_properties_values`
--
ALTER TABLE `startshop_order_properties_values`
  ADD PRIMARY KEY (`ORDER`,`PROPERTY`);

--
-- Индексы таблицы `startshop_order_statuses`
--
ALTER TABLE `startshop_order_statuses`
  ADD PRIMARY KEY (`ID`),
  ADD UNIQUE KEY `UNIQUE` (`SID`,`CODE`);

--
-- Индексы таблицы `startshop_order_statuses_language`
--
ALTER TABLE `startshop_order_statuses_language`
  ADD PRIMARY KEY (`STATUS`,`LID`);

--
-- Индексы таблицы `startshop_payment`
--
ALTER TABLE `startshop_payment`
  ADD PRIMARY KEY (`ID`),
  ADD UNIQUE KEY `UNIQUE` (`CODE`);

--
-- Индексы таблицы `startshop_payment_language`
--
ALTER TABLE `startshop_payment_language`
  ADD PRIMARY KEY (`PAYMENT`,`LID`);

--
-- Индексы таблицы `startshop_payment_properties`
--
ALTER TABLE `startshop_payment_properties`
  ADD PRIMARY KEY (`PAYMENT`,`PROPERTY`);

--
-- Индексы таблицы `startshop_price`
--
ALTER TABLE `startshop_price`
  ADD PRIMARY KEY (`ID`),
  ADD UNIQUE KEY `UNIQUE` (`CODE`);

--
-- Индексы таблицы `startshop_price_groups`
--
ALTER TABLE `startshop_price_groups`
  ADD PRIMARY KEY (`PRICE`,`GROUP`);

--
-- Индексы таблицы `startshop_price_language`
--
ALTER TABLE `startshop_price_language`
  ADD PRIMARY KEY (`PRICE`,`LID`);

--
-- Индексы таблицы `startshop_rights`
--
ALTER TABLE `startshop_rights`
  ADD PRIMARY KEY (`GROUP`,`ACTION`,`RIGHT`);

--
-- AUTO_INCREMENT для сохранённых таблиц
--

--
-- AUTO_INCREMENT для таблицы `b_admin_notify`
--
ALTER TABLE `b_admin_notify`
  MODIFY `ID` int(18) NOT NULL AUTO_INCREMENT, AUTO_INCREMENT=383;

--
-- AUTO_INCREMENT для таблицы `b_admin_notify_lang`
--
ALTER TABLE `b_admin_notify_lang`
  MODIFY `ID` int(18) NOT NULL AUTO_INCREMENT;

--
-- AUTO_INCREMENT для таблицы `b_agent`
--
ALTER TABLE `b_agent`
  MODIFY `ID` int(18) NOT NULL AUTO_INCREMENT, AUTO_INCREMENT=407;

--
-- AUTO_INCREMENT для таблицы `b_app_password`
--
ALTER TABLE `b_app_password`
  MODIFY `ID` int(11) NOT NULL AUTO_INCREMENT;

--
-- AUTO_INCREMENT для таблицы `b_bitrixcloud_option`
--
ALTER TABLE `b_bitrixcloud_option`
  MODIFY `ID` int(11) NOT NULL AUTO_INCREMENT, AUTO_INCREMENT=5;

--
-- AUTO_INCREMENT для таблицы `b_checklist`
--
ALTER TABLE `b_checklist`
  MODIFY `ID` int(11) NOT NULL AUTO_INCREMENT;

--
-- AUTO_INCREMENT для таблицы `b_clouds_file_bucket`
--
ALTER TABLE `b_clouds_file_bucket`
  MODIFY `ID` int(11) NOT NULL AUTO_INCREMENT;

--
-- AUTO_INCREMENT для таблицы `b_clouds_file_resize`
--
ALTER TABLE `b_clouds_file_resize`
  MODIFY `ID` int(11) NOT NULL AUTO_INCREMENT;

--
-- AUTO_INCREMENT для таблицы `b_component_params`
--
ALTER TABLE `b_component_params`
  MODIFY `ID` int(11) NOT NULL AUTO_INCREMENT, AUTO_INCREMENT=431;

--
-- AUTO_INCREMENT для таблицы `b_composite_log`
--
ALTER TABLE `b_composite_log`
  MODIFY `ID` int(18) NOT NULL AUTO_INCREMENT;

--
-- AUTO_INCREMENT для таблицы `b_composite_page`
--
ALTER TABLE `b_composite_page`
  MODIFY `ID` int(18) NOT NULL AUTO_INCREMENT;

--
-- AUTO_INCREMENT для таблицы `b_consent_agreement`
--
ALTER TABLE `b_consent_agreement`
  MODIFY `ID` int(18) NOT NULL AUTO_INCREMENT;

--
-- AUTO_INCREMENT для таблицы `b_consent_field`
--
ALTER TABLE `b_consent_field`
  MODIFY `ID` int(18) NOT NULL AUTO_INCREMENT;

--
-- AUTO_INCREMENT для таблицы `b_consent_user_consent`
--
ALTER TABLE `b_consent_user_consent`
  MODIFY `ID` int(18) NOT NULL AUTO_INCREMENT;

--
-- AUTO_INCREMENT для таблицы `b_culture`
--
ALTER TABLE `b_culture`
  MODIFY `ID` int(11) NOT NULL AUTO_INCREMENT, AUTO_INCREMENT=3;

--
-- AUTO_INCREMENT для таблицы `b_event`
--
ALTER TABLE `b_event`
  MODIFY `ID` int(18) NOT NULL AUTO_INCREMENT, AUTO_INCREMENT=2;

--
-- AUTO_INCREMENT для таблицы `b_event_log`
--
ALTER TABLE `b_event_log`
  MODIFY `ID` int(18) NOT NULL AUTO_INCREMENT, AUTO_INCREMENT=720;

--
-- AUTO_INCREMENT для таблицы `b_event_message`
--
ALTER TABLE `b_event_message`
  MODIFY `ID` int(18) NOT NULL AUTO_INCREMENT, AUTO_INCREMENT=21;

--
-- AUTO_INCREMENT для таблицы `b_event_type`
--
ALTER TABLE `b_event_type`
  MODIFY `ID` int(18) NOT NULL AUTO_INCREMENT, AUTO_INCREMENT=35;

--
-- AUTO_INCREMENT для таблицы `b_favorite`
--
ALTER TABLE `b_favorite`
  MODIFY `ID` int(18) NOT NULL AUTO_INCREMENT;

--
-- AUTO_INCREMENT для таблицы `b_file`
--
ALTER TABLE `b_file`
  MODIFY `ID` int(18) NOT NULL AUTO_INCREMENT, AUTO_INCREMENT=71551;

--
-- AUTO_INCREMENT для таблицы `b_file_preview`
--
ALTER TABLE `b_file_preview`
  MODIFY `ID` int(18) NOT NULL AUTO_INCREMENT;

--
-- AUTO_INCREMENT для таблицы `b_file_search`
--
ALTER TABLE `b_file_search`
  MODIFY `ID` int(11) NOT NULL AUTO_INCREMENT;

--
-- AUTO_INCREMENT для таблицы `b_filters`
--
ALTER TABLE `b_filters`
  MODIFY `ID` int(18) NOT NULL AUTO_INCREMENT;

--
-- AUTO_INCREMENT для таблицы `b_geoip_handlers`
--
ALTER TABLE `b_geoip_handlers`
  MODIFY `ID` int(11) NOT NULL AUTO_INCREMENT, AUTO_INCREMENT=3;

--
-- AUTO_INCREMENT для таблицы `b_group`
--
ALTER TABLE `b_group`
  MODIFY `ID` int(18) NOT NULL AUTO_INCREMENT, AUTO_INCREMENT=7;

--
-- AUTO_INCREMENT для таблицы `b_hlblock_entity`
--
ALTER TABLE `b_hlblock_entity`
  MODIFY `ID` int(11) UNSIGNED NOT NULL AUTO_INCREMENT, AUTO_INCREMENT=2;

--
-- AUTO_INCREMENT для таблицы `b_hlblock_entity_rights`
--
ALTER TABLE `b_hlblock_entity_rights`
  MODIFY `ID` int(11) UNSIGNED NOT NULL AUTO_INCREMENT;

--
-- AUTO_INCREMENT для таблицы `b_hot_keys`
--
ALTER TABLE `b_hot_keys`
  MODIFY `ID` int(18) NOT NULL AUTO_INCREMENT, AUTO_INCREMENT=97;

--
-- AUTO_INCREMENT для таблицы `b_hot_keys_code`
--
ALTER TABLE `b_hot_keys_code`
  MODIFY `ID` int(18) NOT NULL AUTO_INCREMENT, AUTO_INCREMENT=140;

--
-- AUTO_INCREMENT для таблицы `b_iblock`
--
ALTER TABLE `b_iblock`
  MODIFY `ID` int(11) NOT NULL AUTO_INCREMENT, AUTO_INCREMENT=28;

--
-- AUTO_INCREMENT для таблицы `b_iblock_12_index_val`
--
ALTER TABLE `b_iblock_12_index_val`
  MODIFY `ID` int(11) NOT NULL AUTO_INCREMENT, AUTO_INCREMENT=66;

--
-- AUTO_INCREMENT для таблицы `b_iblock_element`
--
ALTER TABLE `b_iblock_element`
  MODIFY `ID` int(11) NOT NULL AUTO_INCREMENT, AUTO_INCREMENT=23246;

--
-- AUTO_INCREMENT для таблицы `b_iblock_element_property`
--
ALTER TABLE `b_iblock_element_property`
  MODIFY `ID` int(11) NOT NULL AUTO_INCREMENT, AUTO_INCREMENT=212843;

--
-- AUTO_INCREMENT для таблицы `b_iblock_iproperty`
--
ALTER TABLE `b_iblock_iproperty`
  MODIFY `ID` int(11) NOT NULL AUTO_INCREMENT, AUTO_INCREMENT=3;

--
-- AUTO_INCREMENT для таблицы `b_iblock_offers_tmp`
--
ALTER TABLE `b_iblock_offers_tmp`
  MODIFY `ID` int(11) UNSIGNED NOT NULL AUTO_INCREMENT;

--
-- AUTO_INCREMENT для таблицы `b_iblock_property`
--
ALTER TABLE `b_iblock_property`
  MODIFY `ID` int(11) NOT NULL AUTO_INCREMENT, AUTO_INCREMENT=139;

--
-- AUTO_INCREMENT для таблицы `b_iblock_property_enum`
--
ALTER TABLE `b_iblock_property_enum`
  MODIFY `ID` int(11) NOT NULL AUTO_INCREMENT, AUTO_INCREMENT=68;

--
-- AUTO_INCREMENT для таблицы `b_iblock_property_feature`
--
ALTER TABLE `b_iblock_property_feature`
  MODIFY `ID` int(11) NOT NULL AUTO_INCREMENT;

--
-- AUTO_INCREMENT для таблицы `b_iblock_right`
--
ALTER TABLE `b_iblock_right`
  MODIFY `ID` int(11) NOT NULL AUTO_INCREMENT;

--
-- AUTO_INCREMENT для таблицы `b_iblock_rss`
--
ALTER TABLE `b_iblock_rss`
  MODIFY `ID` int(11) NOT NULL AUTO_INCREMENT;

--
-- AUTO_INCREMENT для таблицы `b_iblock_section`
--
ALTER TABLE `b_iblock_section`
  MODIFY `ID` int(11) NOT NULL AUTO_INCREMENT, AUTO_INCREMENT=63;

--
-- AUTO_INCREMENT для таблицы `b_landing`
--
ALTER TABLE `b_landing`
  MODIFY `ID` int(18) NOT NULL AUTO_INCREMENT;

--
-- AUTO_INCREMENT для таблицы `b_landing_block`
--
ALTER TABLE `b_landing_block`
  MODIFY `ID` int(18) NOT NULL AUTO_INCREMENT;

--
-- AUTO_INCREMENT для таблицы `b_landing_demo`
--
ALTER TABLE `b_landing_demo`
  MODIFY `ID` int(18) NOT NULL AUTO_INCREMENT;

--
-- AUTO_INCREMENT для таблицы `b_landing_domain`
--
ALTER TABLE `b_landing_domain`
  MODIFY `ID` int(18) NOT NULL AUTO_INCREMENT, AUTO_INCREMENT=2;

--
-- AUTO_INCREMENT для таблицы `b_landing_file`
--
ALTER TABLE `b_landing_file`
  MODIFY `ID` int(18) NOT NULL AUTO_INCREMENT;

--
-- AUTO_INCREMENT для таблицы `b_landing_hook_data`
--
ALTER TABLE `b_landing_hook_data`
  MODIFY `ID` int(18) NOT NULL AUTO_INCREMENT;

--
-- AUTO_INCREMENT для таблицы `b_landing_manifest`
--
ALTER TABLE `b_landing_manifest`
  MODIFY `ID` int(18) NOT NULL AUTO_INCREMENT, AUTO_INCREMENT=264;

--
-- AUTO_INCREMENT для таблицы `b_landing_placement`
--
ALTER TABLE `b_landing_placement`
  MODIFY `ID` int(18) NOT NULL AUTO_INCREMENT;

--
-- AUTO_INCREMENT для таблицы `b_landing_repo`
--
ALTER TABLE `b_landing_repo`
  MODIFY `ID` int(18) NOT NULL AUTO_INCREMENT;

--
-- AUTO_INCREMENT для таблицы `b_landing_site`
--
ALTER TABLE `b_landing_site`
  MODIFY `ID` int(18) NOT NULL AUTO_INCREMENT, AUTO_INCREMENT=2;

--
-- AUTO_INCREMENT для таблицы `b_landing_syspage`
--
ALTER TABLE `b_landing_syspage`
  MODIFY `ID` int(18) NOT NULL AUTO_INCREMENT;

--
-- AUTO_INCREMENT для таблицы `b_landing_template`
--
ALTER TABLE `b_landing_template`
  MODIFY `ID` int(18) NOT NULL AUTO_INCREMENT, AUTO_INCREMENT=7;

--
-- AUTO_INCREMENT для таблицы `b_landing_template_ref`
--
ALTER TABLE `b_landing_template_ref`
  MODIFY `ID` int(18) NOT NULL AUTO_INCREMENT;

--
-- AUTO_INCREMENT для таблицы `b_main_mail_blacklist`
--
ALTER TABLE `b_main_mail_blacklist`
  MODIFY `ID` int(11) NOT NULL AUTO_INCREMENT;

--
-- AUTO_INCREMENT для таблицы `b_main_mail_sender`
--
ALTER TABLE `b_main_mail_sender`
  MODIFY `ID` int(11) NOT NULL AUTO_INCREMENT;

--
-- AUTO_INCREMENT для таблицы `b_medialib_collection`
--
ALTER TABLE `b_medialib_collection`
  MODIFY `ID` int(11) NOT NULL AUTO_INCREMENT, AUTO_INCREMENT=3;

--
-- AUTO_INCREMENT для таблицы `b_medialib_item`
--
ALTER TABLE `b_medialib_item`
  MODIFY `ID` int(11) NOT NULL AUTO_INCREMENT, AUTO_INCREMENT=38;

--
-- AUTO_INCREMENT для таблицы `b_medialib_type`
--
ALTER TABLE `b_medialib_type`
  MODIFY `ID` int(11) NOT NULL AUTO_INCREMENT, AUTO_INCREMENT=4;

--
-- AUTO_INCREMENT для таблицы `b_messageservice_message`
--
ALTER TABLE `b_messageservice_message`
  MODIFY `ID` int(18) NOT NULL AUTO_INCREMENT;

--
-- AUTO_INCREMENT для таблицы `b_messageservice_rest_app`
--
ALTER TABLE `b_messageservice_rest_app`
  MODIFY `ID` int(18) NOT NULL AUTO_INCREMENT;

--
-- AUTO_INCREMENT для таблицы `b_messageservice_rest_app_lang`
--
ALTER TABLE `b_messageservice_rest_app_lang`
  MODIFY `ID` int(18) NOT NULL AUTO_INCREMENT;

--
-- AUTO_INCREMENT для таблицы `b_module_group`
--
ALTER TABLE `b_module_group`
  MODIFY `ID` int(11) NOT NULL AUTO_INCREMENT, AUTO_INCREMENT=56;

--
-- AUTO_INCREMENT для таблицы `b_module_to_module`
--
ALTER TABLE `b_module_to_module`
  MODIFY `ID` int(11) NOT NULL AUTO_INCREMENT, AUTO_INCREMENT=202;

--
-- AUTO_INCREMENT для таблицы `b_numerator`
--
ALTER TABLE `b_numerator`
  MODIFY `ID` int(10) UNSIGNED NOT NULL AUTO_INCREMENT;

--
-- AUTO_INCREMENT для таблицы `b_operation`
--
ALTER TABLE `b_operation`
  MODIFY `ID` int(18) NOT NULL AUTO_INCREMENT, AUTO_INCREMENT=90;

--
-- AUTO_INCREMENT для таблицы `b_perf_cache`
--
ALTER TABLE `b_perf_cache`
  MODIFY `ID` int(18) NOT NULL AUTO_INCREMENT;

--
-- AUTO_INCREMENT для таблицы `b_perf_cluster`
--
ALTER TABLE `b_perf_cluster`
  MODIFY `ID` int(11) NOT NULL AUTO_INCREMENT;

--
-- AUTO_INCREMENT для таблицы `b_perf_component`
--
ALTER TABLE `b_perf_component`
  MODIFY `ID` int(18) NOT NULL AUTO_INCREMENT, AUTO_INCREMENT=34;

--
-- AUTO_INCREMENT для таблицы `b_perf_error`
--
ALTER TABLE `b_perf_error`
  MODIFY `ID` int(18) NOT NULL AUTO_INCREMENT;

--
-- AUTO_INCREMENT для таблицы `b_perf_history`
--
ALTER TABLE `b_perf_history`
  MODIFY `ID` int(18) NOT NULL AUTO_INCREMENT, AUTO_INCREMENT=2;

--
-- AUTO_INCREMENT для таблицы `b_perf_hit`
--
ALTER TABLE `b_perf_hit`
  MODIFY `ID` int(11) NOT NULL AUTO_INCREMENT, AUTO_INCREMENT=2;

--
-- AUTO_INCREMENT для таблицы `b_perf_index_ban`
--
ALTER TABLE `b_perf_index_ban`
  MODIFY `ID` int(11) NOT NULL AUTO_INCREMENT;

--
-- AUTO_INCREMENT для таблицы `b_perf_index_complete`
--
ALTER TABLE `b_perf_index_complete`
  MODIFY `ID` int(11) NOT NULL AUTO_INCREMENT;

--
-- AUTO_INCREMENT для таблицы `b_perf_index_suggest`
--
ALTER TABLE `b_perf_index_suggest`
  MODIFY `ID` int(11) NOT NULL AUTO_INCREMENT;

--
-- AUTO_INCREMENT для таблицы `b_perf_sql`
--
ALTER TABLE `b_perf_sql`
  MODIFY `ID` int(18) NOT NULL AUTO_INCREMENT, AUTO_INCREMENT=34;

--
-- AUTO_INCREMENT для таблицы `b_perf_tab_column_stat`
--
ALTER TABLE `b_perf_tab_column_stat`
  MODIFY `ID` int(11) NOT NULL AUTO_INCREMENT;

--
-- AUTO_INCREMENT для таблицы `b_perf_test`
--
ALTER TABLE `b_perf_test`
  MODIFY `ID` int(18) NOT NULL AUTO_INCREMENT, AUTO_INCREMENT=401;

--
-- AUTO_INCREMENT для таблицы `b_rating`
--
ALTER TABLE `b_rating`
  MODIFY `ID` int(11) NOT NULL AUTO_INCREMENT, AUTO_INCREMENT=3;

--
-- AUTO_INCREMENT для таблицы `b_rating_component`
--
ALTER TABLE `b_rating_component`
  MODIFY `ID` int(11) NOT NULL AUTO_INCREMENT;

--
-- AUTO_INCREMENT для таблицы `b_rating_component_results`
--
ALTER TABLE `b_rating_component_results`
  MODIFY `ID` int(11) NOT NULL AUTO_INCREMENT;

--
-- AUTO_INCREMENT для таблицы `b_rating_results`
--
ALTER TABLE `b_rating_results`
  MODIFY `ID` int(11) NOT NULL AUTO_INCREMENT;

--
-- AUTO_INCREMENT для таблицы `b_rating_rule`
--
ALTER TABLE `b_rating_rule`
  MODIFY `ID` int(11) NOT NULL AUTO_INCREMENT, AUTO_INCREMENT=6;

--
-- AUTO_INCREMENT для таблицы `b_rating_rule_vetting`
--
ALTER TABLE `b_rating_rule_vetting`
  MODIFY `ID` int(11) NOT NULL AUTO_INCREMENT;

--
-- AUTO_INCREMENT для таблицы `b_rating_user`
--
ALTER TABLE `b_rating_user`
  MODIFY `ID` int(11) NOT NULL AUTO_INCREMENT, AUTO_INCREMENT=8;

--
-- AUTO_INCREMENT для таблицы `b_rating_vote`
--
ALTER TABLE `b_rating_vote`
  MODIFY `ID` int(11) NOT NULL AUTO_INCREMENT;

--
-- AUTO_INCREMENT для таблицы `b_rating_vote_group`
--
ALTER TABLE `b_rating_vote_group`
  MODIFY `ID` int(11) NOT NULL AUTO_INCREMENT, AUTO_INCREMENT=7;

--
-- AUTO_INCREMENT для таблицы `b_rating_voting`
--
ALTER TABLE `b_rating_voting`
  MODIFY `ID` int(11) NOT NULL AUTO_INCREMENT;

--
-- AUTO_INCREMENT для таблицы `b_rating_voting_prepare`
--
ALTER TABLE `b_rating_voting_prepare`
  MODIFY `ID` int(11) NOT NULL AUTO_INCREMENT;

--
-- AUTO_INCREMENT для таблицы `b_rating_weight`
--
ALTER TABLE `b_rating_weight`
  MODIFY `ID` int(11) NOT NULL AUTO_INCREMENT, AUTO_INCREMENT=2;

--
-- AUTO_INCREMENT для таблицы `b_rest_ap`
--
ALTER TABLE `b_rest_ap`
  MODIFY `ID` int(11) NOT NULL AUTO_INCREMENT;

--
-- AUTO_INCREMENT для таблицы `b_rest_app`
--
ALTER TABLE `b_rest_app`
  MODIFY `ID` int(11) NOT NULL AUTO_INCREMENT;

--
-- AUTO_INCREMENT для таблицы `b_rest_app_lang`
--
ALTER TABLE `b_rest_app_lang`
  MODIFY `ID` int(11) NOT NULL AUTO_INCREMENT;

--
-- AUTO_INCREMENT для таблицы `b_rest_app_log`
--
ALTER TABLE `b_rest_app_log`
  MODIFY `ID` int(11) NOT NULL AUTO_INCREMENT;

--
-- AUTO_INCREMENT для таблицы `b_rest_ap_permission`
--
ALTER TABLE `b_rest_ap_permission`
  MODIFY `ID` int(11) NOT NULL AUTO_INCREMENT;

--
-- AUTO_INCREMENT для таблицы `b_rest_event`
--
ALTER TABLE `b_rest_event`
  MODIFY `ID` int(11) NOT NULL AUTO_INCREMENT;

--
-- AUTO_INCREMENT для таблицы `b_rest_event_offline`
--
ALTER TABLE `b_rest_event_offline`
  MODIFY `ID` int(11) NOT NULL AUTO_INCREMENT;

--
-- AUTO_INCREMENT для таблицы `b_rest_log`
--
ALTER TABLE `b_rest_log`
  MODIFY `ID` int(11) NOT NULL AUTO_INCREMENT;

--
-- AUTO_INCREMENT для таблицы `b_rest_placement`
--
ALTER TABLE `b_rest_placement`
  MODIFY `ID` int(11) NOT NULL AUTO_INCREMENT;

--
-- AUTO_INCREMENT для таблицы `b_rest_stat_method`
--
ALTER TABLE `b_rest_stat_method`
  MODIFY `ID` int(11) NOT NULL AUTO_INCREMENT;

--
-- AUTO_INCREMENT для таблицы `b_search_content`
--
ALTER TABLE `b_search_content`
  MODIFY `ID` int(11) NOT NULL AUTO_INCREMENT, AUTO_INCREMENT=17416;

--
-- AUTO_INCREMENT для таблицы `b_search_custom_rank`
--
ALTER TABLE `b_search_custom_rank`
  MODIFY `ID` int(11) NOT NULL AUTO_INCREMENT;

--
-- AUTO_INCREMENT для таблицы `b_search_phrase`
--
ALTER TABLE `b_search_phrase`
  MODIFY `ID` int(18) NOT NULL AUTO_INCREMENT, AUTO_INCREMENT=15;

--
-- AUTO_INCREMENT для таблицы `b_search_stem`
--
ALTER TABLE `b_search_stem`
  MODIFY `ID` int(11) NOT NULL AUTO_INCREMENT, AUTO_INCREMENT=8389;

--
-- AUTO_INCREMENT для таблицы `b_search_suggest`
--
ALTER TABLE `b_search_suggest`
  MODIFY `ID` int(11) NOT NULL AUTO_INCREMENT;

--
-- AUTO_INCREMENT для таблицы `b_seo_adv_autolog`
--
ALTER TABLE `b_seo_adv_autolog`
  MODIFY `ID` int(11) NOT NULL AUTO_INCREMENT;

--
-- AUTO_INCREMENT для таблицы `b_seo_adv_banner`
--
ALTER TABLE `b_seo_adv_banner`
  MODIFY `ID` int(11) NOT NULL AUTO_INCREMENT;

--
-- AUTO_INCREMENT для таблицы `b_seo_adv_campaign`
--
ALTER TABLE `b_seo_adv_campaign`
  MODIFY `ID` int(11) NOT NULL AUTO_INCREMENT;

--
-- AUTO_INCREMENT для таблицы `b_seo_adv_group`
--
ALTER TABLE `b_seo_adv_group`
  MODIFY `ID` int(11) NOT NULL AUTO_INCREMENT;

--
-- AUTO_INCREMENT для таблицы `b_seo_adv_log`
--
ALTER TABLE `b_seo_adv_log`
  MODIFY `ID` int(11) NOT NULL AUTO_INCREMENT;

--
-- AUTO_INCREMENT для таблицы `b_seo_adv_order`
--
ALTER TABLE `b_seo_adv_order`
  MODIFY `ID` int(11) NOT NULL AUTO_INCREMENT;

--
-- AUTO_INCREMENT для таблицы `b_seo_adv_region`
--
ALTER TABLE `b_seo_adv_region`
  MODIFY `ID` int(11) NOT NULL AUTO_INCREMENT;

--
-- AUTO_INCREMENT для таблицы `b_seo_keywords`
--
ALTER TABLE `b_seo_keywords`
  MODIFY `ID` int(11) NOT NULL AUTO_INCREMENT;

--
-- AUTO_INCREMENT для таблицы `b_seo_search_engine`
--
ALTER TABLE `b_seo_search_engine`
  MODIFY `ID` int(11) NOT NULL AUTO_INCREMENT, AUTO_INCREMENT=5;

--
-- AUTO_INCREMENT для таблицы `b_seo_service_log`
--
ALTER TABLE `b_seo_service_log`
  MODIFY `ID` int(11) NOT NULL AUTO_INCREMENT;

--
-- AUTO_INCREMENT для таблицы `b_seo_service_rtg_queue`
--
ALTER TABLE `b_seo_service_rtg_queue`
  MODIFY `ID` int(11) NOT NULL AUTO_INCREMENT;

--
-- AUTO_INCREMENT для таблицы `b_seo_service_subscription`
--
ALTER TABLE `b_seo_service_subscription`
  MODIFY `ID` int(11) NOT NULL AUTO_INCREMENT;

--
-- AUTO_INCREMENT для таблицы `b_seo_service_webhook`
--
ALTER TABLE `b_seo_service_webhook`
  MODIFY `ID` int(11) NOT NULL AUTO_INCREMENT;

--
-- AUTO_INCREMENT для таблицы `b_seo_sitemap`
--
ALTER TABLE `b_seo_sitemap`
  MODIFY `ID` int(11) NOT NULL AUTO_INCREMENT;

--
-- AUTO_INCREMENT для таблицы `b_seo_sitemap_entity`
--
ALTER TABLE `b_seo_sitemap_entity`
  MODIFY `ID` int(11) NOT NULL AUTO_INCREMENT;

--
-- AUTO_INCREMENT для таблицы `b_seo_sitemap_iblock`
--
ALTER TABLE `b_seo_sitemap_iblock`
  MODIFY `ID` int(11) NOT NULL AUTO_INCREMENT;

--
-- AUTO_INCREMENT для таблицы `b_seo_sitemap_runtime`
--
ALTER TABLE `b_seo_sitemap_runtime`
  MODIFY `ID` int(11) NOT NULL AUTO_INCREMENT;

--
-- AUTO_INCREMENT для таблицы `b_seo_yandex_direct_stat`
--
ALTER TABLE `b_seo_yandex_direct_stat`
  MODIFY `ID` int(18) NOT NULL AUTO_INCREMENT;

--
-- AUTO_INCREMENT для таблицы `b_short_uri`
--
ALTER TABLE `b_short_uri`
  MODIFY `ID` int(18) NOT NULL AUTO_INCREMENT;

--
-- AUTO_INCREMENT для таблицы `b_site_template`
--
ALTER TABLE `b_site_template`
  MODIFY `ID` int(11) NOT NULL AUTO_INCREMENT, AUTO_INCREMENT=6;

--
-- AUTO_INCREMENT для таблицы `b_smile`
--
ALTER TABLE `b_smile`
  MODIFY `ID` int(18) NOT NULL AUTO_INCREMENT, AUTO_INCREMENT=25;

--
-- AUTO_INCREMENT для таблицы `b_smile_lang`
--
ALTER TABLE `b_smile_lang`
  MODIFY `ID` int(18) NOT NULL AUTO_INCREMENT, AUTO_INCREMENT=39;

--
-- AUTO_INCREMENT для таблицы `b_smile_set`
--
ALTER TABLE `b_smile_set`
  MODIFY `ID` int(18) NOT NULL AUTO_INCREMENT, AUTO_INCREMENT=3;

--
-- AUTO_INCREMENT для таблицы `b_socialservices_ap`
--
ALTER TABLE `b_socialservices_ap`
  MODIFY `ID` int(11) NOT NULL AUTO_INCREMENT;

--
-- AUTO_INCREMENT для таблицы `b_socialservices_contact`
--
ALTER TABLE `b_socialservices_contact`
  MODIFY `ID` int(11) NOT NULL AUTO_INCREMENT;

--
-- AUTO_INCREMENT для таблицы `b_socialservices_contact_connect`
--
ALTER TABLE `b_socialservices_contact_connect`
  MODIFY `ID` int(11) NOT NULL AUTO_INCREMENT;

--
-- AUTO_INCREMENT для таблицы `b_socialservices_message`
--
ALTER TABLE `b_socialservices_message`
  MODIFY `ID` int(11) NOT NULL AUTO_INCREMENT;

--
-- AUTO_INCREMENT для таблицы `b_socialservices_user`
--
ALTER TABLE `b_socialservices_user`
  MODIFY `ID` int(11) NOT NULL AUTO_INCREMENT;

--
-- AUTO_INCREMENT для таблицы `b_socialservices_user_link`
--
ALTER TABLE `b_socialservices_user_link`
  MODIFY `ID` int(11) NOT NULL AUTO_INCREMENT;

--
-- AUTO_INCREMENT для таблицы `b_sticker`
--
ALTER TABLE `b_sticker`
  MODIFY `ID` int(11) NOT NULL AUTO_INCREMENT;

--
-- AUTO_INCREMENT для таблицы `b_task`
--
ALTER TABLE `b_task`
  MODIFY `ID` int(18) NOT NULL AUTO_INCREMENT, AUTO_INCREMENT=44;

--
-- AUTO_INCREMENT для таблицы `b_urlpreview_metadata`
--
ALTER TABLE `b_urlpreview_metadata`
  MODIFY `ID` int(11) NOT NULL AUTO_INCREMENT;

--
-- AUTO_INCREMENT для таблицы `b_urlpreview_route`
--
ALTER TABLE `b_urlpreview_route`
  MODIFY `ID` int(11) NOT NULL AUTO_INCREMENT;

--
-- AUTO_INCREMENT для таблицы `b_user`
--
ALTER TABLE `b_user`
  MODIFY `ID` int(18) NOT NULL AUTO_INCREMENT, AUTO_INCREMENT=8;

--
-- AUTO_INCREMENT для таблицы `b_user_auth_action`
--
ALTER TABLE `b_user_auth_action`
  MODIFY `ID` int(11) NOT NULL AUTO_INCREMENT, AUTO_INCREMENT=13;

--
-- AUTO_INCREMENT для таблицы `b_user_field`
--
ALTER TABLE `b_user_field`
  MODIFY `ID` int(11) NOT NULL AUTO_INCREMENT, AUTO_INCREMENT=7;

--
-- AUTO_INCREMENT для таблицы `b_user_field_confirm`
--
ALTER TABLE `b_user_field_confirm`
  MODIFY `ID` int(18) NOT NULL AUTO_INCREMENT;

--
-- AUTO_INCREMENT для таблицы `b_user_field_enum`
--
ALTER TABLE `b_user_field_enum`
  MODIFY `ID` int(11) NOT NULL AUTO_INCREMENT;

--
-- AUTO_INCREMENT для таблицы `b_user_hit_auth`
--
ALTER TABLE `b_user_hit_auth`
  MODIFY `ID` int(18) NOT NULL AUTO_INCREMENT;

--
-- AUTO_INCREMENT для таблицы `b_user_option`
--
ALTER TABLE `b_user_option`
  MODIFY `ID` int(11) NOT NULL AUTO_INCREMENT, AUTO_INCREMENT=4689;

--
-- AUTO_INCREMENT для таблицы `b_user_profile_history`
--
ALTER TABLE `b_user_profile_history`
  MODIFY `ID` int(11) NOT NULL AUTO_INCREMENT;

--
-- AUTO_INCREMENT для таблицы `b_user_profile_record`
--
ALTER TABLE `b_user_profile_record`
  MODIFY `ID` int(11) NOT NULL AUTO_INCREMENT;

--
-- AUTO_INCREMENT для таблицы `b_user_stored_auth`
--
ALTER TABLE `b_user_stored_auth`
  MODIFY `ID` int(18) NOT NULL AUTO_INCREMENT, AUTO_INCREMENT=12;

--
-- AUTO_INCREMENT для таблицы `b_xml_tree`
--
ALTER TABLE `b_xml_tree`
  MODIFY `ID` int(11) NOT NULL AUTO_INCREMENT, AUTO_INCREMENT=153;

--
-- AUTO_INCREMENT для таблицы `eshop_color_reference`
--
ALTER TABLE `eshop_color_reference`
  MODIFY `ID` int(11) UNSIGNED NOT NULL AUTO_INCREMENT, AUTO_INCREMENT=9;

--
-- AUTO_INCREMENT для таблицы `startshop_currency`
--
ALTER TABLE `startshop_currency`
  MODIFY `ID` int(10) NOT NULL AUTO_INCREMENT, AUTO_INCREMENT=2;

--
-- AUTO_INCREMENT для таблицы `startshop_delivery`
--
ALTER TABLE `startshop_delivery`
  MODIFY `ID` int(10) NOT NULL AUTO_INCREMENT, AUTO_INCREMENT=3;

--
-- AUTO_INCREMENT для таблицы `startshop_form`
--
ALTER TABLE `startshop_form`
  MODIFY `ID` bigint(20) NOT NULL AUTO_INCREMENT, AUTO_INCREMENT=6;

--
-- AUTO_INCREMENT для таблицы `startshop_form_properties`
--
ALTER TABLE `startshop_form_properties`
  MODIFY `ID` bigint(20) NOT NULL AUTO_INCREMENT, AUTO_INCREMENT=19;

--
-- AUTO_INCREMENT для таблицы `startshop_form_results`
--
ALTER TABLE `startshop_form_results`
  MODIFY `ID` bigint(20) NOT NULL AUTO_INCREMENT, AUTO_INCREMENT=55;

--
-- AUTO_INCREMENT для таблицы `startshop_order`
--
ALTER TABLE `startshop_order`
  MODIFY `ID` bigint(20) NOT NULL AUTO_INCREMENT, AUTO_INCREMENT=40;

--
-- AUTO_INCREMENT для таблицы `startshop_order_properties`
--
ALTER TABLE `startshop_order_properties`
  MODIFY `ID` bigint(20) NOT NULL AUTO_INCREMENT, AUTO_INCREMENT=11;

--
-- AUTO_INCREMENT для таблицы `startshop_order_statuses`
--
ALTER TABLE `startshop_order_statuses`
  MODIFY `ID` bigint(20) NOT NULL AUTO_INCREMENT, AUTO_INCREMENT=6;

--
-- AUTO_INCREMENT для таблицы `startshop_payment`
--
ALTER TABLE `startshop_payment`
  MODIFY `ID` bigint(20) NOT NULL AUTO_INCREMENT, AUTO_INCREMENT=2;

--
-- AUTO_INCREMENT для таблицы `startshop_price`
--
ALTER TABLE `startshop_price`
  MODIFY `ID` int(10) NOT NULL AUTO_INCREMENT, AUTO_INCREMENT=2;
COMMIT;

